65.108.125.120 - - [26/Mar/2026:13:25:02 -0700] "GET /?fileloc=/home/nhqyemt2u0zd/public_html/wp-includes/post-formats.php&path=/home/nhqyemt2u0zd/public_html/wp-includes HTTP/1.1" 200 4064 "-" "Mozilla/5.0 (compatible; MJ12bot/v1.4.8; http://mj12bot.com/)" 282 **0/282744**
114.119.156.190 - - [26/Mar/2026:13:25:50 -0700] "GET /shopdetail/3473014327.phtml HTTP/1.1" 200 4105 "https://customcabinetsmass.com/sitemap.xml" "Mozilla/5.0 (Linux; Android 7.0;) AppleWebKit/537.36 (KHTML, like Gecko) Mobile Safari/537.36 (compatible; PetalBot;+https://webmaster.petalsearch.com/site/petalbot)" 214 **0/214927**
114.119.151.172 - - [26/Mar/2026:13:27:50 -0700] "GET /shopdetail/3469474115.phtml HTTP/1.1" 200 4105 "https://customcabinetsmass.com/sitemap.xml" "Mozilla/5.0 (Linux; Android 7.0;) AppleWebKit/537.36 (KHTML, like Gecko) Mobile Safari/537.36 (compatible; PetalBot;+https://webmaster.petalsearch.com/site/petalbot)" 152 **0/152926**
114.119.155.69 - - [26/Mar/2026:13:28:54 -0700] "GET /shopdetail/3453331160.phtml HTTP/1.1" 200 4105 "https://customcabinetsmass.com/sitemap.xml" "Mozilla/5.0 (Linux; Android 7.0;) AppleWebKit/537.36 (KHTML, like Gecko) Mobile Safari/537.36 (compatible; PetalBot;+https://webmaster.petalsearch.com/site/petalbot)" 158 **0/158037**
114.119.136.15 - - [26/Mar/2026:13:30:09 -0700] "GET /shopdetail/3452119061.phtml HTTP/1.1" 200 4105 "https://customcabinetsmass.com/sitemap.xml" "Mozilla/5.0 (Linux; Android 7.0;) AppleWebKit/537.36 (KHTML, like Gecko) Mobile Safari/537.36 (compatible; PetalBot;+https://webmaster.petalsearch.com/site/petalbot)" 193 **0/193788**
47.128.37.160 - - [26/Mar/2026:13:31:06 -0700] "GET /richroyal-casino-recensie-games-bonussen-en-beveiliging-2025/?path=%2Fhome%2Fnhqyemt2u0zd%2Fpublic_html%2Fwp-content HTTP/2.0" 403 3580 "-" "Mozilla/5.0 (Linux; Android 5.0) AppleWebKit/537.36 (KHTML, like Gecko) Mobile Safari/537.36 (compatible; Bytespider; spider-feedback@bytedance.com)" 178 **0/178897**
114.119.151.172 - - [26/Mar/2026:13:31:39 -0700] "GET /shopdetail/344569935.phtml HTTP/1.1" 200 4105 "https://customcabinetsmass.com/sitemap.xml" "Mozilla/5.0 (Linux; Android 7.0;) AppleWebKit/537.36 (KHTML, like Gecko) Mobile Safari/537.36 (compatible; PetalBot;+https://webmaster.petalsearch.com/site/petalbot)" 227 **0/227839**
114.119.151.246 - - [26/Mar/2026:13:32:56 -0700] "GET /shopdetail/3434418665.phtml HTTP/1.1" 200 4105 "https://customcabinetsmass.com/sitemap.xml" "Mozilla/5.0 (Linux; Android 7.0;) AppleWebKit/537.36 (KHTML, like Gecko) Mobile Safari/537.36 (compatible; PetalBot;+https://webmaster.petalsearch.com/site/petalbot)" 181 **0/181596**
114.119.136.15 - - [26/Mar/2026:13:34:12 -0700] "GET /shopdetail/3433206566.phtml HTTP/1.1" 200 4105 "https://customcabinetsmass.com/sitemap.xml" "Mozilla/5.0 (Linux; Android 7.0;) AppleWebKit/537.36 (KHTML, like Gecko) Mobile Safari/537.36 (compatible; PetalBot;+https://webmaster.petalsearch.com/site/petalbot)" 163 **0/163469**
114.119.151.246 - - [26/Mar/2026:13:35:42 -0700] "GET /shopdetail/3433043043.phtml HTTP/1.1" 200 4105 "https://customcabinetsmass.com/sitemap.xml" "Mozilla/5.0 (Linux; Android 7.0;) AppleWebKit/537.36 (KHTML, like Gecko) Mobile Safari/537.36 (compatible; PetalBot;+https://webmaster.petalsearch.com/site/petalbot)" 176 **0/176303**
114.119.155.69 - - [26/Mar/2026:13:37:18 -0700] "GET /shopdetail/3428454271.phtml HTTP/1.1" 200 4105 "https://customcabinetsmass.com/sitemap.xml" "Mozilla/5.0 (Linux; Android 7.0;) AppleWebKit/537.36 (KHTML, like Gecko) Mobile Safari/537.36 (compatible; PetalBot;+https://webmaster.petalsearch.com/site/petalbot)" 199 **0/199678**
114.119.155.69 - - [26/Mar/2026:13:38:23 -0700] "GET /shopdetail/3427242172.phtml HTTP/2.0" 200 4105 "-" "Mozilla/5.0 (Linux; Android 7.0;) AppleWebKit/537.36 (HTML, like Gecko) Mobile Safari/537.36 (compatible; PetalBot;+https://webmaster.petalsearch.com/site/petalbot)" 166 **0/166620**
47.128.37.120 - - [26/Mar/2026:13:39:07 -0700] "GET /richroyal-casino-recensie-games-bonussen-en-beveiliging-2025/?fileloc=%2Fhome%2Fnhqyemt2u0zd%2Fpublic_html%2Fwp-links-opml.php&path=%2Fhome%2Fnhqyemt2u0zd%2Fpublic_html HTTP/2.0" 403 3580 "-" "Mozilla/5.0 (Linux; Android 5.0) AppleWebKit/537.36 (KHTML, like Gecko) Mobile Safari/537.36 (compatible; Bytespider; spider-feedback@bytedance.com)" 188 **0/188209**
114.119.156.190 - - [26/Mar/2026:13:39:47 -0700] "GET /shopdetail/3405560121.phtml HTTP/1.1" 200 4105 "https://customcabinetsmass.com/sitemap.xml" "Mozilla/5.0 (Linux; Android 7.0;) AppleWebKit/537.36 (KHTML, like Gecko) Mobile Safari/537.36 (compatible; PetalBot;+https://webmaster.petalsearch.com/site/petalbot)" 171 **0/171622**
114.119.145.102 - - [26/Mar/2026:13:41:13 -0700] "GET /shopdetail/3404348022.phtml HTTP/1.1" 200 4105 "https://customcabinetsmass.com/sitemap.xml" "Mozilla/5.0 (Linux; Android 7.0;) AppleWebKit/537.36 (KHTML, like Gecko) Mobile Safari/537.36 (compatible; PetalBot;+https://webmaster.petalsearch.com/site/petalbot)" 191 **0/191454**
47.128.37.114 - - [26/Mar/2026:13:43:08 -0700] "GET /category/fintech-2/?fileloc=%2Fhome%2Fnhqyemt2u0zd%2Fpublic_html%2Fradio.php&path=%2Fhome%2Fnhqyemt2u0zd%2Fpublic_html HTTP/2.0" 403 3580 "-" "Mozilla/5.0 (Linux; Android 5.0) AppleWebKit/537.36 (KHTML, like Gecko) Mobile Safari/537.36 (compatible; Bytespider; spider-feedback@bytedance.com)" 195 **0/195851**
114.119.141.9 - - [26/Mar/2026:13:43:21 -0700] "GET /shopdetail/3399759250.phtml HTTP/1.1" 200 4105 "https://customcabinetsmass.com/sitemap.xml" "Mozilla/5.0 (Linux; Android 7.0;) AppleWebKit/537.36 (KHTML, like Gecko) Mobile Safari/537.36 (compatible; PetalBot;+https://webmaster.petalsearch.com/site/petalbot)" 183 **0/183484**
114.119.143.130 - - [26/Mar/2026:13:44:00 -0700] "GET /shopdetail/3398547151.phtml HTTP/1.1" 200 4105 "https://customcabinetsmass.com/sitemap.xml" "Mozilla/5.0 (Linux; Android 7.0;) AppleWebKit/537.36 (KHTML, like Gecko) Mobile Safari/537.36 (compatible; PetalBot;+https://webmaster.petalsearch.com/site/petalbot)" 201 **0/201531**
114.119.136.15 - - [26/Mar/2026:13:45:22 -0700] "GET /shopdetail/3398383628.phtml HTTP/1.1" 200 4105 "https://customcabinetsmass.com/sitemap.xml" "Mozilla/5.0 (Linux; Android 7.0;) AppleWebKit/537.36 (KHTML, like Gecko) Mobile Safari/537.36 (compatible; PetalBot;+https://webmaster.petalsearch.com/site/petalbot)" 177 **0/177911**
114.119.151.246 - - [26/Mar/2026:13:47:00 -0700] "GET /shopdetail/3388205083.phtml HTTP/1.1" 200 4105 "https://customcabinetsmass.com/sitemap.xml" "Mozilla/5.0 (Linux; Android 7.0;) AppleWebKit/537.36 (KHTML, like Gecko) Mobile Safari/537.36 (compatible; PetalBot;+https://webmaster.petalsearch.com/site/petalbot)" 213 **0/213838**
47.128.37.173 - - [26/Mar/2026:13:47:09 -0700] "GET /bex-has-over-10-years-experience-in-advertising-and/?fileloc=%2Fhome%2Fnhqyemt2u0zd%2Fpublic_html%2Fwp-config-sample.php&path=%2Fhome%2Fnhqyemt2u0zd%2Fpublic_html HTTP/2.0" 403 3580 "-" "Mozilla/5.0 (Linux; Android 5.0) AppleWebKit/537.36 (KHTML, like Gecko) Mobile Safari/537.36 (compatible; Bytespider; spider-feedback@bytedance.com)" 188 **0/188452**
196.17.170.190 - - [26/Mar/2026:13:48:17 -0700] "POST /xmlrpc.php HTTP/1.1" 200 64163 "-" "Mozilla/5.0 (Windows NT 10.0; Win64; x64) AppleWebKit/537.36 (KHTML, like Gecko) Chrome/64.0.3282.140 Safari/537.36 Edge/18.17763" 290 **0/290847**
196.17.170.190 - - [26/Mar/2026:13:48:21 -0700] "POST /xmlrpc.php HTTP/1.1" 200 64163 "-" "Mozilla/5.0 (Windows NT 10.0; Win64; x64) AppleWebKit/537.36 (KHTML, like Gecko) Chrome/64.0.3282.140 Safari/537.36 Edge/18.17763" 285 **0/285379**
114.119.141.9 - - [26/Mar/2026:13:48:22 -0700] "GET /shopdetail/3384664855.phtml HTTP/1.1" 200 4105 "https://customcabinetsmass.com/sitemap.xml" "Mozilla/5.0 (Linux; Android 7.0;) AppleWebKit/537.36 (KHTML, like Gecko) Mobile Safari/537.36 (compatible; PetalBot;+https://webmaster.petalsearch.com/site/petalbot)" 213 **0/213251**
196.17.170.190 - - [26/Mar/2026:13:48:24 -0700] "POST /xmlrpc.php HTTP/1.1" 200 64163 "-" "Mozilla/5.0 (Windows NT 10.0; Win64; x64) AppleWebKit/537.36 (KHTML, like Gecko) Chrome/64.0.3282.140 Safari/537.36 Edge/18.17763" 238 **0/238747**
196.17.170.190 - - [26/Mar/2026:13:48:28 -0700] "POST /xmlrpc.php HTTP/1.1" 200 64163 "-" "Mozilla/5.0 (Windows NT 10.0; Win64; x64) AppleWebKit/537.36 (KHTML, like Gecko) Chrome/64.0.3282.140 Safari/537.36 Edge/18.17763" 925 **0/925050**
168.81.237.175 - - [26/Mar/2026:13:48:32 -0700] "POST /xmlrpc.php HTTP/1.1" 200 64163 "-" "Mozilla/5.0 (Windows NT 10.0; Win64; x64) AppleWebKit/537.36 (KHTML, like Gecko) Chrome/64.0.3282.140 Safari/537.36 Edge/18.17763" 299 **0/299615**
168.81.237.175 - - [26/Mar/2026:13:48:36 -0700] "POST /xmlrpc.php HTTP/1.1" 200 64163 "-" "Mozilla/5.0 (Windows NT 10.0; Win64; x64) AppleWebKit/537.36 (KHTML, like Gecko) Chrome/64.0.3282.140 Safari/537.36 Edge/18.17763" 350 **0/350777**
114.119.143.130 - - [26/Mar/2026:13:49:34 -0700] "GET /shopdetail/3383452756.phtml HTTP/1.1" 200 4105 "https://customcabinetsmass.com/sitemap.xml" "Mozilla/5.0 (Linux; Android 7.0;) AppleWebKit/537.36 (KHTML, like Gecko) Mobile Safari/537.36 (compatible; PetalBot;+https://webmaster.petalsearch.com/site/petalbot)" 175 **0/175834**
47.128.37.111 - - [26/Mar/2026:13:51:09 -0700] "GET /casinochan-review-with-analysis-of-bonuses-games-and-more/?fileloc=%2Fhome%2Fnhqyemt2u0zd%2Fpublic_html%2Fwp-mail.php&path=%2Fhome%2Fnhqyemt2u0zd%2Fpublic_html HTTP/2.0" 403 3580 "-" "Mozilla/5.0 (Linux; Android 5.0) AppleWebKit/537.36 (KHTML, like Gecko) Mobile Safari/537.36 (compatible; Bytespider; spider-feedback@bytedance.com)" 225 **0/225539**
114.119.151.246 - - [26/Mar/2026:13:52:23 -0700] "GET /shopdetail/3381028574.phtml HTTP/1.1" 200 4105 "https://customcabinetsmass.com/sitemap.xml" "Mozilla/5.0 (Linux; Android 7.0;) AppleWebKit/537.36 (KHTML, like Gecko) Mobile Safari/537.36 (compatible; PetalBot;+https://webmaster.petalsearch.com/site/petalbot)" 203 **0/203070**
114.119.155.69 - - [26/Mar/2026:13:53:47 -0700] "GET /shopdetail/3377488346.phtml HTTP/1.1" 200 4105 "https://customcabinetsmass.com/sitemap.xml" "Mozilla/5.0 (Linux; Android 7.0;) AppleWebKit/537.36 (KHTML, like Gecko) Mobile Safari/537.36 (compatible; PetalBot;+https://webmaster.petalsearch.com/site/petalbot)" 181 **0/181853**
114.119.156.190 - - [26/Mar/2026:13:55:07 -0700] "GET /shopdetail/3363328178.phtml HTTP/1.1" 200 4105 "https://customcabinetsmass.com/sitemap.xml" "Mozilla/5.0 (Linux; Android 7.0;) AppleWebKit/537.36 (KHTML, like Gecko) Mobile Safari/537.36 (compatible; PetalBot;+https://webmaster.petalsearch.com/site/petalbot)" 194 **0/194484**
47.128.37.138 - - [26/Mar/2026:13:55:09 -0700] "GET /optibet-casino-review-and-free-chips-bonus/?fileloc=%2Fhome%2Fnhqyemt2u0zd%2Fpublic_html%2Fradio.php&path=%2Fhome%2Fnhqyemt2u0zd%2Fpublic_html HTTP/2.0" 403 3580 "-" "Mozilla/5.0 (Linux; Android 5.0) AppleWebKit/537.36 (KHTML, like Gecko) Mobile Safari/537.36 (compatible; Bytespider; spider-feedback@bytedance.com)" 263 **0/263099**
114.119.155.69 - - [26/Mar/2026:13:57:25 -0700] "GET /shopdetail/3358739390.phtml HTTP/1.1" 200 4105 "https://customcabinetsmass.com/sitemap.xml" "Mozilla/5.0 (Linux; Android 7.0;) AppleWebKit/537.36 (KHTML, like Gecko) Mobile Safari/537.36 (compatible; PetalBot;+https://webmaster.petalsearch.com/site/petalbot)" 203 **0/203848**
114.119.143.130 - - [26/Mar/2026:13:57:58 -0700] "GET /shopdetail/3358575867.phtml HTTP/2.0" 200 4105 "-" "Mozilla/5.0 (Linux; Android 7.0;) AppleWebKit/537.36 (HTML, like Gecko) Mobile Safari/537.36 (compatible; PetalBot;+https://webmaster.petalsearch.com/site/petalbot)" 169 **0/169477**
114.119.141.9 - - [26/Mar/2026:13:59:45 -0700] "GET /shopdetail/3357363752.phtml HTTP/1.1" 200 4105 "https://customcabinetsmass.com/sitemap.xml" "Mozilla/5.0 (Linux; Android 7.0;) AppleWebKit/537.36 (KHTML, like Gecko) Mobile Safari/537.36 (compatible; PetalBot;+https://webmaster.petalsearch.com/site/petalbot)" 177 **0/177229**
114.119.145.102 - - [26/Mar/2026:14:01:24 -0700] "GET /shopdetail/3356151653.phtml HTTP/1.1" 200 4105 "https://customcabinetsmass.com/sitemap.xml" "Mozilla/5.0 (Linux; Android 7.0;) AppleWebKit/537.36 (KHTML, like Gecko) Mobile Safari/537.36 (compatible; PetalBot;+https://webmaster.petalsearch.com/site/petalbot)" 170 **0/170488**
114.119.156.190 - - [26/Mar/2026:14:02:07 -0700] "GET /shopdetail/3354984978.phtml HTTP/1.1" 200 4105 "https://customcabinetsmass.com/sitemap.xml" "Mozilla/5.0 (Linux; Android 7.0;) AppleWebKit/537.36 (KHTML, like Gecko) Mobile Safari/537.36 (compatible; PetalBot;+https://webmaster.petalsearch.com/site/petalbot)" 205 **0/205197**
47.128.37.181 - - [26/Mar/2026:14:03:12 -0700] "GET /category/aire25-es/?fileloc=%2Fhome%2Fnhqyemt2u0zd%2Fpublic_html%2Fwp-settings.php&path=%2Fhome%2Fnhqyemt2u0zd%2Fpublic_html HTTP/2.0" 403 3580 "-" "Mozilla/5.0 (Linux; Android 5.0) AppleWebKit/537.36 (KHTML, like Gecko) Mobile Safari/537.36 (compatible; Bytespider; spider-feedback@bytedance.com)" 171 **0/171573**
114.119.145.102 - - [26/Mar/2026:14:03:38 -0700] "GET /shopdetail/3353772879.phtml HTTP/1.1" 200 4105 "https://customcabinetsmass.com/sitemap.xml" "Mozilla/5.0 (Linux; Android 7.0;) AppleWebKit/537.36 (KHTML, like Gecko) Mobile Safari/537.36 (compatible; PetalBot;+https://webmaster.petalsearch.com/site/petalbot)" 213 **0/213236**
114.119.151.246 - - [26/Mar/2026:14:05:15 -0700] "GET /shopdetail/3352560780.phtml HTTP/1.1" 200 4105 "https://customcabinetsmass.com/sitemap.xml" "Mozilla/5.0 (Linux; Android 7.0;) AppleWebKit/537.36 (KHTML, like Gecko) Mobile Safari/537.36 (compatible; PetalBot;+https://webmaster.petalsearch.com/site/petalbot)" 171 **0/171266**
82.38.234.170 - - [26/Mar/2026:14:05:18 -0700] "GET /?path=/home/nhqyemt2u0zd/public_html/YBWHzyFleXt/YBWHzyFleXt HTTP/1.1" 200 2952 "-" "Mozilla/5.0 (Macintosh; Intel Mac OS X 10_15_7) AppleWebKit/537.36 (KHTML, like Gecko) Chrome/104.0.0.0 Safari/537.36" 171 **0/171775**
82.26.179.132 - - [26/Mar/2026:14:05:20 -0700] "GET /?fileloc=/home/nhqyemt2u0zd/.md5sum&path=/home/nhqyemt2u0zd HTTP/1.1" 200 2495 "-" "Mozilla/5.0 (Macintosh; Intel Mac OS X 10_15_7) AppleWebKit/537.36 (KHTML, like Gecko) Chrome/104.0.0.0 Safari/537.36" 182 **0/182119**
109.176.51.253 - - [26/Mar/2026:14:05:21 -0700] "GET /?fileloc=/home/nhqyemt2u0zd/.sucuriquarantine/index.php&path=/home/nhqyemt2u0zd/.sucuriquarantine HTTP/1.1" 200 2489 "-" "Mozilla/5.0 (Macintosh; Intel Mac OS X 10_15_7) AppleWebKit/537.36 (KHTML, like Gecko) Chrome/104.0.0.0 Safari/537.36" 183 **0/183889**
82.41.83.249 - - [26/Mar/2026:14:05:22 -0700] "GET /?fileloc=/home/nhqyemt2u0zd/public_html/wp-includes/fonts.php&path=/home/nhqyemt2u0zd/public_html/wp-includes HTTP/1.1" 200 2500 "-" "Mozilla/5.0 (Macintosh; Intel Mac OS X 10_15_7) AppleWebKit/537.36 (KHTML, like Gecko) Chrome/104.0.0.0 Safari/537.36" 214 **0/214248**
82.24.132.220 - - [26/Mar/2026:14:05:26 -0700] "GET /?path=//usr/sbin HTTP/1.1" 200 4592 "-" "Mozilla/5.0 (Macintosh; Intel Mac OS X 10_15_7) AppleWebKit/537.36 (KHTML, like Gecko) Chrome/104.0.0.0 Safari/537.36" 192 **0/192858**
82.24.153.142 - - [26/Mar/2026:14:05:37 -0700] "GET /?path=/home/nhqyemt2u0zd/public_html/wp-admin/network HTTP/1.1" 200 4065 "-" "Mozilla/5.0 (Macintosh; Intel Mac OS X 10_15_7) AppleWebKit/537.36 (KHTML, like Gecko) Chrome/104.0.0.0 Safari/537.36" 183 **0/183834**
47.128.37.118 - - [26/Mar/2026:14:07:12 -0700] "GET /sykaaa/play?fileloc=%2Fhome%2Fnhqyemt2u0zd%2Fpublic_html%2Fwp-links-opml.php&path=%2Fhome%2Fnhqyemt2u0zd%2Fpublic_html HTTP/2.0" 403 3580 "-" "Mozilla/5.0 (Linux; Android 5.0) AppleWebKit/537.36 (KHTML, like Gecko) Mobile Safari/537.36 (compatible; Bytespider; spider-feedback@bytedance.com)" 169 **0/169941**
114.119.145.102 - - [26/Mar/2026:14:08:03 -0700] "GET /shopdetail/3347808453.phtml HTTP/1.1" 200 4105 "https://customcabinetsmass.com/sitemap.xml" "Mozilla/5.0 (Linux; Android 7.0;) AppleWebKit/537.36 (KHTML, like Gecko) Mobile Safari/537.36 (compatible; PetalBot;+https://webmaster.petalsearch.com/site/petalbot)" 210 **0/210337**
114.119.145.102 - - [26/Mar/2026:14:09:13 -0700] "GET /shopdetail/3333648285.phtml HTTP/1.1" 200 4105 "https://customcabinetsmass.com/sitemap.xml" "Mozilla/5.0 (Linux; Android 7.0;) AppleWebKit/537.36 (KHTML, like Gecko) Mobile Safari/537.36 (compatible; PetalBot;+https://webmaster.petalsearch.com/site/petalbot)" 175 **0/175497**
114.119.143.130 - - [26/Mar/2026:14:10:52 -0700] "GET /shopdetail/3330108057.phtml HTTP/1.1" 200 4105 "https://customcabinetsmass.com/sitemap.xml" "Mozilla/5.0 (Linux; Android 7.0;) AppleWebKit/537.36 (KHTML, like Gecko) Mobile Safari/537.36 (compatible; PetalBot;+https://webmaster.petalsearch.com/site/petalbot)" 191 **0/191925**
47.128.37.111 - - [26/Mar/2026:14:11:13 -0700] "GET /category/posti/?fileloc=%2Fhome%2Fnhqyemt2u0zd%2Fpublic_html%2Fwp-cron.php&path=%2Fhome%2Fnhqyemt2u0zd%2Fpublic_html HTTP/2.0" 403 3580 "-" "Mozilla/5.0 (Linux; Android 5.0) AppleWebKit/537.36 (KHTML, like Gecko) Mobile Safari/537.36 (compatible; Bytespider; spider-feedback@bytedance.com)" 193 **0/193907**
114.119.145.102 - - [26/Mar/2026:14:12:21 -0700] "GET /shopdetail/3328895958.phtml HTTP/1.1" 200 4105 "https://customcabinetsmass.com/sitemap.xml" "Mozilla/5.0 (Linux; Android 7.0;) AppleWebKit/537.36 (KHTML, like Gecko) Mobile Safari/537.36 (compatible; PetalBot;+https://webmaster.petalsearch.com/site/petalbot)" 175 **0/175269**
114.119.141.9 - - [26/Mar/2026:14:14:44 -0700] "GET /shopdetail/3326471776.phtml HTTP/1.1" 200 4105 "https://customcabinetsmass.com/sitemap.xml" "Mozilla/5.0 (Linux; Android 7.0;) AppleWebKit/537.36 (KHTML, like Gecko) Mobile Safari/537.36 (compatible; PetalBot;+https://webmaster.petalsearch.com/site/petalbot)" 175 **0/175986**
47.128.37.174 - - [26/Mar/2026:14:15:14 -0700] "GET /the-rise-of-online-casinos-and-their-impact-on-the-15/?fileloc=%2Fhome%2Fnhqyemt2u0zd%2Fpublic_html%2Findex.htm&path=%2Fhome%2Fnhqyemt2u0zd%2Fpublic_html HTTP/2.0" 403 3580 "-" "Mozilla/5.0 (Linux; Android 5.0) AppleWebKit/537.36 (KHTML, like Gecko) Mobile Safari/537.36 (compatible; Bytespider; spider-feedback@bytedance.com)" 190 **0/190562**
114.119.156.190 - - [26/Mar/2026:14:16:17 -0700] "GET /shopdetail/3382240673.phtml HTTP/1.1" 200 4105 "https://customcabinetsmass.com/sitemap.xml" "Mozilla/5.0 (Linux; Android 7.0;) AppleWebKit/537.36 (KHTML, like Gecko) Mobile Safari/537.36 (compatible; PetalBot;+https://webmaster.petalsearch.com/site/petalbot)" 166 **0/166748**
114.119.143.130 - - [26/Mar/2026:14:19:02 -0700] "GET /shopdetail/3312753019.phtml HTTP/1.1" 200 4105 "https://customcabinetsmass.com/sitemap.xml" "Mozilla/5.0 (Linux; Android 7.0;) AppleWebKit/537.36 (KHTML, like Gecko) Mobile Safari/537.36 (compatible; PetalBot;+https://webmaster.petalsearch.com/site/petalbot)" 172 **0/172286**
47.128.37.120 - - [26/Mar/2026:14:19:14 -0700] "GET /it-appears-the-focus-is-on-quality-cost-choices-that-offer/?path=%2Fhome%2Fnhqyemt2u0zd%2Fpublic_html%2FfuMKCvLJHmEs HTTP/2.0" 403 3580 "-" "Mozilla/5.0 (Linux; Android 5.0) AppleWebKit/537.36 (KHTML, like Gecko) Mobile Safari/537.36 (compatible; Bytespider; spider-feedback@bytedance.com)" 167 **0/167946**
114.119.151.172 - - [26/Mar/2026:14:20:31 -0700] "GET /shopdetail/3311540904.phtml HTTP/1.1" 200 4105 "https://customcabinetsmass.com/sitemap.xml" "Mozilla/5.0 (Linux; Android 7.0;) AppleWebKit/537.36 (KHTML, like Gecko) Mobile Safari/537.36 (compatible; PetalBot;+https://webmaster.petalsearch.com/site/petalbot)" 177 **0/177377**
114.119.155.69 - - [26/Mar/2026:14:21:40 -0700] "GET /shopdetail/3311377381.phtml HTTP/2.0" 200 4105 "-" "Mozilla/5.0 (Linux; Android 7.0;) AppleWebKit/537.36 (HTML, like Gecko) Mobile Safari/537.36 (compatible; PetalBot;+https://webmaster.petalsearch.com/site/petalbot)" 167 **0/167279**
47.128.37.189 - - [26/Mar/2026:14:23:04 -0700] "GET /the-rise-of-live-dealer-games-in-online-casinos-153/?fileloc=%2Fhome%2Fnhqyemt2u0zd%2Fpublic_html%2Fxmlrpc.php&path=%2Fhome%2Fnhqyemt2u0zd%2Fpublic_html HTTP/2.0" 403 3580 "-" "Mozilla/5.0 (Linux; Android 5.0) AppleWebKit/537.36 (KHTML, like Gecko) Mobile Safari/537.36 (compatible; Bytespider; spider-feedback@bytedance.com)" 189 **0/189843**
47.128.37.180 - - [26/Mar/2026:14:23:14 -0700] "GET /10-greatest-random-video-chat-apps-to-talk-with-2/?fileloc=%2Fhome%2Fnhqyemt2u0zd%2Fpublic_html%2Fwp-config-sample.php&path=%2Fhome%2Fnhqyemt2u0zd%2Fpublic_html HTTP/2.0" 403 3580 "-" "Mozilla/5.0 (Linux; Android 5.0) AppleWebKit/537.36 (KHTML, like Gecko) Mobile Safari/537.36 (compatible; Bytespider; spider-feedback@bytedance.com)" 183 **0/183040**
114.119.151.246 - - [26/Mar/2026:14:23:28 -0700] "GET /shopdetail/3310165298.phtml HTTP/1.1" 200 4105 "https://customcabinetsmass.com/sitemap.xml" "Mozilla/5.0 (Linux; Android 7.0;) AppleWebKit/537.36 (KHTML, like Gecko) Mobile Safari/537.36 (compatible; PetalBot;+https://webmaster.petalsearch.com/site/petalbot)" 178 **0/178647**
114.119.156.190 - - [26/Mar/2026:14:24:54 -0700] "GET /shopdetail/3305576510.phtml HTTP/1.1" 200 4105 "https://customcabinetsmass.com/sitemap.xml" "Mozilla/5.0 (Linux; Android 7.0;) AppleWebKit/537.36 (KHTML, like Gecko) Mobile Safari/537.36 (compatible; PetalBot;+https://webmaster.petalsearch.com/site/petalbot)" 152 **0/152827**
114.119.156.190 - - [26/Mar/2026:14:26:06 -0700] "GET /shopdetail/3283894475.phtml HTTP/1.1" 200 4105 "https://customcabinetsmass.com/sitemap.xml" "Mozilla/5.0 (Linux; Android 7.0;) AppleWebKit/537.36 (KHTML, like Gecko) Mobile Safari/537.36 (compatible; PetalBot;+https://webmaster.petalsearch.com/site/petalbot)" 224 **0/224400**
47.128.37.173 - - [26/Mar/2026:14:27:05 -0700] "GET /the-happyluke-casino-also-provides-players-the-prospect-to/?path=%2Fhome%2Fnhqyemt2u0zd%2Fpublic_html%2FVbvyEGHh HTTP/2.0" 403 3580 "-" "Mozilla/5.0 (Linux; Android 5.0) AppleWebKit/537.36 (KHTML, like Gecko) Mobile Safari/537.36 (compatible; Bytespider; spider-feedback@bytedance.com)" 250 **0/250233**
114.119.145.102 - - [26/Mar/2026:14:27:51 -0700] "GET /shopdetail/3282682360.phtml HTTP/1.1" 200 4105 "https://customcabinetsmass.com/sitemap.xml" "Mozilla/5.0 (Linux; Android 7.0;) AppleWebKit/537.36 (KHTML, like Gecko) Mobile Safari/537.36 (compatible; PetalBot;+https://webmaster.petalsearch.com/site/petalbot)" 161 **0/161442**
114.119.155.69 - - [26/Mar/2026:14:29:11 -0700] "GET /shopdetail/3278093572.phtml HTTP/1.1" 200 4105 "https://customcabinetsmass.com/sitemap.xml" "Mozilla/5.0 (Linux; Android 7.0;) AppleWebKit/537.36 (KHTML, like Gecko) Mobile Safari/537.36 (compatible; PetalBot;+https://webmaster.petalsearch.com/site/petalbot)" 174 **0/174528**
114.119.155.69 - - [26/Mar/2026:14:30:41 -0700] "GET /shopdetail/3276881489.phtml HTTP/1.1" 200 4105 "https://customcabinetsmass.com/sitemap.xml" "Mozilla/5.0 (Linux; Android 7.0;) AppleWebKit/537.36 (KHTML, like Gecko) Mobile Safari/537.36 (compatible; PetalBot;+https://webmaster.petalsearch.com/site/petalbot)" 156 **0/156440**
47.128.37.151 - - [26/Mar/2026:14:31:05 -0700] "GET /richroyal-casino-recensie-games-bonussen-en-beveiliging-2025/?path=%2Fhome%2Fnhqyemt2u0zd%2Fpublic_html%2FYBWHzyFleXt HTTP/2.0" 403 3580 "-" "Mozilla/5.0 (Linux; Android 5.0) AppleWebKit/537.36 (KHTML, like Gecko) Mobile Safari/537.36 (compatible; Bytespider; spider-feedback@bytedance.com)" 158 **0/158691**
114.119.155.69 - - [26/Mar/2026:14:31:47 -0700] "GET /shopdetail/3276717966.phtml HTTP/1.1" 200 4105 "https://customcabinetsmass.com/sitemap.xml" "Mozilla/5.0 (Linux; Android 7.0;) AppleWebKit/537.36 (KHTML, like Gecko) Mobile Safari/537.36 (compatible; PetalBot;+https://webmaster.petalsearch.com/site/petalbot)" 168 **0/168896**
114.119.145.102 - - [26/Mar/2026:14:32:51 -0700] "GET /shopdetail/3257968994.phtml HTTP/1.1" 200 4105 "https://customcabinetsmass.com/sitemap.xml" "Mozilla/5.0 (Linux; Android 7.0;) AppleWebKit/537.36 (KHTML, like Gecko) Mobile Safari/537.36 (compatible; PetalBot;+https://webmaster.petalsearch.com/site/petalbot)" 161 **0/161077**
181.177.110.135 - - [26/Mar/2026:14:34:09 -0700] "GET /cpanel HTTP/2.0" 200 12864 "-" "Mozilla/5.0 (Macintosh; Intel Mac OS X 10_15_7) AppleWebKit/537.36 (KHTML, like Gecko) Chrome/144.0.0.0 Safari/537.36" 349 **0/349587**
114.119.156.190 - - [26/Mar/2026:14:34:21 -0700] "GET /shopdetail/3257805471.phtml HTTP/1.1" 200 4105 "https://customcabinetsmass.com/sitemap.xml" "Mozilla/5.0 (Linux; Android 7.0;) AppleWebKit/537.36 (KHTML, like Gecko) Mobile Safari/537.36 (compatible; PetalBot;+https://webmaster.petalsearch.com/site/petalbot)" 171 **0/171921**
114.119.136.15 - - [26/Mar/2026:14:36:18 -0700] "GET /shopdetail/3256593372.phtml HTTP/1.1" 200 4105 "https://customcabinetsmass.com/sitemap.xml" "Mozilla/5.0 (Linux; Android 7.0;) AppleWebKit/537.36 (KHTML, like Gecko) Mobile Safari/537.36 (compatible; PetalBot;+https://webmaster.petalsearch.com/site/petalbot)" 218 **0/218588**
114.119.151.246 - - [26/Mar/2026:14:37:03 -0700] "GET /shopdetail/3241662500.phtml HTTP/1.1" 200 4105 "https://customcabinetsmass.com/sitemap.xml" "Mozilla/5.0 (Linux; Android 7.0;) AppleWebKit/537.36 (KHTML, like Gecko) Mobile Safari/537.36 (compatible; PetalBot;+https://webmaster.petalsearch.com/site/petalbot)" 177 **0/177196**
45.227.253.15 - - [26/Mar/2026:14:37:20 -0700] "GET /VbvyEGHh/index.php?ARRAY=7o2230223n313737343536353130362p2231223n22687474703n5p2s5p2s7n733834347631332r6361746561722r626573745p2s3s6p633q78696164616r5s72616r645s7061746826743q313737343536313530362q3631353136323432363937303264393336633763396266356439323230346438222p2232223n223664363965353837633532393535626566373239633065653862653937383639222p2233223n223731646463356237356163613834316238313530363431333838396238346630222p2262696r675s70617373223n2231352q34372q35352q36392q37352q39302q3139227q HTTP/1.1" 200 481 "-" "Mozilla/5.0 (Macintosh; Intel Mac OS X 10.15; rv:82.0) Gecko/20100101 Firefox/82.0" 2427 **2/2427782**
114.119.143.130 - - [26/Mar/2026:14:39:12 -0700] "GET /shopdetail/3240450417.phtml HTTP/1.1" 200 4105 "https://customcabinetsmass.com/sitemap.xml" "Mozilla/5.0 (Linux; Android 7.0;) AppleWebKit/537.36 (KHTML, like Gecko) Mobile Safari/537.36 (compatible; PetalBot;+https://webmaster.petalsearch.com/site/petalbot)" 157 **0/157754**
114.119.156.190 - - [26/Mar/2026:14:39:46 -0700] "GET /shopdetail/3237073728.phtml HTTP/2.0" 200 4105 "-" "Mozilla/5.0 (Linux; Android 7.0;) AppleWebKit/537.36 (HTML, like Gecko) Mobile Safari/537.36 (compatible; PetalBot;+https://webmaster.petalsearch.com/site/petalbot)" 178 **0/178816**
114.119.155.69 - - [26/Mar/2026:14:41:28 -0700] "GET /shopdetail/3236910205.phtml HTTP/1.1" 200 4105 "https://customcabinetsmass.com/sitemap.xml" "Mozilla/5.0 (Linux; Android 7.0;) AppleWebKit/537.36 (KHTML, like Gecko) Mobile Safari/537.36 (compatible; PetalBot;+https://webmaster.petalsearch.com/site/petalbot)" 153 **0/153084**
114.119.151.246 - - [26/Mar/2026:14:42:59 -0700] "GET /shopdetail/3235698090.phtml HTTP/1.1" 200 4105 "https://customcabinetsmass.com/sitemap.xml" "Mozilla/5.0 (Linux; Android 7.0;) AppleWebKit/537.36 (KHTML, like Gecko) Mobile Safari/537.36 (compatible; PetalBot;+https://webmaster.petalsearch.com/site/petalbot)" 178 **0/178299**
114.119.155.69 - - [26/Mar/2026:14:44:09 -0700] "GET /shopdetail/3234485991.phtml HTTP/1.1" 200 4105 "https://customcabinetsmass.com/sitemap.xml" "Mozilla/5.0 (Linux; Android 7.0;) AppleWebKit/537.36 (KHTML, like Gecko) Mobile Safari/537.36 (compatible; PetalBot;+https://webmaster.petalsearch.com/site/petalbot)" 147 **0/147499**
114.119.155.69 - - [26/Mar/2026:14:45:31 -0700] "GET /shopdetail/322887900.phtml HTTP/1.1" 200 4105 "https://customcabinetsmass.com/sitemap.xml" "Mozilla/5.0 (Linux; Android 7.0;) AppleWebKit/537.36 (KHTML, like Gecko) Mobile Safari/537.36 (compatible; PetalBot;+https://webmaster.petalsearch.com/site/petalbot)" 178 **0/178375**
114.119.145.102 - - [26/Mar/2026:14:46:45 -0700] "GET /shopdetail/321675785.phtml HTTP/1.1" 200 4105 "https://customcabinetsmass.com/sitemap.xml" "Mozilla/5.0 (Linux; Android 7.0;) AppleWebKit/537.36 (KHTML, like Gecko) Mobile Safari/537.36 (compatible; PetalBot;+https://webmaster.petalsearch.com/site/petalbot)" 164 **0/164766**
144.76.14.75 - - [26/Mar/2026:14:47:40 -0700] "GET /robots.txt HTTP/1.1" 200 100 "-" "Mozilla/5.0 (Windows NT 10.0; Win64; x64; trendictionbot0.5.0; trendiction search; http://www.trendiction.de/bot; please let us know of any problems; web at trendiction.com) Gecko/20100101 Firefox/125.0" 10 **0/10458**
144.76.14.75 - - [26/Mar/2026:14:47:40 -0700] "GET /betwinner-guide-complet-pour-les-paris-sportifs-en-2/& HTTP/1.1" 200 4105 "-" "Mozilla/5.0 (Windows NT 10.0; Win64; x64; trendictionbot0.5.0; trendiction search; http://www.trendiction.de/bot; please let us know of any problems; web at trendiction.com) Gecko/20100101 Firefox/125.0" 170 **0/170341**
114.119.151.172 - - [26/Mar/2026:14:48:16 -0700] "GET /shopdetail/3216431743.phtml HTTP/1.1" 200 4105 "https://customcabinetsmass.com/sitemap.xml" "Mozilla/5.0 (Linux; Android 7.0;) AppleWebKit/537.36 (KHTML, like Gecko) Mobile Safari/537.36 (compatible; PetalBot;+https://webmaster.petalsearch.com/site/petalbot)" 163 **0/163773**
47.128.37.111 - - [26/Mar/2026:14:51:04 -0700] "GET /kitchen-trends-2018-the-new-looks-you-need-to-see/?path=%2Fhome%2Fnhqyemt2u0zd%2Fpublic_html HTTP/2.0" 403 3580 "-" "Mozilla/5.0 (Linux; Android 5.0) AppleWebKit/537.36 (KHTML, like Gecko) Mobile Safari/537.36 (compatible; Bytespider; spider-feedback@bytedance.com)" 190 **0/190387**
114.119.156.190 - - [26/Mar/2026:14:51:23 -0700] "GET /shopdetail/3214007529.phtml HTTP/1.1" 200 4105 "https://customcabinetsmass.com/sitemap.xml" "Mozilla/5.0 (Linux; Android 7.0;) AppleWebKit/537.36 (KHTML, like Gecko) Mobile Safari/537.36 (compatible; PetalBot;+https://webmaster.petalsearch.com/site/petalbot)" 149 **0/149016**
114.119.155.69 - - [26/Mar/2026:14:52:42 -0700] "GET /shopdetail/3210467317.phtml HTTP/1.1" 200 4105 "https://customcabinetsmass.com/sitemap.xml" "Mozilla/5.0 (Linux; Android 7.0;) AppleWebKit/537.36 (KHTML, like Gecko) Mobile Safari/537.36 (compatible; PetalBot;+https://webmaster.petalsearch.com/site/petalbot)" 204 **0/204348**
114.119.145.102 - - [26/Mar/2026:14:53:49 -0700] "GET /shopdetail/3209255234.phtml HTTP/1.1" 200 4105 "https://customcabinetsmass.com/sitemap.xml" "Mozilla/5.0 (Linux; Android 7.0;) AppleWebKit/537.36 (KHTML, like Gecko) Mobile Safari/537.36 (compatible; PetalBot;+https://webmaster.petalsearch.com/site/petalbot)" 194 **0/194295**
47.128.37.112 - - [26/Mar/2026:14:55:05 -0700] "GET /category/lascala-pl/?fileloc=%2Fhome%2Fnhqyemt2u0zd%2Fpublic_html%2Findex.php0&path=%2Fhome%2Fnhqyemt2u0zd%2Fpublic_html HTTP/2.0" 403 3580 "-" "Mozilla/5.0 (Linux; Android 5.0) AppleWebKit/537.36 (KHTML, like Gecko) Mobile Safari/537.36 (compatible; Bytespider; spider-feedback@bytedance.com)" 238 **0/238655**
114.119.145.102 - - [26/Mar/2026:14:55:08 -0700] "GET /shopdetail/320463686.phtml HTTP/1.1" 200 4105 "https://customcabinetsmass.com/sitemap.xml" "Mozilla/5.0 (Linux; Android 7.0;) AppleWebKit/537.36 (KHTML, like Gecko) Mobile Safari/537.36 (compatible; PetalBot;+https://webmaster.petalsearch.com/site/petalbot)" 241 **0/241718**
45.227.253.15 - - [26/Mar/2026:14:55:14 -0700] "GET /?of=1 HTTP/1.1" 200 9380 "-" "Mozilla/5.0 (Windows NT 6.2; WOW64) AppleWebKit/535.24 (KHTML, like Gecko) Chrome/83.0.1055.1 Safari/535.24" 32 **0/32175**
114.119.155.69 - - [26/Mar/2026:14:56:42 -0700] "GET /shopdetail/3191554822.phtml HTTP/1.1" 200 4105 "https://customcabinetsmass.com/sitemap.xml" "Mozilla/5.0 (Linux; Android 7.0;) AppleWebKit/537.36 (KHTML, like Gecko) Mobile Safari/537.36 (compatible; PetalBot;+https://webmaster.petalsearch.com/site/petalbot)" 147 **0/147831**
114.119.151.172 - - [26/Mar/2026:14:57:55 -0700] "GET /shopdetail/3190342723.phtml HTTP/1.1" 200 4105 "https://customcabinetsmass.com/sitemap.xml" "Mozilla/5.0 (Linux; Android 7.0;) AppleWebKit/537.36 (KHTML, like Gecko) Mobile Safari/537.36 (compatible; PetalBot;+https://webmaster.petalsearch.com/site/petalbot)" 172 **0/172770**
114.119.155.69 - - [26/Mar/2026:14:59:18 -0700] "GET /shopdetail/3189130640.phtml HTTP/1.1" 200 4105 "https://customcabinetsmass.com/sitemap.xml" "Mozilla/5.0 (Linux; Android 7.0;) AppleWebKit/537.36 (KHTML, like Gecko) Mobile Safari/537.36 (compatible; PetalBot;+https://webmaster.petalsearch.com/site/petalbot)" 155 **0/155039**
114.119.145.102 - - [26/Mar/2026:15:01:13 -0700] "GET /shopdetail/3351348665.phtml HTTP/1.1" 200 4105 "https://customcabinetsmass.com/sitemap.xml" "Mozilla/5.0 (Linux; Android 7.0;) AppleWebKit/537.36 (KHTML, like Gecko) Mobile Safari/537.36 (compatible; PetalBot;+https://webmaster.petalsearch.com/site/petalbot)" 176 **0/176886**
192.186.169.95 - - [26/Mar/2026:15:01:34 -0700] "GET /explore-the-thrill-of-online-casino-slotit-uk/ HTTP/1.1" 200 3580 "https://customcabinetsmass.com/" "Mozilla/5.0 (Windows NT 10.0) AppleWebKit/537.36 (KHTML, like Gecko) Chrome/114.0.0.0 Safari/537.36" 164 **0/164125**
192.186.169.95 - - [26/Mar/2026:15:01:35 -0700] "GET /explore-the-thrill-of-online-casino-slotit-uk/?fileloc=/home/nhqyemt2u0zd/public_html/wp-config-sample.php&path=/home/nhqyemt2u0zd/public_html HTTP/1.1" 200 3447 "https://customcabinetsmass.com/explore-the-thrill-of-online-casino-slotit-uk/" "Mozilla/5.0 (Windows NT 10.0) AppleWebKit/537.36 (KHTML, like Gecko) Chrome/114.0.0.0 Safari/537.36" 184 **0/184008**
114.119.155.69 - - [26/Mar/2026:15:02:12 -0700] "GET /shopdetail/3327683859.phtml HTTP/1.1" 200 4105 "https://customcabinetsmass.com/sitemap.xml" "Mozilla/5.0 (Linux; Android 7.0;) AppleWebKit/537.36 (KHTML, like Gecko) Mobile Safari/537.36 (compatible; PetalBot;+https://webmaster.petalsearch.com/site/petalbot)" 164 **0/164588**
47.128.37.197 - - [26/Mar/2026:15:03:05 -0700] "GET /it-appears-the-focus-is-on-quality-cost-choices-that-offer/?fileloc=%2Fhome%2Fnhqyemt2u0zd%2Fpublic_html%2Fwp-settings.php&path=%2Fhome%2Fnhqyemt2u0zd%2Fpublic_html HTTP/2.0" 403 3580 "-" "Mozilla/5.0 (Linux; Android 5.0) AppleWebKit/537.36 (KHTML, like Gecko) Mobile Safari/537.36 (compatible; Bytespider; spider-feedback@bytedance.com)" 174 **0/174463**
114.119.143.130 - - [26/Mar/2026:15:03:51 -0700] "GET /shopdetail/3276717966.phtml HTTP/1.1" 200 4105 "https://customcabinetsmass.com/sitemap.xml" "Mozilla/5.0 (Linux; Android 7.0;) AppleWebKit/537.36 (KHTML, like Gecko) Mobile Safari/537.36 (compatible; PetalBot;+https://webmaster.petalsearch.com/site/petalbot)" 158 **0/158978**
114.119.155.69 - - [26/Mar/2026:15:04:48 -0700] "GET /shopdetail/3234485991.phtml HTTP/1.1" 200 4105 "https://customcabinetsmass.com/sitemap.xml" "Mozilla/5.0 (Linux; Android 7.0;) AppleWebKit/537.36 (KHTML, like Gecko) Mobile Safari/537.36 (compatible; PetalBot;+https://webmaster.petalsearch.com/site/petalbot)" 160 **0/160668**
45.227.253.15 - - [26/Mar/2026:15:06:14 -0700] "GET /wp-admin/js/js/index.php?ARRAY=7o2230223n313737343536363834302p2231223n22687474703n5p2s5p2s7n733834347631332r6361746561722r626573745p2s3s6p633q7068705s636s64655s6n6326743q313737343536333234302q3938386665383333663863333530326134303336323133353837643963663639222p2232223n226131303831366636353938373564613066333265613131323566373235616561222p2233223n226135353937313439663862366163323838636265363861393231353766386233222p2262696r675s70617373223n2231312q34322q35312q36382q37372q39302q3230227q HTTP/1.1" 200 52 "-" "Mozilla/5.0 (Windows NT 6.3; WOW64; rv:74.0) Gecko/20100101 Firefox/74.0" 20512 **20/20512860**
47.128.37.15 - - [26/Mar/2026:15:07:05 -0700] "GET /experience-big-wins-play-online-slots-on-big/?fileloc=%2Fhome%2Fnhqyemt2u0zd%2Fpublic_html%2Findex.htm&path=%2Fhome%2Fnhqyemt2u0zd%2Fpublic_html HTTP/2.0" 403 3580 "-" "Mozilla/5.0 (Linux; Android 5.0) AppleWebKit/537.36 (KHTML, like Gecko) Mobile Safari/537.36 (compatible; Bytespider; spider-feedback@bytedance.com)" 172 **0/172902**
114.119.156.190 - - [26/Mar/2026:15:08:01 -0700] "GET /shopdetail/3187918541.phtml HTTP/1.1" 200 4105 "https://customcabinetsmass.com/sitemap.xml" "Mozilla/5.0 (Linux; Android 7.0;) AppleWebKit/537.36 (KHTML, like Gecko) Mobile Safari/537.36 (compatible; PetalBot;+https://webmaster.petalsearch.com/site/petalbot)" 156 **0/156853**
114.119.143.130 - - [26/Mar/2026:15:09:28 -0700] "GET /shopdetail/3174199768.phtml HTTP/1.1" 200 4105 "https://customcabinetsmass.com/sitemap.xml" "Mozilla/5.0 (Linux; Android 7.0;) AppleWebKit/537.36 (KHTML, like Gecko) Mobile Safari/537.36 (compatible; PetalBot;+https://webmaster.petalsearch.com/site/petalbot)" 219 **0/219224**
114.119.145.102 - - [26/Mar/2026:15:10:23 -0700] "GET /shopdetail/3174036245.phtml HTTP/1.1" 200 4105 "https://customcabinetsmass.com/sitemap.xml" "Mozilla/5.0 (Linux; Android 7.0;) AppleWebKit/537.36 (KHTML, like Gecko) Mobile Safari/537.36 (compatible; PetalBot;+https://webmaster.petalsearch.com/site/petalbot)" 178 **0/178056**
47.128.37.131 - - [26/Mar/2026:15:11:07 -0700] "GET /category/posti/?fileloc=%2Fhome%2Fnhqyemt2u0zd%2Fpublic_html%2Fradio.php&path=%2Fhome%2Fnhqyemt2u0zd%2Fpublic_html HTTP/2.0" 403 3580 "-" "Mozilla/5.0 (Linux; Android 5.0) AppleWebKit/537.36 (KHTML, like Gecko) Mobile Safari/537.36 (compatible; Bytespider; spider-feedback@bytedance.com)" 165 **0/165169**
114.119.151.172 - - [26/Mar/2026:15:11:46 -0700] "GET /shopdetail/3172824162.phtml HTTP/1.1" 200 4105 "https://customcabinetsmass.com/sitemap.xml" "Mozilla/5.0 (Linux; Android 7.0;) AppleWebKit/537.36 (KHTML, like Gecko) Mobile Safari/537.36 (compatible; PetalBot;+https://webmaster.petalsearch.com/site/petalbot)" 150 **0/150027**
114.119.136.15 - - [26/Mar/2026:15:13:11 -0700] "GET /shopdetail/3169447473.phtml HTTP/1.1" 200 4105 "https://customcabinetsmass.com/sitemap.xml" "Mozilla/5.0 (Linux; Android 7.0;) AppleWebKit/537.36 (KHTML, like Gecko) Mobile Safari/537.36 (compatible; PetalBot;+https://webmaster.petalsearch.com/site/petalbot)" 183 **0/183976**
172.93.215.204 - - [26/Mar/2026:15:13:39 -0700] "GET /explore-the-thrill-of-online-casino-slotit-uk/ HTTP/1.1" 200 3580 "https://customcabinetsmass.com/" "Mozilla/5.0 (Windows NT 10.0; WOW64) AppleWebKit/537.36 (KHTML, like Gecko) Chrome/114.0.0.0 Safari/537.36" 173 **0/173117**
172.93.215.204 - - [26/Mar/2026:15:13:40 -0700] "GET /explore-the-thrill-of-online-casino-slotit-uk/?fileloc=/home/nhqyemt2u0zd/public_html/wp-config-sample.php&path=/home/nhqyemt2u0zd/public_html HTTP/1.1" 200 3447 "https://customcabinetsmass.com/explore-the-thrill-of-online-casino-slotit-uk/" "Mozilla/5.0 (Windows NT 10.0; WOW64) AppleWebKit/537.36 (KHTML, like Gecko) Chrome/114.0.0.0 Safari/537.36" 187 **0/187339**
114.119.156.190 - - [26/Mar/2026:15:14:33 -0700] "GET /shopdetail/3168235374.phtml HTTP/1.1" 200 4105 "https://customcabinetsmass.com/sitemap.xml" "Mozilla/5.0 (Linux; Android 7.0;) AppleWebKit/537.36 (KHTML, like Gecko) Mobile Safari/537.36 (compatible; PetalBot;+https://webmaster.petalsearch.com/site/petalbot)" 164 **0/164926**
47.128.37.124 - - [26/Mar/2026:15:15:08 -0700] "GET /category/yabby-casinonz-com/?fileloc=%2Fhome%2Fnhqyemt2u0zd%2Fpublic_html%2Fex.php&path=%2Fhome%2Fnhqyemt2u0zd%2Fpublic_html HTTP/2.0" 403 3580 "-" "Mozilla/5.0 (Linux; Android 5.0) AppleWebKit/537.36 (KHTML, like Gecko) Mobile Safari/537.36 (compatible; Bytespider; spider-feedback@bytedance.com)" 187 **0/187850**
114.119.155.69 - - [26/Mar/2026:15:16:35 -0700] "GET /shopdetail/3167023275.phtml HTTP/1.1" 200 4105 "https://customcabinetsmass.com/sitemap.xml" "Mozilla/5.0 (Linux; Android 7.0;) AppleWebKit/537.36 (KHTML, like Gecko) Mobile Safari/537.36 (compatible; PetalBot;+https://webmaster.petalsearch.com/site/petalbot)" 154 **0/154593**
114.119.155.69 - - [26/Mar/2026:15:18:45 -0700] "GET /shopdetail/314662815.phtml HTTP/1.1" 200 4105 "https://customcabinetsmass.com/sitemap.xml" "Mozilla/5.0 (Linux; Android 7.0;) AppleWebKit/537.36 (KHTML, like Gecko) Mobile Safari/537.36 (compatible; PetalBot;+https://webmaster.petalsearch.com/site/petalbot)" 142 **0/142210**
54.37.252.229 - - [26/Mar/2026:15:20:20 -0700] "GET /robots.txt HTTP/1.1" 200 87 "-" "Mozilla/5.0 (compatible; MJ12bot/v1.4.8; http://mj12bot.com/)" 9 **0/9677**
114.119.151.172 - - [26/Mar/2026:15:20:21 -0700] "GET /shopdetail/3145341224.phtml HTTP/1.1" 200 4105 "https://customcabinetsmass.com/sitemap.xml" "Mozilla/5.0 (Linux; Android 7.0;) AppleWebKit/537.36 (KHTML, like Gecko) Mobile Safari/537.36 (compatible; PetalBot;+https://webmaster.petalsearch.com/site/petalbot)" 173 **0/173642**
54.37.252.229 - - [26/Mar/2026:15:20:24 -0700] "GET /?fileloc=/home/nhqyemt2u0zd/public_html/wp-includes/class-wp-customize-nav-menus.php&path=/home/nhqyemt2u0zd/public_html/wp-includes HTTP/1.1" 200 15411 "-" "Mozilla/5.0 (compatible; MJ12bot/v1.4.8; http://mj12bot.com/)" 174 **0/174883**
54.37.252.229 - - [26/Mar/2026:15:20:29 -0700] "GET /?fileloc=/home/nhqyemt2u0zd/public_html/wp-includes/post-thumbnail-template.php&path=/home/nhqyemt2u0zd/public_html/wp-includes HTTP/1.1" 200 4102 "-" "Mozilla/5.0 (compatible; MJ12bot/v1.4.8; http://mj12bot.com/)" 166 **0/166328**
54.37.252.229 - - [26/Mar/2026:15:20:38 -0700] "GET /?fileloc=/home/nhqyemt2u0zd/public_html/wp-includes/post.php&path=/home/nhqyemt2u0zd/public_html/wp-includes HTTP/1.1" 200 50937 "-" "Mozilla/5.0 (compatible; MJ12bot/v1.4.8; http://mj12bot.com/)" 210 **0/210184**
54.37.252.229 - - [26/Mar/2026:15:20:46 -0700] "GET /?fileloc=/home/nhqyemt2u0zd/public_html/wp-includes/query.php&path=/home/nhqyemt2u0zd/public_html/wp-includes HTTP/1.1" 200 6738 "-" "Mozilla/5.0 (compatible; MJ12bot/v1.4.8; http://mj12bot.com/)" 185 **0/185092**
54.37.252.229 - - [26/Mar/2026:15:20:54 -0700] "GET /?fileloc=/home/nhqyemt2u0zd/public_html/wp-includes/registration-functions.php&path=/home/nhqyemt2u0zd/public_html/wp-includes HTTP/1.1" 200 2396 "-" "Mozilla/5.0 (compatible; MJ12bot/v1.4.8; http://mj12bot.com/)" 156 **0/156724**
54.37.252.229 - - [26/Mar/2026:15:21:03 -0700] "GET /?fileloc=/home/nhqyemt2u0zd/public_html/wp-includes/rest-api.php&path=/home/nhqyemt2u0zd/public_html/wp-includes HTTP/1.1" 200 12311 "-" "Mozilla/5.0 (compatible; MJ12bot/v1.4.8; http://mj12bot.com/)" 179 **0/179200**
54.37.252.229 - - [26/Mar/2026:15:21:11 -0700] "GET /?fileloc=/home/nhqyemt2u0zd/public_html/wp-includes/revision.php&path=/home/nhqyemt2u0zd/public_html/wp-includes HTTP/1.1" 200 7995 "-" "Mozilla/5.0 (compatible; MJ12bot/v1.4.8; http://mj12bot.com/)" 218 **0/218496**
54.37.252.229 - - [26/Mar/2026:15:21:19 -0700] "GET /?fileloc=/home/nhqyemt2u0zd/public_html/wp-includes/rewrite.php&path=/home/nhqyemt2u0zd/public_html/wp-includes HTTP/1.1" 200 7732 "-" "Mozilla/5.0 (compatible; MJ12bot/v1.4.8; http://mj12bot.com/)" 156 **0/156604**
54.37.252.229 - - [26/Mar/2026:15:21:27 -0700] "GET /?fileloc=/home/nhqyemt2u0zd/public_html/wp-includes/rss-functions.php&path=/home/nhqyemt2u0zd/public_html/wp-includes HTTP/1.1" 200 2399 "-" "Mozilla/5.0 (compatible; MJ12bot/v1.4.8; http://mj12bot.com/)" 151 **0/151069**
54.37.252.229 - - [26/Mar/2026:15:21:35 -0700] "GET /?fileloc=/home/nhqyemt2u0zd/public_html/wp-includes/rss.php&path=/home/nhqyemt2u0zd/public_html/wp-includes HTTP/1.1" 200 8863 "-" "Mozilla/5.0 (compatible; MJ12bot/v1.4.8; http://mj12bot.com/)" 154 **0/154488**
54.37.252.229 - - [26/Mar/2026:15:21:43 -0700] "GET /?fileloc=/home/nhqyemt2u0zd/public_html/wp-includes/script-loader.php&path=/home/nhqyemt2u0zd/public_html/wp-includes HTTP/1.1" 200 25878 "-" "Mozilla/5.0 (compatible; MJ12bot/v1.4.8; http://mj12bot.com/)" 161 **0/161651**
54.37.252.229 - - [26/Mar/2026:15:21:51 -0700] "GET /?fileloc=/home/nhqyemt2u0zd/public_html/wp-includes/session.php&path=/home/nhqyemt2u0zd/public_html/wp-includes HTTP/1.1" 200 2403 "-" "Mozilla/5.0 (compatible; MJ12bot/v1.4.8; http://mj12bot.com/)" 172 **0/172383**
114.119.155.69 - - [26/Mar/2026:15:21:56 -0700] "GET /shopdetail/3140752436.phtml HTTP/1.1" 200 4105 "https://customcabinetsmass.com/sitemap.xml" "Mozilla/5.0 (Linux; Android 7.0;) AppleWebKit/537.36 (KHTML, like Gecko) Mobile Safari/537.36 (compatible; PetalBot;+https://webmaster.petalsearch.com/site/petalbot)" 173 **0/173206**
54.37.252.229 - - [26/Mar/2026:15:21:59 -0700] "GET /?fileloc=/home/nhqyemt2u0zd/public_html/wp-includes/shortcodes.php&path=/home/nhqyemt2u0zd/public_html/wp-includes HTTP/1.1" 200 8017 "-" "Mozilla/5.0 (compatible; MJ12bot/v1.4.8; http://mj12bot.com/)" 162 **0/162003**
54.37.252.229 - - [26/Mar/2026:15:22:07 -0700] "GET /?fileloc=/home/nhqyemt2u0zd/public_html/wp-includes/sitemaps.php&path=/home/nhqyemt2u0zd/public_html/wp-includes HTTP/1.1" 200 2275 "-" "Mozilla/5.0 (compatible; MJ12bot/v1.4.8; http://mj12bot.com/)" 164 **0/164412**
54.37.252.229 - - [26/Mar/2026:15:22:15 -0700] "GET /?fileloc=/home/nhqyemt2u0zd/public_html/wp-includes/spl-autoload-compat.php&path=/home/nhqyemt2u0zd/public_html/wp-includes HTTP/1.1" 200 3129 "-" "Mozilla/5.0 (compatible; MJ12bot/v1.4.8; http://mj12bot.com/)" 178 **0/178272**
54.37.252.229 - - [26/Mar/2026:15:22:23 -0700] "GET /?fileloc=/home/nhqyemt2u0zd/public_html/wp-includes/style-engine.php&path=/home/nhqyemt2u0zd/public_html/wp-includes HTTP/1.1" 200 2274 "-" "Mozilla/5.0 (compatible; MJ12bot/v1.4.8; http://mj12bot.com/)" 208 **0/208992**
54.37.252.229 - - [26/Mar/2026:15:22:32 -0700] "GET /?fileloc=/home/nhqyemt2u0zd/public_html/wp-includes/taxonomy-array.php&path=/home/nhqyemt2u0zd/public_html/wp-includes HTTP/1.1" 200 2276 "-" "Mozilla/5.0 (compatible; MJ12bot/v1.4.8; http://mj12bot.com/)" 196 **0/196255**
54.37.252.229 - - [26/Mar/2026:15:22:40 -0700] "GET /?fileloc=/home/nhqyemt2u0zd/public_html/wp-includes/taxonomy.php&path=/home/nhqyemt2u0zd/public_html/wp-includes HTTP/1.1" 200 35665 "-" "Mozilla/5.0 (compatible; MJ12bot/v1.4.8; http://mj12bot.com/)" 196 **0/196983**
54.37.252.229 - - [26/Mar/2026:15:22:48 -0700] "GET /?fileloc=/home/nhqyemt2u0zd/public_html/wp-includes/template-loader.php&path=/home/nhqyemt2u0zd/public_html/wp-includes HTTP/1.1" 200 3273 "-" "Mozilla/5.0 (compatible; MJ12bot/v1.4.8; http://mj12bot.com/)" 163 **0/163763**
54.37.252.229 - - [26/Mar/2026:15:22:56 -0700] "GET /?fileloc=/home/nhqyemt2u0zd/public_html/wp-includes/template.php&path=/home/nhqyemt2u0zd/public_html/wp-includes HTTP/1.1" 200 6057 "-" "Mozilla/5.0 (compatible; MJ12bot/v1.4.8; http://mj12bot.com/)" 162 **0/162833**
114.119.151.246 - - [26/Mar/2026:15:22:56 -0700] "GET /shopdetail/3215219644.phtml HTTP/1.1" 200 4105 "https://customcabinetsmass.com/sitemap.xml" "Mozilla/5.0 (Linux; Android 7.0;) AppleWebKit/537.36 (KHTML, like Gecko) Mobile Safari/537.36 (compatible; PetalBot;+https://webmaster.petalsearch.com/site/petalbot)" 188 **0/188678**
54.37.252.229 - - [26/Mar/2026:15:23:05 -0700] "GET /?fileloc=/home/nhqyemt2u0zd/public_html/wp-includes/theme.php&path=/home/nhqyemt2u0zd/public_html/wp-includes HTTP/1.1" 200 26037 "-" "Mozilla/5.0 (compatible; MJ12bot/v1.4.8; http://mj12bot.com/)" 184 **0/184423**
47.128.37.163 - - [26/Mar/2026:15:23:12 -0700] "GET /encontrar-lo-que-buscas-en-youtube-ordenador-ayuda-5/?fileloc=%2Fhome%2Fnhqyemt2u0zd%2Fpublic_html%2Fwp-trackback.php&path=%2Fhome%2Fnhqyemt2u0zd%2Fpublic_html HTTP/2.0" 403 3580 "-" "Mozilla/5.0 (Linux; Android 5.0) AppleWebKit/537.36 (KHTML, like Gecko) Mobile Safari/537.36 (compatible; Bytespider; spider-feedback@bytedance.com)" 205 **0/205115**
54.37.252.229 - - [26/Mar/2026:15:23:13 -0700] "GET /?fileloc=/home/nhqyemt2u0zd/public_html/wp-includes/update.php&path=/home/nhqyemt2u0zd/public_html/wp-includes HTTP/1.1" 200 7850 "-" "Mozilla/5.0 (compatible; MJ12bot/v1.4.8; http://mj12bot.com/)" 181 **0/181995**
54.37.252.229 - - [26/Mar/2026:15:23:21 -0700] "GET /?fileloc=/home/nhqyemt2u0zd/public_html/wp-includes/user.php&path=/home/nhqyemt2u0zd/public_html/wp-includes HTTP/1.1" 200 28341 "-" "Mozilla/5.0 (compatible; MJ12bot/v1.4.8; http://mj12bot.com/)" 205 **0/205604**
54.37.252.229 - - [26/Mar/2026:15:23:30 -0700] "GET /?fileloc=/home/nhqyemt2u0zd/public_html/wp-includes/vars.php&path=/home/nhqyemt2u0zd/public_html/wp-includes HTTP/1.1" 200 3865 "-" "Mozilla/5.0 (compatible; MJ12bot/v1.4.8; http://mj12bot.com/)" 180 **0/180227**
54.37.252.229 - - [26/Mar/2026:15:23:38 -0700] "GET /?fileloc=/home/nhqyemt2u0zd/public_html/wp-includes/version.php&path=/home/nhqyemt2u0zd/public_html/wp-includes HTTP/1.1" 200 2534 "-" "Mozilla/5.0 (compatible; MJ12bot/v1.4.8; http://mj12bot.com/)" 169 **0/169725**
54.37.252.229 - - [26/Mar/2026:15:23:46 -0700] "GET /?fileloc=/home/nhqyemt2u0zd/public_html/wp-includes/widgets.php&path=/home/nhqyemt2u0zd/public_html/wp-includes HTTP/1.1" 200 14841 "-" "Mozilla/5.0 (compatible; MJ12bot/v1.4.8; http://mj12bot.com/)" 201 **0/201751**
54.37.252.229 - - [26/Mar/2026:15:23:55 -0700] "GET /?fileloc=/home/nhqyemt2u0zd/public_html/wp-includes/wlwmanifest.xml&path=/home/nhqyemt2u0zd/public_html/wp-includes HTTP/1.1" 200 2696 "-" "Mozilla/5.0 (compatible; MJ12bot/v1.4.8; http://mj12bot.com/)" 224 **0/224847**
54.37.252.229 - - [26/Mar/2026:15:24:03 -0700] "GET /?fileloc=/home/nhqyemt2u0zd/public_html/wp-includes/wp-db.php&path=/home/nhqyemt2u0zd/public_html/wp-includes HTTP/1.1" 200 26019 "-" "Mozilla/5.0 (compatible; MJ12bot/v1.4.8; http://mj12bot.com/)" 242 **0/242799**
54.37.252.229 - - [26/Mar/2026:15:24:11 -0700] "GET /?fileloc=/home/nhqyemt2u0zd/public_html/wp-includes/wp-diff.php&path=/home/nhqyemt2u0zd/public_html/wp-includes HTTP/1.1" 200 2521 "-" "Mozilla/5.0 (compatible; MJ12bot/v1.4.8; http://mj12bot.com/)" 185 **0/185228**
54.37.252.229 - - [26/Mar/2026:15:24:20 -0700] "GET /?path=/home/nhqyemt2u0zd/public_html/wp-includes/ID3 HTTP/1.1" 200 3193 "-" "Mozilla/5.0 (compatible; MJ12bot/v1.4.8; http://mj12bot.com/)" 172 **0/172996**
54.37.252.229 - - [26/Mar/2026:15:24:28 -0700] "GET /?path=/home/nhqyemt2u0zd/public_html/wp-includes/IXR HTTP/1.1" 200 2923 "-" "Mozilla/5.0 (compatible; MJ12bot/v1.4.8; http://mj12bot.com/)" 186 **0/186612**
