114.119.143.130 - - [26/Mar/2026:12:40:22 -0700] "GET /shopdetail/3616016682.phtml HTTP/1.1" 200 4105 "https://customcabinetsmass.com/sitemap.xml" "Mozilla/5.0 (Linux; Android 7.0;) AppleWebKit/537.36 (KHTML, like Gecko) Mobile Safari/537.36 (compatible; PetalBot;+https://webmaster.petalsearch.com/site/petalbot)" 178 **0/178620**
51.77.216.36 - - [26/Mar/2026:12:40:29 -0700] "GET /?fileloc=/home/nhqyemt2u0zd/public_html/wp-includes/default-filters.php&path=/home/nhqyemt2u0zd/public_html/wp-includes HTTP/1.1" 200 7776 "-" "Mozilla/5.0 (compatible; MJ12bot/v1.4.8; http://mj12bot.com/)" 183 **0/183802**
51.77.216.36 - - [26/Mar/2026:12:40:37 -0700] "GET /?fileloc=/home/nhqyemt2u0zd/public_html/wp-includes/default-widgets.php&path=/home/nhqyemt2u0zd/public_html/wp-includes HTTP/1.1" 200 2639 "-" "Mozilla/5.0 (compatible; MJ12bot/v1.4.8; http://mj12bot.com/)" 183 **0/183401**
51.77.216.36 - - [26/Mar/2026:12:40:45 -0700] "GET /?fileloc=/home/nhqyemt2u0zd/public_html/wp-includes/deprecated.php&path=/home/nhqyemt2u0zd/public_html/wp-includes HTTP/1.1" 200 26185 "-" "Mozilla/5.0 (compatible; MJ12bot/v1.4.8; http://mj12bot.com/)" 177 **0/177389**
51.77.216.36 - - [26/Mar/2026:12:40:54 -0700] "GET /?fileloc=/home/nhqyemt2u0zd/public_html/wp-includes/embed-template.php&path=/home/nhqyemt2u0zd/public_html/wp-includes HTTP/1.1" 200 2443 "-" "Mozilla/5.0 (compatible; MJ12bot/v1.4.8; http://mj12bot.com/)" 181 **0/181640**
51.77.216.36 - - [26/Mar/2026:12:41:02 -0700] "GET /?fileloc=/home/nhqyemt2u0zd/public_html/wp-includes/embed.php&path=/home/nhqyemt2u0zd/public_html/wp-includes HTTP/1.1" 200 14549 "-" "Mozilla/5.0 (compatible; MJ12bot/v1.4.8; http://mj12bot.com/)" 207 **0/207787**
51.77.216.36 - - [26/Mar/2026:12:41:10 -0700] "GET /?fileloc=/home/nhqyemt2u0zd/public_html/wp-includes/error-protection.php&path=/home/nhqyemt2u0zd/public_html/wp-includes HTTP/1.1" 200 3402 "-" "Mozilla/5.0 (compatible; MJ12bot/v1.4.8; http://mj12bot.com/)" 183 **0/183486**
152.42.218.218 - - [26/Mar/2026:12:41:14 -0700] "GET /explore-the-thrill-of-online-casino-slotit-uk/ HTTP/1.1" 200 3580 "https://customcabinetsmass.com/" "Mozilla/5.0 (Windows NT 10.0; WOW64) AppleWebKit/537.36 (KHTML, like Gecko) Chrome/114.0.0.0 Safari/537.36" 166 **0/166381**
152.42.218.218 - - [26/Mar/2026:12:41:15 -0700] "GET /explore-the-thrill-of-online-casino-slotit-uk/?fileloc=/home/nhqyemt2u0zd/public_html/wp-config-sample.php&path=/home/nhqyemt2u0zd/public_html HTTP/1.1" 200 3447 "https://customcabinetsmass.com/explore-the-thrill-of-online-casino-slotit-uk/" "Mozilla/5.0 (Windows NT 10.0; WOW64) AppleWebKit/537.36 (KHTML, like Gecko) Chrome/114.0.0.0 Safari/537.36" 163 **0/163439**
51.77.216.36 - - [26/Mar/2026:12:41:18 -0700] "GET /?fileloc=/home/nhqyemt2u0zd/public_html/wp-includes/feed-atom-comments.php&path=/home/nhqyemt2u0zd/public_html/wp-includes HTTP/1.1" 200 3908 "-" "Mozilla/5.0 (compatible; MJ12bot/v1.4.8; http://mj12bot.com/)" 170 **0/170849**
51.77.216.36 - - [26/Mar/2026:12:41:26 -0700] "GET /?fileloc=/home/nhqyemt2u0zd/public_html/wp-includes/feed-atom.php&path=/home/nhqyemt2u0zd/public_html/wp-includes HTTP/1.1" 200 3338 "-" "Mozilla/5.0 (compatible; MJ12bot/v1.4.8; http://mj12bot.com/)" 168 **0/168144**
51.77.216.36 - - [26/Mar/2026:12:41:34 -0700] "GET /?fileloc=/home/nhqyemt2u0zd/public_html/wp-includes/feed-rdf.php&path=/home/nhqyemt2u0zd/public_html/wp-includes HTTP/1.1" 200 3250 "-" "Mozilla/5.0 (compatible; MJ12bot/v1.4.8; http://mj12bot.com/)" 173 **0/173846**
51.77.216.36 - - [26/Mar/2026:12:41:42 -0700] "GET /?fileloc=/home/nhqyemt2u0zd/public_html/wp-includes/feed-rss.php&path=/home/nhqyemt2u0zd/public_html/wp-includes HTTP/1.1" 200 2823 "-" "Mozilla/5.0 (compatible; MJ12bot/v1.4.8; http://mj12bot.com/)" 204 **0/204026**
51.77.216.36 - - [26/Mar/2026:12:41:50 -0700] "GET /?fileloc=/home/nhqyemt2u0zd/public_html/wp-includes/feed-rss2-comments.php&path=/home/nhqyemt2u0zd/public_html/wp-includes HTTP/1.1" 200 3680 "-" "Mozilla/5.0 (compatible; MJ12bot/v1.4.8; http://mj12bot.com/)" 170 **0/170117**
51.77.216.36 - - [26/Mar/2026:12:41:58 -0700] "GET /?fileloc=/home/nhqyemt2u0zd/public_html/wp-includes/feed-rss2.php&path=/home/nhqyemt2u0zd/public_html/wp-includes HTTP/1.1" 200 3625 "-" "Mozilla/5.0 (compatible; MJ12bot/v1.4.8; http://mj12bot.com/)" 168 **0/168600**
207.46.13.6 - - [26/Mar/2026:12:42:02 -0700] "GET /sitemaps.xml HTTP/2.0" 200 6334 "-" "Mozilla/5.0 AppleWebKit/537.36 (KHTML, like Gecko; compatible; bingbot/2.0; +http://www.bing.com/bingbot.htm) Chrome/116.0.1938.76 Safari/537.36" 370 **0/370839**
51.77.216.36 - - [26/Mar/2026:12:42:07 -0700] "GET /?fileloc=/home/nhqyemt2u0zd/public_html/wp-includes/feed.php&path=/home/nhqyemt2u0zd/public_html/wp-includes HTTP/1.1" 200 7576 "-" "Mozilla/5.0 (compatible; MJ12bot/v1.4.8; http://mj12bot.com/)" 182 **0/182090**
51.77.216.36 - - [26/Mar/2026:12:42:15 -0700] "GET /?fileloc=/home/nhqyemt2u0zd/public_html/wp-includes/fonts.php&path=/home/nhqyemt2u0zd/public_html/wp-includes HTTP/1.1" 200 2270 "-" "Mozilla/5.0 (compatible; MJ12bot/v1.4.8; http://mj12bot.com/)" 185 **0/185423**
130.49.112.145 - - [26/Mar/2026:12:42:22 -0700] "POST /xmlrpc.php HTTP/1.1" 200 64163 "-" "Mozilla/5.0 (Windows NT 10.0; Win64; x64) AppleWebKit/537.36 (KHTML, like Gecko) Chrome/114.0.0.0 Safari/537.36 Edg/114.0.1823.43" 65 **0/65248**
51.77.216.36 - - [26/Mar/2026:12:42:23 -0700] "GET /?fileloc=/home/nhqyemt2u0zd/public_html/wp-includes/formatting.php&path=/home/nhqyemt2u0zd/public_html/wp-includes HTTP/1.1" 200 57656 "-" "Mozilla/5.0 (compatible; MJ12bot/v1.4.8; http://mj12bot.com/)" 209 **0/209591**
51.77.216.36 - - [26/Mar/2026:12:42:32 -0700] "GET /?fileloc=/home/nhqyemt2u0zd/public_html/wp-includes/functions.php&path=/home/nhqyemt2u0zd/public_html/wp-includes HTTP/1.1" 200 57303 "-" "Mozilla/5.0 (compatible; MJ12bot/v1.4.8; http://mj12bot.com/)" 186 **0/186266**
51.77.216.36 - - [26/Mar/2026:12:42:40 -0700] "GET /?fileloc=/home/nhqyemt2u0zd/public_html/wp-includes/functions.wp-scripts.php&path=/home/nhqyemt2u0zd/public_html/wp-includes HTTP/1.1" 200 5687 "-" "Mozilla/5.0 (compatible; MJ12bot/v1.4.8; http://mj12bot.com/)" 175 **0/175980**
51.77.216.36 - - [26/Mar/2026:12:42:49 -0700] "GET /?fileloc=/home/nhqyemt2u0zd/public_html/wp-includes/functions.wp-styles.php&path=/home/nhqyemt2u0zd/public_html/wp-includes HTTP/1.1" 200 4363 "-" "Mozilla/5.0 (compatible; MJ12bot/v1.4.8; http://mj12bot.com/)" 160 **0/160815**
51.77.216.36 - - [26/Mar/2026:12:42:57 -0700] "GET /?fileloc=/home/nhqyemt2u0zd/public_html/wp-includes/general-template.php&path=/home/nhqyemt2u0zd/public_html/wp-includes HTTP/1.1" 200 34056 "-" "Mozilla/5.0 (compatible; MJ12bot/v1.4.8; http://mj12bot.com/)" 217 **0/217915**
51.77.216.36 - - [26/Mar/2026:12:43:02 -0700] "GET /?fileloc=/home/nhqyemt2u0zd/public_html/wp-includes/http.php&path=/home/nhqyemt2u0zd/public_html/wp-includes HTTP/1.1" 200 7178 "-" "Mozilla/5.0 (compatible; MJ12bot/v1.4.8; http://mj12bot.com/)" 202 **0/202726**
43.130.53.252 - - [26/Mar/2026:12:43:11 -0700] "GET /?locale=es_419 HTTP/1.1" 200 12413 "-" "Mozilla/5.0 (iPhone; CPU iPhone OS 13_2_3 like Mac OS X) AppleWebKit/605.1.15 (KHTML, like Gecko) Version/13.0.3 Mobile/15E148 Safari/604.1" 117 **0/117006**
157.22.100.45 - - [26/Mar/2026:12:43:31 -0700] "POST /xmlrpc.php HTTP/1.1" 200 64163 "-" "Mozilla/5.0 (Windows NT 10.0; Win64; x64) AppleWebKit/537.36 (KHTML, like Gecko) Chrome/114.0.0.0 Safari/537.36 Edg/114.0.1823.43" 73 **0/73002**
114.119.155.69 - - [26/Mar/2026:12:44:05 -0700] "GET /shopdetail/3595892088.phtml HTTP/1.1" 200 4105 "https://customcabinetsmass.com/sitemap.xml" "Mozilla/5.0 (Linux; Android 7.0;) AppleWebKit/537.36 (KHTML, like Gecko) Mobile Safari/537.36 (compatible; PetalBot;+https://webmaster.petalsearch.com/site/petalbot)" 165 **0/165643**
185.81.145.101 - - [26/Mar/2026:12:44:16 -0700] "POST /xmlrpc.php HTTP/1.1" 200 64163 "-" "Mozilla/5.0 (Windows NT 10.0; Win64; x64) AppleWebKit/537.36 (KHTML, like Gecko) Chrome/114.0.0.0 Safari/537.36 Edg/114.0.1823.43" 78 **0/78334**
157.22.124.106 - - [26/Mar/2026:12:44:22 -0700] "POST /xmlrpc.php HTTP/1.1" 200 64163 "-" "Mozilla/5.0 (Windows NT 10.0; Win64; x64) AppleWebKit/537.36 (KHTML, like Gecko) Chrome/114.0.0.0 Safari/537.36 Edg/114.0.1823.43" 59 **0/59320**
114.119.141.9 - - [26/Mar/2026:12:45:29 -0700] "GET /shopdetail/3592351876.phtml HTTP/1.1" 200 4105 "https://customcabinetsmass.com/sitemap.xml" "Mozilla/5.0 (Linux; Android 7.0;) AppleWebKit/537.36 (KHTML, like Gecko) Mobile Safari/537.36 (compatible; PetalBot;+https://webmaster.petalsearch.com/site/petalbot)" 174 **0/174749**
114.119.141.9 - - [26/Mar/2026:12:46:52 -0700] "GET /shopdetail/3591139793.phtml HTTP/1.1" 200 4105 "https://customcabinetsmass.com/sitemap.xml" "Mozilla/5.0 (Linux; Android 7.0;) AppleWebKit/537.36 (KHTML, like Gecko) Mobile Safari/537.36 (compatible; PetalBot;+https://webmaster.petalsearch.com/site/petalbot)" 161 **0/161204**
47.128.37.180 - - [26/Mar/2026:12:47:12 -0700] "GET /casino-legali-in-italia-2025-casino-online-italiani-autorizzati/?fileloc=%2Fhome%2Fnhqyemt2u0zd%2Fpublic_html%2Flicense.txt&path=%2Fhome%2Fnhqyemt2u0zd%2Fpublic_html HTTP/2.0" 403 3580 "-" "Mozilla/5.0 (Linux; Android 5.0) AppleWebKit/537.36 (KHTML, like Gecko) Mobile Safari/537.36 (compatible; Bytespider; spider-feedback@bytedance.com)" 205 **0/205603**
114.119.151.172 - - [26/Mar/2026:12:48:16 -0700] "GET /shopdetail/3580961248.phtml HTTP/1.1" 200 4105 "https://customcabinetsmass.com/sitemap.xml" "Mozilla/5.0 (Linux; Android 7.0;) AppleWebKit/537.36 (KHTML, like Gecko) Mobile Safari/537.36 (compatible; PetalBot;+https://webmaster.petalsearch.com/site/petalbot)" 167 **0/167858**
114.119.151.246 - - [26/Mar/2026:12:50:19 -0700] "GET /shopdetail/3626784096.phtml HTTP/1.1" 200 4105 "https://customcabinetsmass.com/sitemap.xml" "Mozilla/5.0 (Linux; Android 7.0;) AppleWebKit/537.36 (KHTML, like Gecko) Mobile Safari/537.36 (compatible; PetalBot;+https://webmaster.petalsearch.com/site/petalbot)" 189 **0/189659**
47.128.37.138 - - [26/Mar/2026:12:51:12 -0700] "GET /another-occasion-of-unlawful-replicas-is-selling-replicas-of/?fileloc=%2Fhome%2Fnhqyemt2u0zd%2Fpublic_html%2Findex.php&path=%2Fhome%2Fnhqyemt2u0zd%2Fpublic_html HTTP/2.0" 403 3580 "-" "Mozilla/5.0 (Linux; Android 5.0) AppleWebKit/537.36 (KHTML, like Gecko) Mobile Safari/537.36 (compatible; Bytespider; spider-feedback@bytedance.com)" 175 **0/175409**
114.119.136.15 - - [26/Mar/2026:12:51:28 -0700] "GET /shopdetail/3625571997.phtml HTTP/1.1" 200 4105 "https://customcabinetsmass.com/sitemap.xml" "Mozilla/5.0 (Linux; Android 7.0;) AppleWebKit/537.36 (KHTML, like Gecko) Mobile Safari/537.36 (compatible; PetalBot;+https://webmaster.petalsearch.com/site/petalbot)" 165 **0/165126**
114.119.143.130 - - [26/Mar/2026:12:53:49 -0700] "GET /shopdetail/3597104203.phtml HTTP/1.1" 200 4105 "https://customcabinetsmass.com/sitemap.xml" "Mozilla/5.0 (Linux; Android 7.0;) AppleWebKit/537.36 (KHTML, like Gecko) Mobile Safari/537.36 (compatible; PetalBot;+https://webmaster.petalsearch.com/site/petalbot)" 154 **0/154600**
47.128.37.193 - - [26/Mar/2026:12:55:14 -0700] "GET /category/casino/?path=%2Fhome HTTP/2.0" 403 3580 "-" "Mozilla/5.0 (Linux; Android 5.0) AppleWebKit/537.36 (KHTML, like Gecko) Mobile Safari/537.36 (compatible; Bytespider; spider-feedback@bytedance.com)" 184 **0/184584**
114.119.151.172 - - [26/Mar/2026:12:55:30 -0700] "GET /shopdetail/3580797725.phtml HTTP/1.1" 200 4105 "https://customcabinetsmass.com/sitemap.xml" "Mozilla/5.0 (Linux; Android 7.0;) AppleWebKit/537.36 (KHTML, like Gecko) Mobile Safari/537.36 (compatible; PetalBot;+https://webmaster.petalsearch.com/site/petalbot)" 208 **0/208303**
43.155.26.193 - - [26/Mar/2026:12:56:00 -0700] "GET /?locale=da HTTP/1.1" 200 12456 "-" "Mozilla/5.0 (iPhone; CPU iPhone OS 13_2_3 like Mac OS X) AppleWebKit/605.1.15 (KHTML, like Gecko) Version/13.0.3 Mobile/15E148 Safari/604.1" 113 **0/113699**
114.119.151.172 - - [26/Mar/2026:12:56:39 -0700] "GET /shopdetail/3576208921.phtml HTTP/1.1" 200 4105 "https://customcabinetsmass.com/sitemap.xml" "Mozilla/5.0 (Linux; Android 7.0;) AppleWebKit/537.36 (KHTML, like Gecko) Mobile Safari/537.36 (compatible; PetalBot;+https://webmaster.petalsearch.com/site/petalbot)" 166 **0/166525**
114.119.155.69 - - [26/Mar/2026:12:58:14 -0700] "GET /shopdetail/3574996822.phtml HTTP/1.1" 200 4105 "https://customcabinetsmass.com/sitemap.xml" "Mozilla/5.0 (Linux; Android 7.0;) AppleWebKit/537.36 (KHTML, like Gecko) Mobile Safari/537.36 (compatible; PetalBot;+https://webmaster.petalsearch.com/site/petalbot)" 168 **0/168330**
114.119.143.130 - - [26/Mar/2026:12:59:25 -0700] "GET /shopdetail/3573784723.phtml HTTP/1.1" 200 4105 "https://customcabinetsmass.com/sitemap.xml" "Mozilla/5.0 (Linux; Android 7.0;) AppleWebKit/537.36 (KHTML, like Gecko) Mobile Safari/537.36 (compatible; PetalBot;+https://webmaster.petalsearch.com/site/petalbot)" 178 **0/178192**
47.128.37.192 - - [26/Mar/2026:12:59:55 -0700] "GET /robots.txt HTTP/1.1" 403 87 "-" "Mozilla/5.0 (Linux; Android 5.0) AppleWebKit/537.36 (KHTML, like Gecko) Mobile Safari/537.36 (compatible; Bytespider; spider-feedback@bytedance.com)" 134 **0/134342**
114.119.143.130 - - [26/Mar/2026:13:00:46 -0700] "GET /shopdetail/3552102704.phtml HTTP/1.1" 200 4105 "https://customcabinetsmass.com/sitemap.xml" "Mozilla/5.0 (Linux; Android 7.0;) AppleWebKit/537.36 (KHTML, like Gecko) Mobile Safari/537.36 (compatible; PetalBot;+https://webmaster.petalsearch.com/site/petalbot)" 171 **0/171909**
43.157.50.58 - - [26/Mar/2026:13:01:37 -0700] "GET /?locale=ja HTTP/1.1" 200 12774 "-" "Mozilla/5.0 (iPhone; CPU iPhone OS 13_2_3 like Mac OS X) AppleWebKit/605.1.15 (KHTML, like Gecko) Version/13.0.3 Mobile/15E148 Safari/604.1" 103 **0/103404**
114.119.151.172 - - [26/Mar/2026:13:02:28 -0700] "GET /shopdetail/3547513916.phtml HTTP/1.1" 200 4105 "https://customcabinetsmass.com/sitemap.xml" "Mozilla/5.0 (Linux; Android 7.0;) AppleWebKit/537.36 (KHTML, like Gecko) Mobile Safari/537.36 (compatible; PetalBot;+https://webmaster.petalsearch.com/site/petalbot)" 175 **0/175738**
114.119.136.15 - - [26/Mar/2026:13:03:36 -0700] "GET /shopdetail/3547350377.phtml HTTP/1.1" 200 4105 "https://customcabinetsmass.com/sitemap.xml" "Mozilla/5.0 (Linux; Android 7.0;) AppleWebKit/537.36 (KHTML, like Gecko) Mobile Safari/537.36 (compatible; PetalBot;+https://webmaster.petalsearch.com/site/petalbot)" 156 **0/156567**
47.128.37.170 - - [26/Mar/2026:13:03:54 -0700] "GET /test-post-for-wordpress/?fileloc=%2Fhome%2Fnhqyemt2u0zd%2Fpublic_html%2Fwp-settings.php&path=%2Fhome%2Fnhqyemt2u0zd%2Fpublic_html HTTP/2.0" 403 3580 "-" "Mozilla/5.0 (Linux; Android 5.0) AppleWebKit/537.36 (KHTML, like Gecko) Mobile Safari/537.36 (compatible; Bytespider; spider-feedback@bytedance.com)" 161 **0/161398**
114.119.141.9 - - [26/Mar/2026:13:05:09 -0700] "GET /shopdetail/3546138278.phtml HTTP/1.1" 200 4105 "https://customcabinetsmass.com/sitemap.xml" "Mozilla/5.0 (Linux; Android 7.0;) AppleWebKit/537.36 (KHTML, like Gecko) Mobile Safari/537.36 (compatible; PetalBot;+https://webmaster.petalsearch.com/site/petalbot)" 164 **0/164318**
114.119.145.102 - - [26/Mar/2026:13:06:21 -0700] "GET /shopdetail/3544926179.phtml HTTP/1.1" 200 4105 "https://customcabinetsmass.com/sitemap.xml" "Mozilla/5.0 (Linux; Android 7.0;) AppleWebKit/537.36 (KHTML, like Gecko) Mobile Safari/537.36 (compatible; PetalBot;+https://webmaster.petalsearch.com/site/petalbot)" 144 **0/144978**
47.128.37.178 - - [26/Mar/2026:13:07:02 -0700] "GET /the-rise-of-online-casinos-and-their-impact-on-the-15/?fileloc=%2Fhome%2Fnhqyemt2u0zd%2Fpublic_html%2Fpages.php&path=%2Fhome%2Fnhqyemt2u0zd%2Fpublic_html HTTP/2.0" 403 3580 "-" "Mozilla/5.0 (Linux; Android 5.0) AppleWebKit/537.36 (KHTML, like Gecko) Mobile Safari/537.36 (compatible; Bytespider; spider-feedback@bytedance.com)" 180 **0/180694**
114.119.155.69 - - [26/Mar/2026:13:07:44 -0700] "GET /shopdetail/3527225783.phtml HTTP/1.1" 200 4105 "https://customcabinetsmass.com/sitemap.xml" "Mozilla/5.0 (Linux; Android 7.0;) AppleWebKit/537.36 (KHTML, like Gecko) Mobile Safari/537.36 (compatible; PetalBot;+https://webmaster.petalsearch.com/site/petalbot)" 163 **0/163543**
47.128.37.122 - - [26/Mar/2026:13:07:55 -0700] "GET /casino-legali-in-italia-2025-casino-online-italiani-autorizzati/?fileloc=%2Fhome%2Fnhqyemt2u0zd%2Fpublic_html%2Fwp-settings.php&path=%2Fhome%2Fnhqyemt2u0zd%2Fpublic_html HTTP/2.0" 403 3580 "-" "Mozilla/5.0 (Linux; Android 5.0) AppleWebKit/537.36 (KHTML, like Gecko) Mobile Safari/537.36 (compatible; Bytespider; spider-feedback@bytedance.com)" 164 **0/164671**
114.119.136.15 - - [26/Mar/2026:13:09:10 -0700] "GET /shopdetail/351746444.phtml HTTP/1.1" 200 4105 "https://customcabinetsmass.com/sitemap.xml" "Mozilla/5.0 (Linux; Android 7.0;) AppleWebKit/537.36 (KHTML, like Gecko) Mobile Safari/537.36 (compatible; PetalBot;+https://webmaster.petalsearch.com/site/petalbot)" 171 **0/171441**
114.119.156.190 - - [26/Mar/2026:13:10:31 -0700] "GET /shopdetail/3506330517.phtml HTTP/1.1" 200 4105 "https://customcabinetsmass.com/sitemap.xml" "Mozilla/5.0 (Linux; Android 7.0;) AppleWebKit/537.36 (KHTML, like Gecko) Mobile Safari/537.36 (compatible; PetalBot;+https://webmaster.petalsearch.com/site/petalbot)" 168 **0/168234**
47.128.37.116 - - [26/Mar/2026:13:11:03 -0700] "GET /category/casino/?fileloc=%2Fhome%2Fnhqyemt2u0zd%2Fpublic_html%2F.htaccess&path=%2Fhome%2Fnhqyemt2u0zd%2Fpublic_html HTTP/2.0" 403 3580 "-" "Mozilla/5.0 (Linux; Android 5.0) AppleWebKit/537.36 (KHTML, like Gecko) Mobile Safari/537.36 (compatible; Bytespider; spider-feedback@bytedance.com)" 183 **0/183633**
114.119.156.190 - - [26/Mar/2026:13:12:02 -0700] "GET /shopdetail/350534329.phtml HTTP/1.1" 200 4105 "https://customcabinetsmass.com/sitemap.xml" "Mozilla/5.0 (Linux; Android 7.0;) AppleWebKit/537.36 (KHTML, like Gecko) Mobile Safari/537.36 (compatible; PetalBot;+https://webmaster.petalsearch.com/site/petalbot)" 180 **0/180959**
65.108.125.120 - - [26/Mar/2026:13:12:47 -0700] "GET /robots.txt HTTP/1.1" 200 87 "-" "Mozilla/5.0 (compatible; MJ12bot/v1.4.8; http://mj12bot.com/)" 9 **0/9551**
65.108.125.120 - - [26/Mar/2026:13:12:51 -0700] "GET /?fileloc=/home/nhqyemt2u0zd/public_html/wp-includes/class-wp-ajax-response.php&path=/home/nhqyemt2u0zd/public_html/wp-includes HTTP/1.1" 200 3997 "-" "Mozilla/5.0 (compatible; MJ12bot/v1.4.8; http://mj12bot.com/)" 178 **0/178934**
65.108.125.120 - - [26/Mar/2026:13:12:55 -0700] "GET /?fileloc=/home/nhqyemt2u0zd/public_html/wp-includes/class-wp-customize-section.php&path=/home/nhqyemt2u0zd/public_html/wp-includes HTTP/1.1" 200 5236 "-" "Mozilla/5.0 (compatible; MJ12bot/v1.4.8; http://mj12bot.com/)" 154 **0/154672**
43.153.54.14 - - [26/Mar/2026:13:12:57 -0700] "GET /?locale=cs HTTP/1.1" 200 12601 "-" "Mozilla/5.0 (iPhone; CPU iPhone OS 13_2_3 like Mac OS X) AppleWebKit/605.1.15 (KHTML, like Gecko) Version/13.0.3 Mobile/15E148 Safari/604.1" 92 **0/92332**
65.108.125.120 - - [26/Mar/2026:13:13:00 -0700] "GET /?fileloc=/home/nhqyemt2u0zd/public_html/wp-includes/class-wp-customize-setting.php&path=/home/nhqyemt2u0zd/public_html/wp-includes HTTP/1.1" 200 8514 "-" "Mozilla/5.0 (compatible; MJ12bot/v1.4.8; http://mj12bot.com/)" 182 **0/182310**
65.108.125.120 - - [26/Mar/2026:13:13:09 -0700] "GET /?fileloc=/home/nhqyemt2u0zd/public_html/wp-includes/class-wp-customize-widgets.php&path=/home/nhqyemt2u0zd/public_html/wp-includes HTTP/1.1" 200 16946 "-" "Mozilla/5.0 (compatible; MJ12bot/v1.4.8; http://mj12bot.com/)" 193 **0/193591**
65.108.125.120 - - [26/Mar/2026:13:13:17 -0700] "GET /?fileloc=/home/nhqyemt2u0zd/public_html/wp-includes/class-wp-dependency.php&path=/home/nhqyemt2u0zd/public_html/wp-includes HTTP/1.1" 200 3010 "-" "Mozilla/5.0 (compatible; MJ12bot/v1.4.8; http://mj12bot.com/)" 164 **0/164526**
65.108.125.120 - - [26/Mar/2026:13:13:25 -0700] "GET /?fileloc=/home/nhqyemt2u0zd/public_html/wp-includes/class-wp-editor.php&path=/home/nhqyemt2u0zd/public_html/wp-includes HTTP/1.1" 200 17852 "-" "Mozilla/5.0 (compatible; MJ12bot/v1.4.8; http://mj12bot.com/)" 184 **0/184167**
114.119.141.9 - - [26/Mar/2026:13:13:30 -0700] "GET /shopdetail/3505118434.phtml HTTP/1.1" 200 4105 "https://customcabinetsmass.com/sitemap.xml" "Mozilla/5.0 (Linux; Android 7.0;) AppleWebKit/537.36 (KHTML, like Gecko) Mobile Safari/537.36 (compatible; PetalBot;+https://webmaster.petalsearch.com/site/petalbot)" 188 **0/188705**
65.108.125.120 - - [26/Mar/2026:13:13:34 -0700] "GET /?fileloc=/home/nhqyemt2u0zd/public_html/wp-includes/class-wp-embed.php&path=/home/nhqyemt2u0zd/public_html/wp-includes HTTP/1.1" 200 6698 "-" "Mozilla/5.0 (compatible; MJ12bot/v1.4.8; http://mj12bot.com/)" 168 **0/168295**
65.108.125.120 - - [26/Mar/2026:13:13:42 -0700] "GET /?fileloc=/home/nhqyemt2u0zd/public_html/wp-includes/class-wp-error.php&path=/home/nhqyemt2u0zd/public_html/wp-includes HTTP/1.1" 200 3514 "-" "Mozilla/5.0 (compatible; MJ12bot/v1.4.8; http://mj12bot.com/)" 177 **0/177728**
65.108.125.120 - - [26/Mar/2026:13:13:50 -0700] "GET /?fileloc=/home/nhqyemt2u0zd/public_html/wp-includes/class-wp-fatal-error-handler.php&path=/home/nhqyemt2u0zd/public_html/wp-includes HTTP/1.1" 200 4364 "-" "Mozilla/5.0 (compatible; MJ12bot/v1.4.8; http://mj12bot.com/)" 179 **0/179817**
65.108.125.120 - - [26/Mar/2026:13:13:59 -0700] "GET /?fileloc=/home/nhqyemt2u0zd/public_html/wp-includes/class-wp-feed-cache-transient.php&path=/home/nhqyemt2u0zd/public_html/wp-includes HTTP/1.1" 200 3022 "-" "Mozilla/5.0 (compatible; MJ12bot/v1.4.8; http://mj12bot.com/)" 205 **0/205579**
65.108.125.120 - - [26/Mar/2026:13:14:07 -0700] "GET /?fileloc=/home/nhqyemt2u0zd/public_html/wp-includes/class-wp-feed-cache.php&path=/home/nhqyemt2u0zd/public_html/wp-includes HTTP/1.1" 200 2584 "-" "Mozilla/5.0 (compatible; MJ12bot/v1.4.8; http://mj12bot.com/)" 177 **0/177065**
65.108.125.120 - - [26/Mar/2026:13:14:15 -0700] "GET /?fileloc=/home/nhqyemt2u0zd/public_html/wp-includes/class-wp-hook.php&path=/home/nhqyemt2u0zd/public_html/wp-includes HTTP/1.1" 200 5563 "-" "Mozilla/5.0 (compatible; MJ12bot/v1.4.8; http://mj12bot.com/)" 169 **0/169621**
65.108.125.120 - - [26/Mar/2026:13:14:24 -0700] "GET /?fileloc=/home/nhqyemt2u0zd/public_html/wp-includes/class-wp-http-cookie.php&path=/home/nhqyemt2u0zd/public_html/wp-includes HTTP/1.1" 200 4536 "-" "Mozilla/5.0 (compatible; MJ12bot/v1.4.8; http://mj12bot.com/)" 172 **0/172338**
175.212.160.144 - - [26/Mar/2026:13:14:24 -0700] "GET /explore-the-thrill-of-online-casino-slotit-uk/ HTTP/1.1" 200 3580 "https://customcabinetsmass.com/" "Mozilla/5.0 (Windows NT 10.0; Win64; x64) AppleWebKit/537.36 (KHTML, like Gecko) Chrome/114.0.0.0 Safari/537.36" 174 **0/174816**
175.212.160.144 - - [26/Mar/2026:13:14:25 -0700] "GET /explore-the-thrill-of-online-casino-slotit-uk/?fileloc=/home/nhqyemt2u0zd/public_html/wp-config-sample.php&path=/home/nhqyemt2u0zd/public_html HTTP/1.1" 200 3447 "https://customcabinetsmass.com/explore-the-thrill-of-online-casino-slotit-uk/" "Mozilla/5.0 (Windows NT 10.0; Win64; x64) AppleWebKit/537.36 (KHTML, like Gecko) Chrome/114.0.0.0 Safari/537.36" 180 **0/180802**
65.108.125.120 - - [26/Mar/2026:13:14:32 -0700] "GET /?fileloc=/home/nhqyemt2u0zd/public_html/wp-includes/class-wp-http-curl.php&path=/home/nhqyemt2u0zd/public_html/wp-includes HTTP/1.1" 200 5751 "-" "Mozilla/5.0 (compatible; MJ12bot/v1.4.8; http://mj12bot.com/)" 179 **0/179338**
65.108.125.120 - - [26/Mar/2026:13:14:40 -0700] "GET /?fileloc=/home/nhqyemt2u0zd/public_html/wp-includes/class-wp-http-encoding.php&path=/home/nhqyemt2u0zd/public_html/wp-includes HTTP/1.1" 200 4259 "-" "Mozilla/5.0 (compatible; MJ12bot/v1.4.8; http://mj12bot.com/)" 177 **0/177143**
65.108.125.120 - - [26/Mar/2026:13:14:48 -0700] "GET /?fileloc=/home/nhqyemt2u0zd/public_html/wp-includes/class-wp-http-ixr-client.php&path=/home/nhqyemt2u0zd/public_html/wp-includes HTTP/1.1" 200 3498 "-" "Mozilla/5.0 (compatible; MJ12bot/v1.4.8; http://mj12bot.com/)" 173 **0/173321**
65.108.125.120 - - [26/Mar/2026:13:14:57 -0700] "GET /?fileloc=/home/nhqyemt2u0zd/public_html/wp-includes/class-wp-http-response.php&path=/home/nhqyemt2u0zd/public_html/wp-includes HTTP/1.1" 200 3064 "-" "Mozilla/5.0 (compatible; MJ12bot/v1.4.8; http://mj12bot.com/)" 163 **0/163819**
114.119.143.130 - - [26/Mar/2026:13:15:01 -0700] "GET /shopdetail/3503906335.phtml HTTP/1.1" 200 4105 "https://customcabinetsmass.com/sitemap.xml" "Mozilla/5.0 (Linux; Android 7.0;) AppleWebKit/537.36 (KHTML, like Gecko) Mobile Safari/537.36 (compatible; PetalBot;+https://webmaster.petalsearch.com/site/petalbot)" 239 **0/239046**
65.108.125.120 - - [26/Mar/2026:13:15:05 -0700] "GET /?fileloc=/home/nhqyemt2u0zd/public_html/wp-includes/class-wp-http-streams.php&path=/home/nhqyemt2u0zd/public_html/wp-includes HTTP/1.1" 200 6621 "-" "Mozilla/5.0 (compatible; MJ12bot/v1.4.8; http://mj12bot.com/)" 182 **0/182062**
65.108.125.120 - - [26/Mar/2026:13:15:13 -0700] "GET /?fileloc=/home/nhqyemt2u0zd/public_html/wp-includes/class-wp-image-editor-gd.php&path=/home/nhqyemt2u0zd/public_html/wp-includes HTTP/1.1" 200 5592 "-" "Mozilla/5.0 (compatible; MJ12bot/v1.4.8; http://mj12bot.com/)" 180 **0/180807**
65.108.125.120 - - [26/Mar/2026:13:15:22 -0700] "GET /?fileloc=/home/nhqyemt2u0zd/public_html/wp-includes/class-wp-image-editor-imagick.php&path=/home/nhqyemt2u0zd/public_html/wp-includes HTTP/1.1" 200 8145 "-" "Mozilla/5.0 (compatible; MJ12bot/v1.4.8; http://mj12bot.com/)" 181 **0/181514**
65.108.125.120 - - [26/Mar/2026:13:15:30 -0700] "GET /?fileloc=/home/nhqyemt2u0zd/public_html/wp-includes/class-wp-image-editor.php&path=/home/nhqyemt2u0zd/public_html/wp-includes HTTP/1.1" 200 5499 "-" "Mozilla/5.0 (compatible; MJ12bot/v1.4.8; http://mj12bot.com/)" 199 **0/199301**
65.108.125.120 - - [26/Mar/2026:13:15:38 -0700] "GET /?fileloc=/home/nhqyemt2u0zd/public_html/wp-includes/class-wp-list-util.php&path=/home/nhqyemt2u0zd/public_html/wp-includes HTTP/1.1" 200 4070 "-" "Mozilla/5.0 (compatible; MJ12bot/v1.4.8; http://mj12bot.com/)" 174 **0/174935**
65.108.125.120 - - [26/Mar/2026:13:15:42 -0700] "GET /?fileloc=/home/nhqyemt2u0zd/public_html/wp-includes/class-wp-locale-switcher.php&path=/home/nhqyemt2u0zd/public_html/wp-includes HTTP/1.1" 200 3591 "-" "Mozilla/5.0 (compatible; MJ12bot/v1.4.8; http://mj12bot.com/)" 174 **0/174328**
65.108.125.120 - - [26/Mar/2026:13:15:50 -0700] "GET /?fileloc=/home/nhqyemt2u0zd/public_html/wp-includes/class-wp-locale.php&path=/home/nhqyemt2u0zd/public_html/wp-includes HTTP/1.1" 200 5277 "-" "Mozilla/5.0 (compatible; MJ12bot/v1.4.8; http://mj12bot.com/)" 178 **0/178822**
65.108.125.120 - - [26/Mar/2026:13:15:59 -0700] "GET /?fileloc=/home/nhqyemt2u0zd/public_html/wp-includes/class-wp-matchesmapregex.php&path=/home/nhqyemt2u0zd/public_html/wp-includes HTTP/1.1" 200 2896 "-" "Mozilla/5.0 (compatible; MJ12bot/v1.4.8; http://mj12bot.com/)" 172 **0/172856**
114.119.136.15 - - [26/Mar/2026:13:16:04 -0700] "GET /shopdetail/3502694236.phtml HTTP/1.1" 200 4105 "https://customcabinetsmass.com/sitemap.xml" "Mozilla/5.0 (Linux; Android 7.0;) AppleWebKit/537.36 (KHTML, like Gecko) Mobile Safari/537.36 (compatible; PetalBot;+https://webmaster.petalsearch.com/site/petalbot)" 185 **0/185536**
65.108.125.120 - - [26/Mar/2026:13:16:07 -0700] "GET /?fileloc=/home/nhqyemt2u0zd/public_html/wp-includes/class-wp-meta-query.php&path=/home/nhqyemt2u0zd/public_html/wp-includes HTTP/1.1" 200 8394 "-" "Mozilla/5.0 (compatible; MJ12bot/v1.4.8; http://mj12bot.com/)" 186 **0/186813**
65.108.125.120 - - [26/Mar/2026:13:16:15 -0700] "GET /?fileloc=/home/nhqyemt2u0zd/public_html/wp-includes/class-wp-metadata-lazyloader.php&path=/home/nhqyemt2u0zd/public_html/wp-includes HTTP/1.1" 200 3831 "-" "Mozilla/5.0 (compatible; MJ12bot/v1.4.8; http://mj12bot.com/)" 171 **0/171582**
65.108.125.120 - - [26/Mar/2026:13:16:24 -0700] "GET /?fileloc=/home/nhqyemt2u0zd/public_html/wp-includes/class-wp-network-query.php&path=/home/nhqyemt2u0zd/public_html/wp-includes HTTP/1.1" 200 6461 "-" "Mozilla/5.0 (compatible; MJ12bot/v1.4.8; http://mj12bot.com/)" 169 **0/169393**
65.108.125.120 - - [26/Mar/2026:13:16:32 -0700] "GET /?fileloc=/home/nhqyemt2u0zd/public_html/wp-includes/class-wp-network.php&path=/home/nhqyemt2u0zd/public_html/wp-includes HTTP/1.1" 200 5836 "-" "Mozilla/5.0 (compatible; MJ12bot/v1.4.8; http://mj12bot.com/)" 167 **0/167935**
65.108.125.120 - - [26/Mar/2026:13:16:40 -0700] "GET /?fileloc=/home/nhqyemt2u0zd/public_html/wp-includes/class-wp-oembed-controller.php&path=/home/nhqyemt2u0zd/public_html/wp-includes HTTP/1.1" 200 4028 "-" "Mozilla/5.0 (compatible; MJ12bot/v1.4.8; http://mj12bot.com/)" 170 **0/170478**
65.108.125.120 - - [26/Mar/2026:13:16:49 -0700] "GET /?fileloc=/home/nhqyemt2u0zd/public_html/wp-includes/class-wp-paused-extensions-storage.php&path=/home/nhqyemt2u0zd/public_html/wp-includes HTTP/1.1" 200 3384 "-" "Mozilla/5.0 (compatible; MJ12bot/v1.4.8; http://mj12bot.com/)" 158 **0/158952**
65.108.125.120 - - [26/Mar/2026:13:16:57 -0700] "GET /?fileloc=/home/nhqyemt2u0zd/public_html/wp-includes/class-wp-post-type.php&path=/home/nhqyemt2u0zd/public_html/wp-includes HTTP/1.1" 200 6675 "-" "Mozilla/5.0 (compatible; MJ12bot/v1.4.8; http://mj12bot.com/)" 173 **0/173054**
82.152.226.41 - - [26/Mar/2026:13:17:01 -0700] "GET /?fileloc=/home/nhqyemt2u0zd/public_html/wp-admin/upgrade-functions.php&path=/home/nhqyemt2u0zd/public_html/wp-admin HTTP/1.1" 200 2683 "-" "Mozilla/5.0 (Macintosh; Intel Mac OS X 10_15_7) AppleWebKit/537.36 (KHTML, like Gecko) Chrome/104.0.0.0 Safari/537.36" 225 **0/225076**
65.108.125.120 - - [26/Mar/2026:13:17:05 -0700] "GET /?fileloc=/home/nhqyemt2u0zd/public_html/wp-includes/class-wp-post.php&path=/home/nhqyemt2u0zd/public_html/wp-includes HTTP/1.1" 200 3863 "-" "Mozilla/5.0 (compatible; MJ12bot/v1.4.8; http://mj12bot.com/)" 167 **0/167178**
213.255.239.239 - - [26/Mar/2026:13:17:09 -0700] "GET /?path=//usr HTTP/1.1" 200 3066 "-" "Mozilla/5.0 (Macintosh; Intel Mac OS X 10_15_7) AppleWebKit/537.36 (KHTML, like Gecko) Chrome/104.0.0.0 Safari/537.36" 165 **0/165575**
109.176.50.132 - - [26/Mar/2026:13:17:09 -0700] "GET /?fileloc=/home/nhqyemt2u0zd/public_html/wp-admin/.htaccess&path=/home/nhqyemt2u0zd/public_html/wp-admin HTTP/1.1" 200 3288 "-" "Mozilla/5.0 (Macintosh; Intel Mac OS X 10_15_7) AppleWebKit/537.36 (KHTML, like Gecko) Chrome/104.0.0.0 Safari/537.36" 174 **0/174024**
78.138.36.25 - - [26/Mar/2026:13:17:10 -0700] "GET /?fileloc=/home/nhqyemt2u0zd/public_html/fuMKCvLJHmEs/cache.php&path=/home/nhqyemt2u0zd/public_html/fuMKCvLJHmEs HTTP/1.1" 200 2746 "-" "Mozilla/5.0 (Macintosh; Intel Mac OS X 10_15_7) AppleWebKit/537.36 (KHTML, like Gecko) Chrome/104.0.0.0 Safari/537.36" 163 **0/163261**
82.24.96.21 - - [26/Mar/2026:13:17:12 -0700] "GET /?path=/home/nhqyemt2u0zd/public_html/wp-includes/js/jquery/ui HTTP/1.1" 200 4199 "-" "Mozilla/5.0 (Macintosh; Intel Mac OS X 10_15_7) AppleWebKit/537.36 (KHTML, like Gecko) Chrome/104.0.0.0 Safari/537.36" 185 **0/185208**
82.26.188.16 - - [26/Mar/2026:13:17:13 -0700] "GET /?fileloc=/home/nhqyemt2u0zd/public_html/wp-includes/canonical.php&path=/home/nhqyemt2u0zd/public_html/wp-includes HTTP/1.1" 200 9753 "-" "Mozilla/5.0 (Macintosh; Intel Mac OS X 10_15_7) AppleWebKit/537.36 (KHTML, like Gecko) Chrome/104.0.0.0 Safari/537.36" 172 **0/172100**
65.108.125.120 - - [26/Mar/2026:13:17:14 -0700] "GET /?fileloc=/home/nhqyemt2u0zd/public_html/wp-includes/class-wp-query.php&path=/home/nhqyemt2u0zd/public_html/wp-includes HTTP/1.1" 200 28326 "-" "Mozilla/5.0 (compatible; MJ12bot/v1.4.8; http://mj12bot.com/)" 199 **0/199344**
65.108.125.120 - - [26/Mar/2026:13:17:22 -0700] "GET /?fileloc=/home/nhqyemt2u0zd/public_html/wp-includes/class-wp-recovery-mode-cookie-service.php&path=/home/nhqyemt2u0zd/public_html/wp-includes HTTP/1.1" 200 4056 "-" "Mozilla/5.0 (compatible; MJ12bot/v1.4.8; http://mj12bot.com/)" 158 **0/158922**
65.108.125.120 - - [26/Mar/2026:13:17:30 -0700] "GET /?fileloc=/home/nhqyemt2u0zd/public_html/wp-includes/class-wp-recovery-mode-email-service.php&path=/home/nhqyemt2u0zd/public_html/wp-includes HTTP/1.1" 200 5030 "-" "Mozilla/5.0 (compatible; MJ12bot/v1.4.8; http://mj12bot.com/)" 176 **0/176181**
65.108.125.120 - - [26/Mar/2026:13:17:38 -0700] "GET /?fileloc=/home/nhqyemt2u0zd/public_html/wp-includes/class-wp-recovery-mode-key-service.php&path=/home/nhqyemt2u0zd/public_html/wp-includes HTTP/1.1" 200 3510 "-" "Mozilla/5.0 (compatible; MJ12bot/v1.4.8; http://mj12bot.com/)" 185 **0/185699**
65.108.125.120 - - [26/Mar/2026:13:17:47 -0700] "GET /?fileloc=/home/nhqyemt2u0zd/public_html/wp-includes/class-wp-recovery-mode-link-service.php&path=/home/nhqyemt2u0zd/public_html/wp-includes HTTP/1.1" 200 3312 "-" "Mozilla/5.0 (compatible; MJ12bot/v1.4.8; http://mj12bot.com/)" 147 **0/147859**
65.108.125.120 - - [26/Mar/2026:13:17:55 -0700] "GET /?fileloc=/home/nhqyemt2u0zd/public_html/wp-includes/class-wp-recovery-mode.php&path=/home/nhqyemt2u0zd/public_html/wp-includes HTTP/1.1" 200 5270 "-" "Mozilla/5.0 (compatible; MJ12bot/v1.4.8; http://mj12bot.com/)" 166 **0/166259**
114.119.155.69 - - [26/Mar/2026:13:18:01 -0700] "GET /shopdetail/3498105432.phtml HTTP/1.1" 200 4105 "https://customcabinetsmass.com/sitemap.xml" "Mozilla/5.0 (Linux; Android 7.0;) AppleWebKit/537.36 (KHTML, like Gecko) Mobile Safari/537.36 (compatible; PetalBot;+https://webmaster.petalsearch.com/site/petalbot)" 167 **0/167522**
65.108.125.120 - - [26/Mar/2026:13:18:03 -0700] "GET /?fileloc=/home/nhqyemt2u0zd/public_html/wp-includes/class-wp-rewrite.php&path=/home/nhqyemt2u0zd/public_html/wp-includes HTTP/1.1" 200 16244 "-" "Mozilla/5.0 (compatible; MJ12bot/v1.4.8; http://mj12bot.com/)" 208 **0/208650**
65.108.125.120 - - [26/Mar/2026:13:18:12 -0700] "GET /?fileloc=/home/nhqyemt2u0zd/public_html/wp-includes/class-wp-role.php&path=/home/nhqyemt2u0zd/public_html/wp-includes HTTP/1.1" 200 3141 "-" "Mozilla/5.0 (compatible; MJ12bot/v1.4.8; http://mj12bot.com/)" 206 **0/206710**
65.108.125.120 - - [26/Mar/2026:13:18:16 -0700] "GET /?fileloc=/home/nhqyemt2u0zd/public_html/wp-includes/class-wp-roles.php&path=/home/nhqyemt2u0zd/public_html/wp-includes HTTP/1.1" 200 4410 "-" "Mozilla/5.0 (compatible; MJ12bot/v1.4.8; http://mj12bot.com/)" 188 **0/188946**
65.108.125.120 - - [26/Mar/2026:13:18:24 -0700] "GET /?fileloc=/home/nhqyemt2u0zd/public_html/wp-includes/class-wp-session-tokens.php&path=/home/nhqyemt2u0zd/public_html/wp-includes HTTP/1.1" 200 4091 "-" "Mozilla/5.0 (compatible; MJ12bot/v1.4.8; http://mj12bot.com/)" 163 **0/163745**
65.108.125.120 - - [26/Mar/2026:13:18:33 -0700] "GET /?fileloc=/home/nhqyemt2u0zd/public_html/wp-includes/class-wp-simplepie-file.php&path=/home/nhqyemt2u0zd/public_html/wp-includes HTTP/1.1" 200 3159 "-" "Mozilla/5.0 (compatible; MJ12bot/v1.4.8; http://mj12bot.com/)" 177 **0/177994**
65.108.125.120 - - [26/Mar/2026:13:18:41 -0700] "GET /?fileloc=/home/nhqyemt2u0zd/public_html/wp-includes/class-wp-simplepie-sanitize-kses.php&path=/home/nhqyemt2u0zd/public_html/wp-includes HTTP/1.1" 200 3066 "-" "Mozilla/5.0 (compatible; MJ12bot/v1.4.8; http://mj12bot.com/)" 180 **0/180766**
65.108.125.120 - - [26/Mar/2026:13:18:49 -0700] "GET /?fileloc=/home/nhqyemt2u0zd/public_html/wp-includes/class-wp-site-query.php&path=/home/nhqyemt2u0zd/public_html/wp-includes HTTP/1.1" 200 8121 "-" "Mozilla/5.0 (compatible; MJ12bot/v1.4.8; http://mj12bot.com/)" 180 **0/180243**
65.108.125.120 - - [26/Mar/2026:13:18:57 -0700] "GET /?fileloc=/home/nhqyemt2u0zd/public_html/wp-includes/class-wp-site.php&path=/home/nhqyemt2u0zd/public_html/wp-includes HTTP/1.1" 200 4205 "-" "Mozilla/5.0 (compatible; MJ12bot/v1.4.8; http://mj12bot.com/)" 170 **0/170252**
65.108.125.120 - - [26/Mar/2026:13:19:05 -0700] "GET /?fileloc=/home/nhqyemt2u0zd/public_html/wp-includes/class-wp-tax-query.php&path=/home/nhqyemt2u0zd/public_html/wp-includes HTTP/1.1" 200 7282 "-" "Mozilla/5.0 (compatible; MJ12bot/v1.4.8; http://mj12bot.com/)" 190 **0/190145**
114.119.155.69 - - [26/Mar/2026:13:19:11 -0700] "GET /shopdetail/349322230.phtml HTTP/1.1" 200 4105 "https://customcabinetsmass.com/sitemap.xml" "Mozilla/5.0 (Linux; Android 7.0;) AppleWebKit/537.36 (KHTML, like Gecko) Mobile Safari/537.36 (compatible; PetalBot;+https://webmaster.petalsearch.com/site/petalbot)" 184 **0/184365**
65.108.125.120 - - [26/Mar/2026:13:19:14 -0700] "GET /?fileloc=/home/nhqyemt2u0zd/public_html/wp-includes/class-wp-taxonomy.php&path=/home/nhqyemt2u0zd/public_html/wp-includes HTTP/1.1" 200 4753 "-" "Mozilla/5.0 (compatible; MJ12bot/v1.4.8; http://mj12bot.com/)" 157 **0/157055**
65.108.125.120 - - [26/Mar/2026:13:19:22 -0700] "GET /?fileloc=/home/nhqyemt2u0zd/public_html/wp-includes/class-wp-term-query.php&path=/home/nhqyemt2u0zd/public_html/wp-includes HTTP/1.1" 200 10022 "-" "Mozilla/5.0 (compatible; MJ12bot/v1.4.8; http://mj12bot.com/)" 173 **0/173252**
65.108.125.120 - - [26/Mar/2026:13:19:30 -0700] "GET /?fileloc=/home/nhqyemt2u0zd/public_html/wp-includes/class-wp-term.php&path=/home/nhqyemt2u0zd/public_html/wp-includes HTTP/1.1" 200 3974 "-" "Mozilla/5.0 (compatible; MJ12bot/v1.4.8; http://mj12bot.com/)" 186 **0/186156**
65.108.125.120 - - [26/Mar/2026:13:19:38 -0700] "GET /?fileloc=/home/nhqyemt2u0zd/public_html/wp-includes/class-wp-text-diff-renderer-inline.php&path=/home/nhqyemt2u0zd/public_html/wp-includes HTTP/1.1" 200 2625 "-" "Mozilla/5.0 (compatible; MJ12bot/v1.4.8; http://mj12bot.com/)" 166 **0/166332**
65.108.125.120 - - [26/Mar/2026:13:19:47 -0700] "GET /?fileloc=/home/nhqyemt2u0zd/public_html/wp-includes/class-wp-text-diff-renderer-table.php&path=/home/nhqyemt2u0zd/public_html/wp-includes HTTP/1.1" 200 6378 "-" "Mozilla/5.0 (compatible; MJ12bot/v1.4.8; http://mj12bot.com/)" 178 **0/178195**
65.108.125.120 - - [26/Mar/2026:13:19:55 -0700] "GET /?fileloc=/home/nhqyemt2u0zd/public_html/wp-includes/class-wp-theme.php&path=/home/nhqyemt2u0zd/public_html/wp-includes HTTP/1.1" 200 13020 "-" "Mozilla/5.0 (compatible; MJ12bot/v1.4.8; http://mj12bot.com/)" 187 **0/187984**
65.108.125.120 - - [26/Mar/2026:13:20:03 -0700] "GET /?fileloc=/home/nhqyemt2u0zd/public_html/wp-includes/class-wp-user-meta-session-tokens.php&path=/home/nhqyemt2u0zd/public_html/wp-includes HTTP/1.1" 200 3087 "-" "Mozilla/5.0 (compatible; MJ12bot/v1.4.8; http://mj12bot.com/)" 335 **0/335131**
65.108.125.120 - - [26/Mar/2026:13:20:12 -0700] "GET /?fileloc=/home/nhqyemt2u0zd/public_html/wp-includes/class-wp-user-query.php&path=/home/nhqyemt2u0zd/public_html/wp-includes HTTP/1.1" 200 9463 "-" "Mozilla/5.0 (compatible; MJ12bot/v1.4.8; http://mj12bot.com/)" 176 **0/176534**
114.119.141.9 - - [26/Mar/2026:13:20:14 -0700] "GET /shopdetail/349158707.phtml HTTP/1.1" 200 4105 "https://customcabinetsmass.com/sitemap.xml" "Mozilla/5.0 (Linux; Android 7.0;) AppleWebKit/537.36 (KHTML, like Gecko) Mobile Safari/537.36 (compatible; PetalBot;+https://webmaster.petalsearch.com/site/petalbot)" 191 **0/191230**
65.108.125.120 - - [26/Mar/2026:13:20:20 -0700] "GET /?fileloc=/home/nhqyemt2u0zd/public_html/wp-includes/class-wp-user.php&path=/home/nhqyemt2u0zd/public_html/wp-includes HTTP/1.1" 200 7522 "-" "Mozilla/5.0 (compatible; MJ12bot/v1.4.8; http://mj12bot.com/)" 195 **0/195208**
65.108.125.120 - - [26/Mar/2026:13:20:28 -0700] "GET /?fileloc=/home/nhqyemt2u0zd/public_html/wp-includes/class-wp-walker.php&path=/home/nhqyemt2u0zd/public_html/wp-includes HTTP/1.1" 200 5114 "-" "Mozilla/5.0 (compatible; MJ12bot/v1.4.8; http://mj12bot.com/)" 194 **0/194427**
65.108.125.120 - - [26/Mar/2026:13:20:36 -0700] "GET /?fileloc=/home/nhqyemt2u0zd/public_html/wp-includes/class-wp-widget-factory.php&path=/home/nhqyemt2u0zd/public_html/wp-includes HTTP/1.1" 200 3351 "-" "Mozilla/5.0 (compatible; MJ12bot/v1.4.8; http://mj12bot.com/)" 171 **0/171665**
65.108.125.120 - - [26/Mar/2026:13:20:45 -0700] "GET /?fileloc=/home/nhqyemt2u0zd/public_html/wp-includes/class-wp-widget.php&path=/home/nhqyemt2u0zd/public_html/wp-includes HTTP/1.1" 200 6375 "-" "Mozilla/5.0 (compatible; MJ12bot/v1.4.8; http://mj12bot.com/)" 172 **0/172584**
65.108.125.120 - - [26/Mar/2026:13:20:53 -0700] "GET /?fileloc=/home/nhqyemt2u0zd/public_html/wp-includes/class-wp-xmlrpc-server.php&path=/home/nhqyemt2u0zd/public_html/wp-includes HTTP/1.1" 200 33952 "-" "Mozilla/5.0 (compatible; MJ12bot/v1.4.8; http://mj12bot.com/)" 194 **0/194240**
65.108.125.120 - - [26/Mar/2026:13:21:02 -0700] "GET /?fileloc=/home/nhqyemt2u0zd/public_html/wp-includes/class-wp.php&path=/home/nhqyemt2u0zd/public_html/wp-includes HTTP/1.1" 200 9121 "-" "Mozilla/5.0 (compatible; MJ12bot/v1.4.8; http://mj12bot.com/)" 236 **0/236561**
65.108.125.120 - - [26/Mar/2026:13:21:10 -0700] "GET /?fileloc=/home/nhqyemt2u0zd/public_html/wp-includes/class.wp-dependencies.php&path=/home/nhqyemt2u0zd/public_html/wp-includes HTTP/1.1" 200 4961 "-" "Mozilla/5.0 (compatible; MJ12bot/v1.4.8; http://mj12bot.com/)" 188 **0/188825**
65.108.125.120 - - [26/Mar/2026:13:21:18 -0700] "GET /?fileloc=/home/nhqyemt2u0zd/public_html/wp-includes/class.wp-scripts.php&path=/home/nhqyemt2u0zd/public_html/wp-includes HTTP/1.1" 200 6343 "-" "Mozilla/5.0 (compatible; MJ12bot/v1.4.8; http://mj12bot.com/)" 163 **0/163733**
65.108.125.120 - - [26/Mar/2026:13:21:26 -0700] "GET /?fileloc=/home/nhqyemt2u0zd/public_html/wp-includes/class.wp-styles.php&path=/home/nhqyemt2u0zd/public_html/wp-includes HTTP/1.1" 200 4938 "-" "Mozilla/5.0 (compatible; MJ12bot/v1.4.8; http://mj12bot.com/)" 181 **0/181327**
65.108.125.120 - - [26/Mar/2026:13:21:35 -0700] "GET /?fileloc=/home/nhqyemt2u0zd/public_html/wp-includes/comment-template.php&path=/home/nhqyemt2u0zd/public_html/wp-includes HTTP/1.1" 200 20193 "-" "Mozilla/5.0 (compatible; MJ12bot/v1.4.8; http://mj12bot.com/)" 176 **0/176682**
114.119.156.190 - - [26/Mar/2026:13:21:44 -0700] "GET /shopdetail/3476650640.phtml HTTP/1.1" 200 4105 "https://customcabinetsmass.com/sitemap.xml" "Mozilla/5.0 (Linux; Android 7.0;) AppleWebKit/537.36 (KHTML, like Gecko) Mobile Safari/537.36 (compatible; PetalBot;+https://webmaster.petalsearch.com/site/petalbot)" 179 **0/179202**
65.108.125.120 - - [26/Mar/2026:13:21:47 -0700] "GET /?fileloc=/home/nhqyemt2u0zd/public_html/wp-includes/kses.php&path=/home/nhqyemt2u0zd/public_html/wp-includes HTTP/1.1" 200 16255 "-" "Mozilla/5.0 (compatible; MJ12bot/v1.4.8; http://mj12bot.com/)" 174 **0/174440**
65.108.125.120 - - [26/Mar/2026:13:21:55 -0700] "GET /?fileloc=/home/nhqyemt2u0zd/public_html/wp-includes/l10n.php&path=/home/nhqyemt2u0zd/public_html/wp-includes HTTP/1.1" 200 12036 "-" "Mozilla/5.0 (compatible; MJ12bot/v1.4.8; http://mj12bot.com/)" 175 **0/175722**
65.108.125.120 - - [26/Mar/2026:13:22:04 -0700] "GET /?fileloc=/home/nhqyemt2u0zd/public_html/wp-includes/link-template.php&path=/home/nhqyemt2u0zd/public_html/wp-includes HTTP/1.1" 200 25737 "-" "Mozilla/5.0 (compatible; MJ12bot/v1.4.8; http://mj12bot.com/)" 222 **0/222835**
65.108.125.120 - - [26/Mar/2026:13:22:12 -0700] "GET /?fileloc=/home/nhqyemt2u0zd/public_html/wp-includes/load.php&path=/home/nhqyemt2u0zd/public_html/wp-includes HTTP/1.1" 200 13828 "-" "Mozilla/5.0 (compatible; MJ12bot/v1.4.8; http://mj12bot.com/)" 179 **0/179599**
65.108.125.120 - - [26/Mar/2026:13:22:21 -0700] "GET /?fileloc=/home/nhqyemt2u0zd/public_html/wp-includes/locale.php&path=/home/nhqyemt2u0zd/public_html/wp-includes HTTP/1.1" 200 2370 "-" "Mozilla/5.0 (compatible; MJ12bot/v1.4.8; http://mj12bot.com/)" 185 **0/185738**
65.108.125.120 - - [26/Mar/2026:13:22:29 -0700] "GET /?fileloc=/home/nhqyemt2u0zd/public_html/wp-includes/media-template.php&path=/home/nhqyemt2u0zd/public_html/wp-includes HTTP/1.1" 200 11917 "-" "Mozilla/5.0 (compatible; MJ12bot/v1.4.8; http://mj12bot.com/)" 181 **0/181385**
65.108.125.120 - - [26/Mar/2026:13:22:38 -0700] "GET /?fileloc=/home/nhqyemt2u0zd/public_html/wp-includes/media.php&path=/home/nhqyemt2u0zd/public_html/wp-includes HTTP/1.1" 200 34649 "-" "Mozilla/5.0 (compatible; MJ12bot/v1.4.8; http://mj12bot.com/)" 190 **0/190723**
65.108.125.120 - - [26/Mar/2026:13:22:46 -0700] "GET /?fileloc=/home/nhqyemt2u0zd/public_html/wp-includes/meta.php&path=/home/nhqyemt2u0zd/public_html/wp-includes HTTP/1.1" 200 10262 "-" "Mozilla/5.0 (compatible; MJ12bot/v1.4.8; http://mj12bot.com/)" 183 **0/183032**
43.157.174.69 - - [26/Mar/2026:13:22:50 -0700] "GET /?locale=pt_br HTTP/1.1" 200 12490 "-" "Mozilla/5.0 (iPhone; CPU iPhone OS 13_2_3 like Mac OS X) AppleWebKit/605.1.15 (KHTML, like Gecko) Version/13.0.3 Mobile/15E148 Safari/604.1" 119 **0/119530**
65.108.125.120 - - [26/Mar/2026:13:22:54 -0700] "GET /?fileloc=/home/nhqyemt2u0zd/public_html/wp-includes/ms-blogs.php&path=/home/nhqyemt2u0zd/public_html/wp-includes HTTP/1.1" 200 7700 "-" "Mozilla/5.0 (compatible; MJ12bot/v1.4.8; http://mj12bot.com/)" 162 **0/162281**
65.108.125.120 - - [26/Mar/2026:13:23:02 -0700] "GET /?fileloc=/home/nhqyemt2u0zd/public_html/wp-includes/ms-default-constants.php&path=/home/nhqyemt2u0zd/public_html/wp-includes HTTP/1.1" 200 3748 "-" "Mozilla/5.0 (compatible; MJ12bot/v1.4.8; http://mj12bot.com/)" 213 **0/213519**
114.119.141.9 - - [26/Mar/2026:13:23:07 -0700] "GET /shopdetail/3475438541.phtml HTTP/1.1" 200 4105 "https://customcabinetsmass.com/sitemap.xml" "Mozilla/5.0 (Linux; Android 7.0;) AppleWebKit/537.36 (KHTML, like Gecko) Mobile Safari/537.36 (compatible; PetalBot;+https://webmaster.petalsearch.com/site/petalbot)" 234 **0/234669**
47.128.37.138 - - [26/Mar/2026:13:23:07 -0700] "GET /the-rise-of-online-casinos-and-their-impact-on-the-15/?fileloc=%2Fhome%2Fnhqyemt2u0zd%2Fpublic_html%2Ftxets.php&path=%2Fhome%2Fnhqyemt2u0zd%2Fpublic_html HTTP/2.0" 403 3580 "-" "Mozilla/5.0 (Linux; Android 5.0) AppleWebKit/537.36 (KHTML, like Gecko) Mobile Safari/537.36 (compatible; Bytespider; spider-feedback@bytedance.com)" 219 **0/219518**
65.108.125.120 - - [26/Mar/2026:13:23:10 -0700] "GET /?fileloc=/home/nhqyemt2u0zd/public_html/wp-includes/ms-default-filters.php&path=/home/nhqyemt2u0zd/public_html/wp-includes HTTP/1.1" 200 3876 "-" "Mozilla/5.0 (compatible; MJ12bot/v1.4.8; http://mj12bot.com/)" 178 **0/178439**
65.108.125.120 - - [26/Mar/2026:13:23:19 -0700] "GET /?fileloc=/home/nhqyemt2u0zd/public_html/wp-includes/ms-deprecated.php&path=/home/nhqyemt2u0zd/public_html/wp-includes HTTP/1.1" 200 7825 "-" "Mozilla/5.0 (compatible; MJ12bot/v1.4.8; http://mj12bot.com/)" 171 **0/171350**
65.108.125.120 - - [26/Mar/2026:13:23:27 -0700] "GET /?fileloc=/home/nhqyemt2u0zd/public_html/wp-includes/ms-files.php&path=/home/nhqyemt2u0zd/public_html/wp-includes HTTP/1.1" 200 3351 "-" "Mozilla/5.0 (compatible; MJ12bot/v1.4.8; http://mj12bot.com/)" 169 **0/169499**
65.108.125.120 - - [26/Mar/2026:13:23:35 -0700] "GET /?fileloc=/home/nhqyemt2u0zd/public_html/wp-includes/ms-functions.php&path=/home/nhqyemt2u0zd/public_html/wp-includes HTTP/1.1" 200 20474 "-" "Mozilla/5.0 (compatible; MJ12bot/v1.4.8; http://mj12bot.com/)" 166 **0/166885**
65.108.125.120 - - [26/Mar/2026:13:23:44 -0700] "GET /?fileloc=/home/nhqyemt2u0zd/public_html/wp-includes/ms-load.php&path=/home/nhqyemt2u0zd/public_html/wp-includes HTTP/1.1" 200 8212 "-" "Mozilla/5.0 (compatible; MJ12bot/v1.4.8; http://mj12bot.com/)" 173 **0/173823**
65.108.125.120 - - [26/Mar/2026:13:23:52 -0700] "GET /?fileloc=/home/nhqyemt2u0zd/public_html/wp-includes/ms-network.php&path=/home/nhqyemt2u0zd/public_html/wp-includes HTTP/1.1" 200 3546 "-" "Mozilla/5.0 (compatible; MJ12bot/v1.4.8; http://mj12bot.com/)" 174 **0/174820**
65.108.125.120 - - [26/Mar/2026:13:24:00 -0700] "GET /?fileloc=/home/nhqyemt2u0zd/public_html/wp-includes/ms-settings.php&path=/home/nhqyemt2u0zd/public_html/wp-includes HTTP/1.1" 200 3723 "-" "Mozilla/5.0 (compatible; MJ12bot/v1.4.8; http://mj12bot.com/)" 200 **0/200860**
65.108.125.120 - - [26/Mar/2026:13:24:08 -0700] "GET /?fileloc=/home/nhqyemt2u0zd/public_html/wp-includes/ms-site.php&path=/home/nhqyemt2u0zd/public_html/wp-includes HTTP/1.1" 200 11933 "-" "Mozilla/5.0 (compatible; MJ12bot/v1.4.8; http://mj12bot.com/)" 195 **0/195695**
65.108.125.120 - - [26/Mar/2026:13:24:17 -0700] "GET /?fileloc=/home/nhqyemt2u0zd/public_html/wp-includes/nav-menu-template.php&path=/home/nhqyemt2u0zd/public_html/wp-includes HTTP/1.1" 200 7411 "-" "Mozilla/5.0 (compatible; MJ12bot/v1.4.8; http://mj12bot.com/)" 168 **0/168821**
65.108.125.120 - - [26/Mar/2026:13:24:25 -0700] "GET /?fileloc=/home/nhqyemt2u0zd/public_html/wp-includes/nav-menu.php&path=/home/nhqyemt2u0zd/public_html/wp-includes HTTP/1.1" 200 11085 "-" "Mozilla/5.0 (compatible; MJ12bot/v1.4.8; http://mj12bot.com/)" 173 **0/173022**
114.119.143.130 - - [26/Mar/2026:13:24:28 -0700] "GET /shopdetail/3474226426.phtml HTTP/1.1" 200 4105 "https://customcabinetsmass.com/sitemap.xml" "Mozilla/5.0 (Linux; Android 7.0;) AppleWebKit/537.36 (KHTML, like Gecko) Mobile Safari/537.36 (compatible; PetalBot;+https://webmaster.petalsearch.com/site/petalbot)" 154 **0/154909**
65.108.125.120 - - [26/Mar/2026:13:24:33 -0700] "GET /?fileloc=/home/nhqyemt2u0zd/public_html/wp-includes/option.php&path=/home/nhqyemt2u0zd/public_html/wp-includes HTTP/1.1" 200 14002 "-" "Mozilla/5.0 (compatible; MJ12bot/v1.4.8; http://mj12bot.com/)" 170 **0/170066**
65.108.125.120 - - [26/Mar/2026:13:24:41 -0700] "GET /?fileloc=/home/nhqyemt2u0zd/public_html/wp-includes/pluggable-deprecated.php&path=/home/nhqyemt2u0zd/public_html/wp-includes HTTP/1.1" 200 4026 "-" "Mozilla/5.0 (compatible; MJ12bot/v1.4.8; http://mj12bot.com/)" 180 **0/180006**
65.108.125.120 - - [26/Mar/2026:13:24:49 -0700] "GET /?fileloc=/home/nhqyemt2u0zd/public_html/wp-includes/pluggable.php&path=/home/nhqyemt2u0zd/public_html/wp-includes HTTP/1.1" 200 24486 "-" "Mozilla/5.0 (compatible; MJ12bot/v1.4.8; http://mj12bot.com/)" 180 **0/180113**
65.108.125.120 - - [26/Mar/2026:13:24:58 -0700] "GET /?fileloc=/home/nhqyemt2u0zd/public_html/wp-includes/plugin.php&path=/home/nhqyemt2u0zd/public_html/wp-includes HTTP/1.1" 200 9493 "-" "Mozilla/5.0 (compatible; MJ12bot/v1.4.8; http://mj12bot.com/)" 212 **0/212375**
