216.73.216.1 - - [26/Mar/2026:05:29:58 -0700] "GET /bc-game-787650231?fileloc=%2F%2Fusr%2Fshare%2Fi18n%2Flocales%2Fes_CL&path=%2F%2Fusr%2Fshare%2Fi18n%2Flocales HTTP/1.1" 200 3347 "-" "Mozilla/5.0 AppleWebKit/537.36 (KHTML, like Gecko; compatible; ClaudeBot/1.0; +claudebot@anthropic.com)" 168 **0/168461**
74.7.242.2 - - [26/Mar/2026:05:29:58 -0700] "GET /shopdetail/3847079756.phtml?fileloc=/home/nhqyemt2u0zd/public_html/wp-content/themes/twentysixteen/readme.txt&path=/home/nhqyemt2u0zd/public_html/wp-content/themes/twentysixteen HTTP/1.1" 200 3803 "http://customcabinetsmass.com/shopdetail/3847079756.phtml?path=/home/nhqyemt2u0zd/public_html/wp-content/themes/twentysixteen" "Mozilla/5.0 AppleWebKit/537.36 (KHTML, like Gecko; compatible; GPTBot/1.3; +https://openai.com/gptbot)" 183 **0/183705**
57.141.14.51 - - [26/Mar/2026:05:30:00 -0700] "GET /shopdetail/3275354551.phtml?fileloc=//bin/du&path=//bin HTTP/1.1" 403 64163 "-" "meta-externalagent/1.1 (+https://developers.facebook.com/docs/sharing/webmasters/crawler)" 176 **0/176900**
216.73.216.1 - - [26/Mar/2026:05:30:01 -0700] "GET /bets24-your-ultimate-destination-for-sportsbook?fileloc=%2F%2Fproc%2Fthread-self%2Froot%2Flib64%2Ftcl8.6%2FTix8.4.3%2FFloatEnt.tcl&path=%2F%2Fproc%2Fthread-self%2Froot%2Flib64%2Ftcl8.6%2FTix8.4.3 HTTP/1.1" 200 3310 "-" "Mozilla/5.0 AppleWebKit/537.36 (KHTML, like Gecko; compatible; ClaudeBot/1.0; +claudebot@anthropic.com)" 285 **0/285338**
74.7.242.2 - - [26/Mar/2026:05:30:01 -0700] "GET /shopdetail/3847079756.phtml?fileloc=/home/nhqyemt2u0zd/public_html/wp-content/themes/twentysixteen/page.php&path=/home/nhqyemt2u0zd/public_html/wp-content/themes/twentysixteen HTTP/1.1" 200 2752 "http://customcabinetsmass.com/shopdetail/3847079756.phtml?path=/home/nhqyemt2u0zd/public_html/wp-content/themes/twentysixteen" "Mozilla/5.0 AppleWebKit/537.36 (KHTML, like Gecko; compatible; GPTBot/1.3; +https://openai.com/gptbot)" 304 **0/304693**
57.141.14.39 - - [26/Mar/2026:05:30:03 -0700] "GET /shopdetail/3773988170.phtml?fileloc=//lib/firmware/qcom/x1e80100/LENOVO/83ED/adspua.jsn&path=//lib/firmware/qcom/x1e80100/LENOVO/83ED HTTP/1.1" 403 64163 "-" "meta-externalagent/1.1 (+https://developers.facebook.com/docs/sharing/webmasters/crawler)" 202 **0/202360**
216.73.216.1 - - [26/Mar/2026:05:30:04 -0700] "GET /kupit-diplom-igu-na-blanke-goznak?path=%2Fhome%2Fnhqyemt2u0zd%2Fwww%2Fwp-content%2Fplugins%2Fofficial-facebook-pixel%2Fvendor HTTP/1.1" 200 2694 "-" "Mozilla/5.0 AppleWebKit/537.36 (KHTML, like Gecko; compatible; ClaudeBot/1.0; +claudebot@anthropic.com)" 203 **0/203966**
74.7.242.2 - - [26/Mar/2026:05:30:05 -0700] "GET /shopdetail/3847079756.phtml?path=/home/nhqyemt2u0zd/public_html/wp-content/themes/twentysixteen/genericons HTTP/1.1" 200 2872 "http://customcabinetsmass.com/shopdetail/3847079756.phtml?path=/home/nhqyemt2u0zd/public_html/wp-content/themes/twentysixteen" "Mozilla/5.0 AppleWebKit/537.36 (KHTML, like Gecko; compatible; GPTBot/1.3; +https://openai.com/gptbot)" 179 **0/179715**
57.141.14.16 - - [26/Mar/2026:05:30:06 -0700] "GET /shopdetail/3275354551.phtml?fileloc=//bin/getopt&path=//bin HTTP/1.1" 403 64163 "-" "meta-externalagent/1.1 (+https://developers.facebook.com/docs/sharing/webmasters/crawler)" 253 **0/253359**
57.141.14.61 - - [26/Mar/2026:05:30:07 -0700] "GET /shopdetail/802050690.phtml?fileloc=//usr/lib/firmware/rtlwifi/rtl8723bu_nic.bin&path=//usr/lib/firmware/rtlwifi HTTP/1.1" 403 64163 "-" "meta-externalagent/1.1 (+https://developers.facebook.com/docs/sharing/webmasters/crawler)" 223 **0/223388**
216.73.216.1 - - [26/Mar/2026:05:30:07 -0700] "GET /bets24-your-ultimate-destination-for-sportsbook?fileloc=%2F%2Fhome%2Fnhqyemt2u0zd%2Fpublic_html%2Fwp-admin%2Fincludes%2Fimport.php&path=%2F%2Fhome%2Fnhqyemt2u0zd%2Fpublic_html%2Fwp-admin%2Fincludes HTTP/1.1" 200 4392 "-" "Mozilla/5.0 AppleWebKit/537.36 (KHTML, like Gecko; compatible; ClaudeBot/1.0; +claudebot@anthropic.com)" 217 **0/217153**
74.7.242.2 - - [26/Mar/2026:05:30:08 -0700] "GET /shopdetail/3847079756.phtml?path=/home/nhqyemt2u0zd/public_html/wp-content/plugins/bidatasion-fasttypescriptor/includes/js HTTP/1.1" 200 2754 "http://customcabinetsmass.com/shopdetail/3847079756.phtml?path=/home/nhqyemt2u0zd/public_html/wp-content/plugins/bidatasion-fasttypescriptor/includes" "Mozilla/5.0 AppleWebKit/537.36 (KHTML, like Gecko; compatible; GPTBot/1.3; +https://openai.com/gptbot)" 182 **0/182905**
57.141.14.17 - - [26/Mar/2026:05:30:08 -0700] "GET /shopdetail/3275354551.phtml?fileloc=//bin/hostid&path=//bin HTTP/1.1" 403 64163 "-" "meta-externalagent/1.1 (+https://developers.facebook.com/docs/sharing/webmasters/crawler)" 169 **0/169140**
216.73.216.1 - - [26/Mar/2026:05:30:10 -0700] "GET /online-casino-uden-mitid-sdan-spiller-du-sikkert?fileloc=%2F%2Fusr%2Fshare%2Fman%2Fman1%2Frmdir.1.gz&path=%2F%2Fusr%2Fshare%2Fman%2Fman1 HTTP/1.1" 200 2281 "-" "Mozilla/5.0 AppleWebKit/537.36 (KHTML, like Gecko; compatible; ClaudeBot/1.0; +claudebot@anthropic.com)" 179 **0/179850**
57.141.14.99 - - [26/Mar/2026:05:30:10 -0700] "GET /shopdetail/532933553.phtml?fileloc=//usr/include/linux/isdn/capicmd.h&path=//usr/include/linux/isdn HTTP/1.1" 403 64163 "-" "meta-externalagent/1.1 (+https://developers.facebook.com/docs/sharing/webmasters/crawler)" 200 **0/200475**
57.141.14.14 - - [26/Mar/2026:05:30:11 -0700] "GET /shopdetail/3992669816.phtml?fileloc=//lib/python2.7/site-packages/pip/_vendor/html5lib/treebuilders/__init__.py&path=//lib/python2.7/site-packages/pip/_vendor/html5lib/treebuilders HTTP/1.1" 403 64163 "-" "meta-externalagent/1.1 (+https://developers.facebook.com/docs/sharing/webmasters/crawler)" 196 **0/196958**
74.7.242.2 - - [26/Mar/2026:05:30:11 -0700] "GET /shopdetail/2259192346.phtml?path=/home/nhqyemt2u0zd/public_html/wp-content/plugins/bidatasion-fasttypescriptor/frontend/img HTTP/1.1" 200 2832 "http://customcabinetsmass.com/shopdetail/2259192346.phtml?path=/home/nhqyemt2u0zd/public_html/wp-content/plugins/bidatasion-fasttypescriptor/frontend" "Mozilla/5.0 AppleWebKit/537.36 (KHTML, like Gecko; compatible; GPTBot/1.3; +https://openai.com/gptbot)" 178 **0/178678**
57.141.14.76 - - [26/Mar/2026:05:30:13 -0700] "GET /shopdetail/3275354551.phtml?fileloc=//lib64/libxcb-damage.so.0.0.0&path=//lib64 HTTP/1.1" 403 64163 "-" "meta-externalagent/1.1 (+https://developers.facebook.com/docs/sharing/webmasters/crawler)" 204 **0/204416**
216.73.216.1 - - [26/Mar/2026:05:30:13 -0700] "GET /online-casino-uden-mitid-sdan-spiller-du-sikkert?path=%2F%2Fusr%2Flib%2Fmodules%2F4.18.0-553.54.1.lve.el8.x86_64%2Fkernel%2Ffs%2Foverlayfs HTTP/1.1" 200 2621 "-" "Mozilla/5.0 AppleWebKit/537.36 (KHTML, like Gecko; compatible; ClaudeBot/1.0; +claudebot@anthropic.com)" 173 **0/173415**
57.141.14.94 - - [26/Mar/2026:05:30:14 -0700] "GET /shopdetail/3275354551.phtml?fileloc=//lib64/libtevent.so.0&path=//lib64 HTTP/1.1" 403 64163 "-" "meta-externalagent/1.1 (+https://developers.facebook.com/docs/sharing/webmasters/crawler)" 179 **0/179481**
74.7.242.2 - - [26/Mar/2026:05:30:14 -0700] "GET /shopdetail/3847079756.phtml?path=/home/nhqyemt2u0zd/public_html/wp-content/plugins/bidatasion-fasttypescriptor/includes/img HTTP/1.1" 200 2978 "http://customcabinetsmass.com/shopdetail/3847079756.phtml?path=/home/nhqyemt2u0zd/public_html/wp-content/plugins/bidatasion-fasttypescriptor/includes" "Mozilla/5.0 AppleWebKit/537.36 (KHTML, like Gecko; compatible; GPTBot/1.3; +https://openai.com/gptbot)" 167 **0/167284**
216.73.216.1 - - [26/Mar/2026:05:30:16 -0700] "GET /bets24-your-ultimate-destination-for-sportsbook?fileloc=%2Fhome%2Fnhqyemt2u0zd%2Fpublic_html%2Fwp-content%2Fplugins%2Fhseo%2Fconstants.php&path=%2Fhome%2Fnhqyemt2u0zd%2Fpublic_html%2Fwp-content%2Fplugins%2Fhseo HTTP/1.1" 200 2664 "-" "Mozilla/5.0 AppleWebKit/537.36 (KHTML, like Gecko; compatible; ClaudeBot/1.0; +claudebot@anthropic.com)" 191 **0/191040**
57.141.14.52 - - [26/Mar/2026:05:30:17 -0700] "GET /shopdetail/802050690.phtml?fileloc=//usr/lib/firmware/radeon/kabini_sdma.bin&path=//usr/lib/firmware/radeon HTTP/1.1" 403 64163 "-" "meta-externalagent/1.1 (+https://developers.facebook.com/docs/sharing/webmasters/crawler)" 175 **0/175172**
74.7.242.2 - - [26/Mar/2026:05:30:18 -0700] "GET /shopdetail/3847079756.phtml?path=/home/nhqyemt2u0zd/public_html/wp-content/plugins/bidatasion-fasttypescriptor/frontend/js HTTP/1.1" 200 2909 "http://customcabinetsmass.com/shopdetail/3847079756.phtml?path=/home/nhqyemt2u0zd/public_html/wp-content/plugins/bidatasion-fasttypescriptor/frontend" "Mozilla/5.0 AppleWebKit/537.36 (KHTML, like Gecko; compatible; GPTBot/1.3; +https://openai.com/gptbot)" 200 **0/200782**
57.141.14.100 - - [26/Mar/2026:05:30:17 -0700] "GET /shopdetail/3275354551.phtml?fileloc=//lib64/libnl-nf-3.so.200&path=//lib64 HTTP/1.1" 403 64163 "-" "meta-externalagent/1.1 (+https://developers.facebook.com/docs/sharing/webmasters/crawler)" 363 **0/363312**
216.73.216.1 - - [26/Mar/2026:05:30:19 -0700] "GET /online-casino-uden-mitid-sdan-spiller-du-sikkert?fileloc=%2F%2Fusr%2Fshare%2Fman%2Fman1%2Fkillall.1.gz&path=%2F%2Fusr%2Fshare%2Fman%2Fman1 HTTP/1.1" 200 2282 "-" "Mozilla/5.0 AppleWebKit/537.36 (KHTML, like Gecko; compatible; ClaudeBot/1.0; +claudebot@anthropic.com)" 193 **0/193983**
57.141.14.16 - - [26/Mar/2026:05:30:20 -0700] "GET /shopdetail/3275354551.phtml?fileloc=//proc/softirqs&path=//proc HTTP/1.1" 403 64163 "-" "meta-externalagent/1.1 (+https://developers.facebook.com/docs/sharing/webmasters/crawler)" 162 **0/162655**
57.141.14.66 - - [26/Mar/2026:05:30:21 -0700] "GET /shopdetail/3275354551.phtml?fileloc=//lib64/libsigsegv.so.2.0.4&path=//lib64 HTTP/1.1" 403 64163 "-" "meta-externalagent/1.1 (+https://developers.facebook.com/docs/sharing/webmasters/crawler)" 175 **0/175753**
74.7.242.2 - - [26/Mar/2026:05:30:21 -0700] "GET /shopdetail/2259192346.phtml?path=/home/nhqyemt2u0zd/public_html/wp-content/plugins/bidatasion-fasttypescriptor/includes/js HTTP/1.1" 200 2754 "http://customcabinetsmass.com/shopdetail/2259192346.phtml?path=/home/nhqyemt2u0zd/public_html/wp-content/plugins/bidatasion-fasttypescriptor/includes" "Mozilla/5.0 AppleWebKit/537.36 (KHTML, like Gecko; compatible; GPTBot/1.3; +https://openai.com/gptbot)" 177 **0/177505**
216.73.216.1 - - [26/Mar/2026:05:30:22 -0700] "GET /online-casino-uden-mitid-sdan-spiller-du-sikkert?fileloc=%2F%2Fusr%2Fshare%2Fman%2Fman1%2Fmail.1.gz&path=%2F%2Fusr%2Fshare%2Fman%2Fman1 HTTP/1.1" 200 2281 "-" "Mozilla/5.0 AppleWebKit/537.36 (KHTML, like Gecko; compatible; ClaudeBot/1.0; +claudebot@anthropic.com)" 180 **0/180569**
57.141.14.52 - - [26/Mar/2026:05:30:23 -0700] "GET /shopdetail/3275354551.phtml?fileloc=//sbin/chroot&path=//sbin HTTP/1.1" 403 64163 "-" "meta-externalagent/1.1 (+https://developers.facebook.com/docs/sharing/webmasters/crawler)" 169 **0/169370**
74.7.242.2 - - [26/Mar/2026:05:30:24 -0700] "GET /shopdetail/2259192346.phtml?fileloc=/home/nhqyemt2u0zd/public_html/wp-content/plugins/bidatasion-fasttypescriptor/includes/img/nanojavascriptist-pentainfrastructureist.png&path=/home/nhqyemt2u0zd/public_html/wp-content/plugins/bidatasion-fasttypescriptor/includes/img HTTP/1.1" 200 2348 "http://customcabinetsmass.com/shopdetail/2259192346.phtml?path=/home/nhqyemt2u0zd/public_html/wp-content/plugins/bidatasion-fasttypescriptor/includes/img" "Mozilla/5.0 AppleWebKit/537.36 (KHTML, like Gecko; compatible; GPTBot/1.3; +https://openai.com/gptbot)" 206 **0/206110**
57.141.14.45 - - [26/Mar/2026:05:30:25 -0700] "GET /shopdetail/3275354551.phtml?fileloc=//bin/mariadb-import&path=//bin HTTP/1.1" 403 64163 "-" "meta-externalagent/1.1 (+https://developers.facebook.com/docs/sharing/webmasters/crawler)" 206 **0/206128**
216.73.216.1 - - [26/Mar/2026:05:30:25 -0700] "GET /online-casino-uden-mitid-sdan-spiller-du-sikkert?fileloc=%2F%2Fusr%2Fshare%2Fman%2Fman1%2Fsftp.1.gz&path=%2F%2Fusr%2Fshare%2Fman%2Fman1 HTTP/1.1" 200 2280 "-" "Mozilla/5.0 AppleWebKit/537.36 (KHTML, like Gecko; compatible; ClaudeBot/1.0; +claudebot@anthropic.com)" 188 **0/188016**
74.7.242.2 - - [26/Mar/2026:05:30:27 -0700] "GET /shopdetail/2259192346.phtml?fileloc=/home/nhqyemt2u0zd/public_html/wp-content/plugins/bidatasion-fasttypescriptor/includes/img/megaapplicationable-microserviceist.png&path=/home/nhqyemt2u0zd/public_html/wp-content/plugins/bidatasion-fasttypescriptor/includes/img HTTP/1.1" 200 2346 "http://customcabinetsmass.com/shopdetail/2259192346.phtml?path=/home/nhqyemt2u0zd/public_html/wp-content/plugins/bidatasion-fasttypescriptor/includes/img" "Mozilla/5.0 AppleWebKit/537.36 (KHTML, like Gecko; compatible; GPTBot/1.3; +https://openai.com/gptbot)" 168 **0/168399**
57.141.14.41 - - [26/Mar/2026:05:30:27 -0700] "GET /shopdetail/3275354551.phtml?path=//proc/899334 HTTP/1.1" 403 64163 "-" "meta-externalagent/1.1 (+https://developers.facebook.com/docs/sharing/webmasters/crawler)" 166 **0/166009**
216.73.216.1 - - [26/Mar/2026:05:30:28 -0700] "GET /bc-game-787650231?fileloc=%2F%2Fproc%2Fself%2Ffd%2F4%2Fafafa65ece3f8ef9498a66ca17095b8f72195aaccd2157b92ec8c519522d04f7&path=%2F%2Fproc%2Fself%2Ffd%2F4 HTTP/1.1" 200 2312 "-" "Mozilla/5.0 AppleWebKit/537.36 (KHTML, like Gecko; compatible; ClaudeBot/1.0; +claudebot@anthropic.com)" 198 **0/198959**
57.141.14.52 - - [26/Mar/2026:05:30:29 -0700] "GET /shopdetail/802050690.phtml?fileloc=//usr/lib/firmware/radeon/kabini_pfp.bin&path=//usr/lib/firmware/radeon HTTP/1.1" 403 64163 "-" "meta-externalagent/1.1 (+https://developers.facebook.com/docs/sharing/webmasters/crawler)" 174 **0/174435**
74.7.242.2 - - [26/Mar/2026:05:30:30 -0700] "GET /shopdetail/2259192346.phtml?fileloc=/home/nhqyemt2u0zd/public_html/wp-content/plugins/bidatasion-fasttypescriptor/includes/img/hypertypescriptive-superapplication.png&path=/home/nhqyemt2u0zd/public_html/wp-content/plugins/bidatasion-fasttypescriptor/includes/img HTTP/1.1" 200 2342 "http://customcabinetsmass.com/shopdetail/2259192346.phtml?path=/home/nhqyemt2u0zd/public_html/wp-content/plugins/bidatasion-fasttypescriptor/includes/img" "Mozilla/5.0 AppleWebKit/537.36 (KHTML, like Gecko; compatible; GPTBot/1.3; +https://openai.com/gptbot)" 181 **0/181380**
57.141.14.108 - - [26/Mar/2026:05:30:31 -0700] "GET /shopdetail/802050690.phtml?fileloc=//usr/lib/firmware/radeon/CYPRESS_pfp.bin&path=//usr/lib/firmware/radeon HTTP/1.1" 200 12406 "-" "meta-externalagent/1.1 (+https://developers.facebook.com/docs/sharing/webmasters/crawler)" 191 **0/191588**
216.73.216.1 - - [26/Mar/2026:05:30:31 -0700] "GET /online-casino-uden-mitid-sdan-spiller-du-sikkert?fileloc=%2F%2Fusr%2Fshare%2Fman%2Fman1%2Fdf.1.gz&path=%2F%2Fusr%2Fshare%2Fman%2Fman1 HTTP/1.1" 200 2278 "-" "Mozilla/5.0 AppleWebKit/537.36 (KHTML, like Gecko; compatible; ClaudeBot/1.0; +claudebot@anthropic.com)" 168 **0/168478**
74.7.242.2 - - [26/Mar/2026:05:30:33 -0700] "GET /shopdetail/2259192346.phtml?fileloc=/home/nhqyemt2u0zd/public_html/wp-content/plugins/bidatasion-fasttypescriptor/includes/img/hyperbackend-miniapplicational.png&path=/home/nhqyemt2u0zd/public_html/wp-content/plugins/bidatasion-fasttypescriptor/includes/img HTTP/1.1" 200 2345 "http://customcabinetsmass.com/shopdetail/2259192346.phtml?path=/home/nhqyemt2u0zd/public_html/wp-content/plugins/bidatasion-fasttypescriptor/includes/img" "Mozilla/5.0 AppleWebKit/537.36 (KHTML, like Gecko; compatible; GPTBot/1.3; +https://openai.com/gptbot)" 171 **0/171262**
57.141.14.18 - - [26/Mar/2026:05:30:33 -0700] "GET /shopdetail/3275354551.phtml?fileloc=//lib64/libesoobS.so.2.0.0&path=//lib64 HTTP/1.1" 200 12260 "-" "meta-externalagent/1.1 (+https://developers.facebook.com/docs/sharing/webmasters/crawler)" 186 **0/186157**
216.73.216.1 - - [26/Mar/2026:05:30:34 -0700] "GET /online-casino-uden-mitid-sdan-spiller-du-sikkert?fileloc=%2F%2Fusr%2Fshare%2Fman%2Fman3%2Fxcb_input_get_device_property_items.3.gz&path=%2F%2Fusr%2Fshare%2Fman%2Fman3 HTTP/1.1" 200 2296 "-" "Mozilla/5.0 AppleWebKit/537.36 (KHTML, like Gecko; compatible; ClaudeBot/1.0; +claudebot@anthropic.com)" 204 **0/204182**
57.141.14.88 - - [26/Mar/2026:05:30:35 -0700] "GET /shopdetail/4007600688.phtml?fileloc=//lib64/ImageMagick-6.9.13/modules-Q16/coders/pes.la&path=//lib64/ImageMagick-6.9.13/modules-Q16/coders HTTP/1.1" 200 13562 "-" "meta-externalagent/1.1 (+https://developers.facebook.com/docs/sharing/webmasters/crawler)" 178 **0/178636**
74.7.242.2 - - [26/Mar/2026:05:30:37 -0700] "GET /shopdetail/2259192346.phtml?fileloc=/home/nhqyemt2u0zd/public_html/wp-content/plugins/bidatasion-fasttypescriptor/includes/img/ultratypescriptment-smartjavascriptless.png&path=/home/nhqyemt2u0zd/public_html/wp-content/plugins/bidatasion-fasttypescriptor/includes/img HTTP/1.1" 200 2345 "http://customcabinetsmass.com/shopdetail/2259192346.phtml?path=/home/nhqyemt2u0zd/public_html/wp-content/plugins/bidatasion-fasttypescriptor/includes/img" "Mozilla/5.0 AppleWebKit/537.36 (KHTML, like Gecko; compatible; GPTBot/1.3; +https://openai.com/gptbot)" 192 **0/192732**
57.141.14.68 - - [26/Mar/2026:05:30:37 -0700] "GET /shopdetail/4007600688.phtml?fileloc=//lib64/ImageMagick-6.9.13/modules-Q16/coders/rgb.la&path=//lib64/ImageMagick-6.9.13/modules-Q16/coders HTTP/1.1" 200 13562 "-" "meta-externalagent/1.1 (+https://developers.facebook.com/docs/sharing/webmasters/crawler)" 173 **0/173963**
216.73.216.1 - - [26/Mar/2026:05:30:37 -0700] "GET /kupit-diplom-igu-na-blanke-goznak?fileloc=%2Fhome%2Fnhqyemt2u0zd%2Fwww%2Fwp-includes%2Frandom_compat%2F.htaccess&path=%2Fhome%2Fnhqyemt2u0zd%2Fwww%2Fwp-includes%2Frandom_compat HTTP/1.1" 200 2374 "-" "Mozilla/5.0 AppleWebKit/537.36 (KHTML, like Gecko; compatible; ClaudeBot/1.0; +claudebot@anthropic.com)" 180 **0/180430**
57.141.14.91 - - [26/Mar/2026:05:30:38 -0700] "GET /shopdetail/802050690.phtml?fileloc=//usr/lib/firmware/radeon/RV770_me.bin&path=//usr/lib/firmware/radeon HTTP/1.1" 200 12403 "-" "meta-externalagent/1.1 (+https://developers.facebook.com/docs/sharing/webmasters/crawler)" 173 **0/173271**
74.7.242.2 - - [26/Mar/2026:05:30:40 -0700] "GET /shopdetail/2259192346.phtml?path=/home/nhqyemt2u0zd/public_html/wp-content/plugins/bidatasion-fasttypescriptor/frontend/js HTTP/1.1" 200 2909 "http://customcabinetsmass.com/shopdetail/2259192346.phtml?path=/home/nhqyemt2u0zd/public_html/wp-content/plugins/bidatasion-fasttypescriptor/frontend" "Mozilla/5.0 AppleWebKit/537.36 (KHTML, like Gecko; compatible; GPTBot/1.3; +https://openai.com/gptbot)" 177 **0/177680**
216.73.216.1 - - [26/Mar/2026:05:30:40 -0700] "GET /online-casino-uden-mitid-sdan-spiller-du-sikkert?fileloc=%2F%2Fproc%2Fthread-self%2Froot%2Flib%2F.build-id%2Ffa%2F0074ce27e3014a4007431aa00f094f028a2937&path=%2F%2Fproc%2Fthread-self%2Froot%2Flib%2F.build-id%2Ffa HTTP/1.1" 200 2324 "-" "Mozilla/5.0 AppleWebKit/537.36 (KHTML, like Gecko; compatible; ClaudeBot/1.0; +claudebot@anthropic.com)" 179 **0/179032**
57.141.14.76 - - [26/Mar/2026:05:30:40 -0700] "GET /shopdetail/4007600688.phtml?fileloc=//lib/python2.7/site-packages/requests/certs.pyc&path=//lib/python2.7/site-packages/requests HTTP/1.1" 200 12456 "-" "meta-externalagent/1.1 (+https://developers.facebook.com/docs/sharing/webmasters/crawler)" 178 **0/178180**
74.7.242.2 - - [26/Mar/2026:05:30:43 -0700] "GET /shopdetail/3847079756.phtml?fileloc=/home/nhqyemt2u0zd/public_html/wp-content/plugins/bidatasion-fasttypescriptor/includes/js/smartstructureive-triapplicationible.js&path=/home/nhqyemt2u0zd/public_html/wp-content/plugins/bidatasion-fasttypescriptor/includes/js HTTP/1.1" 200 3072 "http://customcabinetsmass.com/shopdetail/3847079756.phtml?path=/home/nhqyemt2u0zd/public_html/wp-content/plugins/bidatasion-fasttypescriptor/includes/js" "Mozilla/5.0 AppleWebKit/537.36 (KHTML, like Gecko; compatible; GPTBot/1.3; +https://openai.com/gptbot)" 170 **0/170304**
57.141.14.77 - - [26/Mar/2026:05:30:43 -0700] "GET /shopdetail/1407305502.phtml?path=//opt/alt/python34/lib64/pkgconfig HTTP/1.1" 200 17403 "-" "meta-externalagent/1.1 (+https://developers.facebook.com/docs/sharing/webmasters/crawler)" 166 **0/166938**
216.73.216.1 - - [26/Mar/2026:05:30:43 -0700] "GET /bets24-your-ultimate-destination-for-sportsbook?fileloc=%2F%2Fhome%2Fnhqyemt2u0zd%2Fpublic_html%2Fwp-admin%2Fincludes%2Fclass-theme-upgrader.php&path=%2F%2Fhome%2Fnhqyemt2u0zd%2Fpublic_html%2Fwp-admin%2Fincludes HTTP/1.1" 200 6710 "-" "Mozilla/5.0 AppleWebKit/537.36 (KHTML, like Gecko; compatible; ClaudeBot/1.0; +claudebot@anthropic.com)" 164 **0/164937**
57.141.14.90 - - [26/Mar/2026:05:30:44 -0700] "GET /shopdetail/802050690.phtml?fileloc=//usr/lib/firmware/radeon/hawaii_me.bin&path=//usr/lib/firmware/radeon HTTP/1.1" 200 12404 "-" "meta-externalagent/1.1 (+https://developers.facebook.com/docs/sharing/webmasters/crawler)" 178 **0/178624**
216.73.216.1 - - [26/Mar/2026:05:30:46 -0700] "GET /online-casino-uden-mitid-sdan-spiller-du-sikkert?fileloc=%2F%2Fusr%2Fshare%2Fman%2Fman8%2Fmkfs.ext2.8.gz&path=%2F%2Fusr%2Fshare%2Fman%2Fman8 HTTP/1.1" 200 2283 "-" "Mozilla/5.0 AppleWebKit/537.36 (KHTML, like Gecko; compatible; ClaudeBot/1.0; +claudebot@anthropic.com)" 177 **0/177042**
74.7.242.2 - - [26/Mar/2026:05:30:46 -0700] "GET /shopdetail/2259192346.phtml?fileloc=/home/nhqyemt2u0zd/public_html/wp-content/plugins/bidatasion-fasttypescriptor/frontend/img/smartalgorithmity-autoreactal.png&path=/home/nhqyemt2u0zd/public_html/wp-content/plugins/bidatasion-fasttypescriptor/frontend/img HTTP/1.1" 200 2342 "http://customcabinetsmass.com/shopdetail/2259192346.phtml?path=/home/nhqyemt2u0zd/public_html/wp-content/plugins/bidatasion-fasttypescriptor/frontend/img" "Mozilla/5.0 AppleWebKit/537.36 (KHTML, like Gecko; compatible; GPTBot/1.3; +https://openai.com/gptbot)" 175 **0/175945**
57.141.14.7 - - [26/Mar/2026:05:30:48 -0700] "GET /shopdetail/3773988170.phtml?fileloc=//lib/firmware/qcom/x1e80100/LENOVO/21N1/adsps.jsn&path=//lib/firmware/qcom/x1e80100/LENOVO/21N1 HTTP/1.1" 200 13302 "-" "meta-externalagent/1.1 (+https://developers.facebook.com/docs/sharing/webmasters/crawler)" 186 **0/186169**
216.73.216.1 - - [26/Mar/2026:05:30:49 -0700] "GET /online-casino-uden-mitid-sdan-spiller-du-sikkert?path=%2F%2Fopt%2Falt%2Ftests%2Falt-php56-pecl-gmagick_1.1.7-1.RC3.el8 HTTP/1.1" 200 2584 "-" "Mozilla/5.0 AppleWebKit/537.36 (KHTML, like Gecko; compatible; ClaudeBot/1.0; +claudebot@anthropic.com)" 183 **0/183919**
74.7.242.2 - - [26/Mar/2026:05:30:49 -0700] "GET /shopdetail/3847079756.phtml?fileloc=/home/nhqyemt2u0zd/public_html/wp-content/plugins/bidatasion-fasttypescriptor/includes/img/nanojavascriptist-pentainfrastructureist.png&path=/home/nhqyemt2u0zd/public_html/wp-content/plugins/bidatasion-fasttypescriptor/includes/img HTTP/1.1" 200 2348 "http://customcabinetsmass.com/shopdetail/3847079756.phtml?path=/home/nhqyemt2u0zd/public_html/wp-content/plugins/bidatasion-fasttypescriptor/includes/img" "Mozilla/5.0 AppleWebKit/537.36 (KHTML, like Gecko; compatible; GPTBot/1.3; +https://openai.com/gptbot)" 188 **0/188449**
57.141.14.73 - - [26/Mar/2026:05:30:51 -0700] "GET /shopdetail/3275354551.phtml?fileloc=//bin/word-list-compress&path=//bin HTTP/1.1" 200 12254 "-" "meta-externalagent/1.1 (+https://developers.facebook.com/docs/sharing/webmasters/crawler)" 188 **0/188499**
57.141.14.69 - - [26/Mar/2026:05:30:52 -0700] "GET /shopdetail/2069673203.phtml?fileloc=//lib64/python2.7/Demo/pdist/sumtree.py&path=//lib64/python2.7/Demo/pdist HTTP/1.1" 200 12972 "-" "meta-externalagent/1.1 (+https://developers.facebook.com/docs/sharing/webmasters/crawler)" 177 **0/177203**
74.7.242.2 - - [26/Mar/2026:05:30:53 -0700] "GET /shopdetail/3847079756.phtml?fileloc=/home/nhqyemt2u0zd/public_html/wp-content/plugins/bidatasion-fasttypescriptor/includes/img/megaapplicationable-microserviceist.png&path=/home/nhqyemt2u0zd/public_html/wp-content/plugins/bidatasion-fasttypescriptor/includes/img HTTP/1.1" 200 2346 "http://customcabinetsmass.com/shopdetail/3847079756.phtml?path=/home/nhqyemt2u0zd/public_html/wp-content/plugins/bidatasion-fasttypescriptor/includes/img" "Mozilla/5.0 AppleWebKit/537.36 (KHTML, like Gecko; compatible; GPTBot/1.3; +https://openai.com/gptbot)" 172 **0/172894**
216.73.216.1 - - [26/Mar/2026:05:30:53 -0700] "GET /online-casino-uden-mitid-sdan-spiller-du-sikkert?fileloc=%2F%2Fusr%2Fshare%2Fman%2Fman3%2FRAND_DRBG_instantiate.3ssl.gz&path=%2F%2Fusr%2Fshare%2Fman%2Fman3 HTTP/1.1" 200 2296 "-" "Mozilla/5.0 AppleWebKit/537.36 (KHTML, like Gecko; compatible; ClaudeBot/1.0; +claudebot@anthropic.com)" 200 **0/200974**
57.141.14.52 - - [26/Mar/2026:05:30:55 -0700] "GET /shopdetail/4007600688.phtml?fileloc=//lib/python2.7/site-packages/chardet/langthaimodel.py&path=//lib/python2.7/site-packages/chardet HTTP/1.1" 200 23760 "-" "meta-externalagent/1.1 (+https://developers.facebook.com/docs/sharing/webmasters/crawler)" 185 **0/185060**
74.7.242.2 - - [26/Mar/2026:05:30:56 -0700] "GET /shopdetail/3847079756.phtml?fileloc=/home/nhqyemt2u0zd/public_html/wp-content/plugins/bidatasion-fasttypescriptor/includes/img/hyperbackend-miniapplicational.png&path=/home/nhqyemt2u0zd/public_html/wp-content/plugins/bidatasion-fasttypescriptor/includes/img HTTP/1.1" 200 2345 "http://customcabinetsmass.com/shopdetail/3847079756.phtml?path=/home/nhqyemt2u0zd/public_html/wp-content/plugins/bidatasion-fasttypescriptor/includes/img" "Mozilla/5.0 AppleWebKit/537.36 (KHTML, like Gecko; compatible; GPTBot/1.3; +https://openai.com/gptbot)" 170 **0/170386**
57.141.14.64 - - [26/Mar/2026:05:30:56 -0700] "GET /shopdetail/1096701791.phtml?fileloc=//lib64/python3.6/html/__pycache__/entities.cpython-36.opt-2.pyc&path=//lib64/python3.6/html/__pycache__ HTTP/1.1" 200 12461 "-" "meta-externalagent/1.1 (+https://developers.facebook.com/docs/sharing/webmasters/crawler)" 178 **0/178975**
216.73.216.1 - - [26/Mar/2026:05:30:56 -0700] "GET /online-casino-uden-mitid-sdan-spiller-du-sikkert?fileloc=%2F%2Fusr%2Fshare%2Fman%2Fman3%2Fwmove.3x.gz&path=%2F%2Fusr%2Fshare%2Fman%2Fman3 HTTP/1.1" 200 2281 "-" "Mozilla/5.0 AppleWebKit/537.36 (KHTML, like Gecko; compatible; ClaudeBot/1.0; +claudebot@anthropic.com)" 185 **0/185600**
74.7.242.2 - - [26/Mar/2026:05:30:59 -0700] "GET /shopdetail/3847079756.phtml?fileloc=/home/nhqyemt2u0zd/public_html/wp-content/plugins/bidatasion-fasttypescriptor/includes/img/ultratypescriptment-smartjavascriptless.png&path=/home/nhqyemt2u0zd/public_html/wp-content/plugins/bidatasion-fasttypescriptor/includes/img HTTP/1.1" 200 2345 "http://customcabinetsmass.com/shopdetail/3847079756.phtml?path=/home/nhqyemt2u0zd/public_html/wp-content/plugins/bidatasion-fasttypescriptor/includes/img" "Mozilla/5.0 AppleWebKit/537.36 (KHTML, like Gecko; compatible; GPTBot/1.3; +https://openai.com/gptbot)" 181 **0/181577**
57.141.14.55 - - [26/Mar/2026:05:30:59 -0700] "GET /shopdetail/3275354551.phtml?fileloc=//lib64/liblftp-jobs.so.0&path=//lib64 HTTP/1.1" 200 12259 "-" "meta-externalagent/1.1 (+https://developers.facebook.com/docs/sharing/webmasters/crawler)" 172 **0/172535**
216.73.216.1 - - [26/Mar/2026:05:30:59 -0700] "GET /online-casino-uden-mitid-sdan-spiller-du-sikkert?fileloc=%2F%2Fusr%2Fshare%2Fman%2Fman3%2FX509_getm_notAfter.3ssl.gz&path=%2F%2Fusr%2Fshare%2Fman%2Fman3 HTTP/1.1" 200 2292 "-" "Mozilla/5.0 AppleWebKit/537.36 (KHTML, like Gecko; compatible; ClaudeBot/1.0; +claudebot@anthropic.com)" 234 **0/234219**
57.141.14.61 - - [26/Mar/2026:05:31:00 -0700] "GET /shopdetail/3275354551.phtml?fileloc=//lib64/libmvec.so.1&path=//lib64 HTTP/1.1" 200 12254 "-" "meta-externalagent/1.1 (+https://developers.facebook.com/docs/sharing/webmasters/crawler)" 189 **0/189100**
57.141.14.39 - - [26/Mar/2026:05:31:00 -0700] "GET /shopdetail/733547892.phtml?fileloc=//lib64/python3.6/site-packages/cryptography/hazmat/backends/openssl/utils.py&path=//lib64/python3.6/site-packages/cryptography/hazmat/backends/openssl HTTP/1.1" 200 15166 "-" "meta-externalagent/1.1 (+https://developers.facebook.com/docs/sharing/webmasters/crawler)" 185 **0/185534**
74.7.242.2 - - [26/Mar/2026:05:31:02 -0700] "GET /shopdetail/2259192346.phtml?fileloc=/home/nhqyemt2u0zd/public_html/wp-content/plugins/bidatasion-fasttypescriptor/includes/js/smartstructureive-triapplicationible.js&path=/home/nhqyemt2u0zd/public_html/wp-content/plugins/bidatasion-fasttypescriptor/includes/js HTTP/1.1" 200 3072 "http://customcabinetsmass.com/shopdetail/2259192346.phtml?path=/home/nhqyemt2u0zd/public_html/wp-content/plugins/bidatasion-fasttypescriptor/includes/js" "Mozilla/5.0 AppleWebKit/537.36 (KHTML, like Gecko; compatible; GPTBot/1.3; +https://openai.com/gptbot)" 183 **0/183158**
216.73.216.1 - - [26/Mar/2026:05:31:02 -0700] "GET /online-casino-uden-mitid-sdan-spiller-du-sikkert?path=%2F%2Flib%2Fmodules%2F4.18.0-553.54.1.lve.el8.x86_64%2Fkernel%2Fnet%2Fipv4 HTTP/1.1" 200 3209 "-" "Mozilla/5.0 AppleWebKit/537.36 (KHTML, like Gecko; compatible; ClaudeBot/1.0; +claudebot@anthropic.com)" 189 **0/189519**
57.141.14.52 - - [26/Mar/2026:05:31:03 -0700] "GET /shopdetail/3275354551.phtml?fileloc=//lib64/libutempter.so.0&path=//lib64 HTTP/1.1" 200 12258 "-" "meta-externalagent/1.1 (+https://developers.facebook.com/docs/sharing/webmasters/crawler)" 180 **0/180356**
57.141.14.79 - - [26/Mar/2026:05:31:04 -0700] "GET /shopdetail/3275354551.phtml?fileloc=//lib64/libsensors.so.4&path=//lib64 HTTP/1.1" 200 12257 "-" "meta-externalagent/1.1 (+https://developers.facebook.com/docs/sharing/webmasters/crawler)" 185 **0/185944**
74.7.242.2 - - [26/Mar/2026:05:31:05 -0700] "GET /shopdetail/3847079756.phtml?fileloc=/home/nhqyemt2u0zd/public_html/wp-content/plugins/bidatasion-fasttypescriptor/includes/img/hypertypescriptive-superapplication.png&path=/home/nhqyemt2u0zd/public_html/wp-content/plugins/bidatasion-fasttypescriptor/includes/img HTTP/1.1" 200 2342 "http://customcabinetsmass.com/shopdetail/3847079756.phtml?path=/home/nhqyemt2u0zd/public_html/wp-content/plugins/bidatasion-fasttypescriptor/includes/img" "Mozilla/5.0 AppleWebKit/537.36 (KHTML, like Gecko; compatible; GPTBot/1.3; +https://openai.com/gptbot)" 179 **0/179091**
216.73.216.1 - - [26/Mar/2026:05:31:05 -0700] "GET /kupit-diplom-igu-na-blanke-goznak?fileloc=%2Fhome%2Fnhqyemt2u0zd%2Fwww%2Fwp-admin%2Fincludes%2Fexport.php&path=%2Fhome%2Fnhqyemt2u0zd%2Fwww%2Fwp-admin%2Fincludes HTTP/1.1" 200 8319 "-" "Mozilla/5.0 AppleWebKit/537.36 (KHTML, like Gecko; compatible; ClaudeBot/1.0; +claudebot@anthropic.com)" 193 **0/193801**
57.141.14.30 - - [26/Mar/2026:05:31:06 -0700] "GET /shopdetail/3614653283.phtml?path=/home/nhqyemt2u0zd/www/wp-content/plugins/laravel-janet/includes/img HTTP/1.1" 200 14913 "-" "meta-externalagent/1.1 (+https://developers.facebook.com/docs/sharing/webmasters/crawler)" 165 **0/165510**
57.141.14.91 - - [26/Mar/2026:05:31:07 -0700] "GET /shopdetail/3275354551.phtml?path=//run/sepermit HTTP/1.1" 200 12703 "-" "meta-externalagent/1.1 (+https://developers.facebook.com/docs/sharing/webmasters/crawler)" 165 **0/165004**
57.141.14.51 - - [26/Mar/2026:05:31:07 -0700] "GET /shopdetail/3275354551.phtml?fileloc=//bin/ex&path=//bin HTTP/1.1" 200 12238 "-" "meta-externalagent/1.1 (+https://developers.facebook.com/docs/sharing/webmasters/crawler)" 173 **0/173268**
74.7.242.2 - - [26/Mar/2026:05:31:08 -0700] "GET /shopdetail/2259192346.phtml?fileloc=/home/nhqyemt2u0zd/public_html/wp-content/plugins/bidatasion-fasttypescriptor/frontend/img/autoalgorithmible-proalgorithmor.png&path=/home/nhqyemt2u0zd/public_html/wp-content/plugins/bidatasion-fasttypescriptor/frontend/img HTTP/1.1" 200 2341 "http://customcabinetsmass.com/shopdetail/2259192346.phtml?path=/home/nhqyemt2u0zd/public_html/wp-content/plugins/bidatasion-fasttypescriptor/frontend/img" "Mozilla/5.0 AppleWebKit/537.36 (KHTML, like Gecko; compatible; GPTBot/1.3; +https://openai.com/gptbot)" 175 **0/175052**
216.73.216.1 - - [26/Mar/2026:05:31:08 -0700] "GET /bc-game-787650231?fileloc=%2F%2Flib%2Fgrub%2Fi386-pc%2Fctz_test.mod&path=%2F%2Flib%2Fgrub%2Fi386-pc HTTP/1.1" 403 3580 "-" "Mozilla/5.0 AppleWebKit/537.36 (KHTML, like Gecko; compatible; ClaudeBot/1.0; +claudebot@anthropic.com)" 184 **0/184396**
57.141.14.94 - - [26/Mar/2026:05:31:09 -0700] "GET /shopdetail/4163698538.phtml?fileloc=//usr/lib/modules/4.18.0-553.94.1.lve.el8.x86_64/kernel/fs/fscache/fscache.ko.xz&path=//usr/lib/modules/4.18.0-553.94.1.lve.el8.x86_64/kernel/fs/fscache HTTP/1.1" 200 12750 "-" "meta-externalagent/1.1 (+https://developers.facebook.com/docs/sharing/webmasters/crawler)" 178 **0/178146**
216.73.216.1 - - [26/Mar/2026:05:31:11 -0700] "GET /online-casino-uden-mitid-sdan-spiller-du-sikkert?path=%2F%2Flib%2Fmodules%2F4.18.0-553.54.1.lve.el8.x86_64%2Fkernel%2Ffs%2Fnfs%2Fblocklayout HTTP/1.1" 403 3580 "-" "Mozilla/5.0 AppleWebKit/537.36 (KHTML, like Gecko; compatible; ClaudeBot/1.0; +claudebot@anthropic.com)" 175 **0/175855**
74.7.242.2 - - [26/Mar/2026:05:31:11 -0700] "GET /shopdetail/1345997509.phtml?path=/home/nhqyemt2u0zd/public_html/wp-content/plugins HTTP/1.1" 200 4787 "http://customcabinetsmass.com/shopdetail/1345997509.phtml?path=/home/nhqyemt2u0zd/public_html/wp-content" "Mozilla/5.0 AppleWebKit/537.36 (KHTML, like Gecko; compatible; GPTBot/1.3; +https://openai.com/gptbot)" 176 **0/176772**
57.141.14.37 - - [26/Mar/2026:05:31:13 -0700] "GET /shopdetail/3275354551.phtml?fileloc=//lib64/libSegFault.so&path=//lib64 HTTP/1.1" 200 12256 "-" "meta-externalagent/1.1 (+https://developers.facebook.com/docs/sharing/webmasters/crawler)" 171 **0/171154**
216.73.216.1 - - [26/Mar/2026:05:31:14 -0700] "GET /online-casino-uden-mitid-sdan-spiller-du-sikkert?path=%2F%2Fusr%2Flib%2Fmodules%2F4.18.0-553.94.1.lve.el8.x86_64%2Fkernel%2Fsound%2Ffirewire%2Foxfw HTTP/1.1" 403 3580 "-" "Mozilla/5.0 AppleWebKit/537.36 (KHTML, like Gecko; compatible; ClaudeBot/1.0; +claudebot@anthropic.com)" 196 **0/196299**
74.7.242.2 - - [26/Mar/2026:05:31:15 -0700] "GET /shopdetail/1998973450.phtml?path=/home/nhqyemt2u0zd/public_html/wp-content/upgrade HTTP/1.1" 200 2675 "http://customcabinetsmass.com/shopdetail/1998973450.phtml?path=/home/nhqyemt2u0zd/public_html/wp-content" "Mozilla/5.0 AppleWebKit/537.36 (KHTML, like Gecko; compatible; GPTBot/1.3; +https://openai.com/gptbot)" 196 **0/196196**
57.141.14.107 - - [26/Mar/2026:05:31:15 -0700] "GET /shopdetail/802050690.phtml?fileloc=//usr/lib/firmware/intel/ibt-19-240-4.ddc&path=//usr/lib/firmware/intel HTTP/1.1" 200 12413 "-" "meta-externalagent/1.1 (+https://developers.facebook.com/docs/sharing/webmasters/crawler)" 176 **0/176141**
57.141.14.89 - - [26/Mar/2026:05:31:16 -0700] "GET /shopdetail/3275354551.phtml?fileloc=//lib64/libpsl.so.5&path=//lib64 HTTP/1.1" 200 12253 "-" "meta-externalagent/1.1 (+https://developers.facebook.com/docs/sharing/webmasters/crawler)" 178 **0/178143**
216.73.216.1 - - [26/Mar/2026:05:31:17 -0700] "GET /online-casino-uden-mitid-sdan-spiller-du-sikkert?fileloc=%2F%2Fhome%2Fnhqyemt2u0zd%2Fwww%2Fwp-content%2Fplugins%2Fbooked%2Ftemplates%2Fsettings.php&path=%2F%2Fhome%2Fnhqyemt2u0zd%2Fwww%2Fwp-content%2Fplugins%2Fbooked%2Ftemplates HTTP/1.1" 403 3580 "-" "Mozilla/5.0 AppleWebKit/537.36 (KHTML, like Gecko; compatible; ClaudeBot/1.0; +claudebot@anthropic.com)" 181 **0/181637**
74.7.242.2 - - [26/Mar/2026:05:31:18 -0700] "GET /shopdetail/1345997509.phtml?path=/home/nhqyemt2u0zd/public_html/wp-content/themes HTTP/1.1" 200 3182 "http://customcabinetsmass.com/shopdetail/1345997509.phtml?path=/home/nhqyemt2u0zd/public_html/wp-content" "Mozilla/5.0 AppleWebKit/537.36 (KHTML, like Gecko; compatible; GPTBot/1.3; +https://openai.com/gptbot)" 173 **0/173390**
57.141.14.101 - - [26/Mar/2026:05:31:18 -0700] "GET /shopdetail/3275354551.phtml?fileloc=//sbin/isc-hmac-fixup&path=//sbin HTTP/1.1" 200 12253 "-" "meta-externalagent/1.1 (+https://developers.facebook.com/docs/sharing/webmasters/crawler)" 176 **0/176764**
57.141.14.45 - - [26/Mar/2026:05:31:20 -0700] "GET /shopdetail/3915778426.phtml?fileloc=//usr/lib/firmware/intel/ice/ddp-comms/ice_comms-1.3.55.0.pkg&path=//usr/lib/firmware/intel/ice/ddp-comms HTTP/1.1" 200 12546 "-" "meta-externalagent/1.1 (+https://developers.facebook.com/docs/sharing/webmasters/crawler)" 193 **0/193194**
57.141.14.101 - - [26/Mar/2026:05:31:20 -0700] "GET /shopdetail/3915778426.phtml?fileloc=//opt/python38/lib/python3.8/ctypes/test/test_anon.py&path=//opt/python38/lib/python3.8/ctypes/test HTTP/1.1" 200 15328 "-" "meta-externalagent/1.1 (+https://developers.facebook.com/docs/sharing/webmasters/crawler)" 182 **0/182318**
216.73.216.1 - - [26/Mar/2026:05:31:20 -0700] "GET /online-casino-uden-mitid-sdan-spiller-du-sikkert?fileloc=%2F%2Fusr%2Fshare%2Fman%2Fman3%2Fpam_putenv.3.gz&path=%2F%2Fusr%2Fshare%2Fman%2Fman3 HTTP/1.1" 403 3580 "-" "Mozilla/5.0 AppleWebKit/537.36 (KHTML, like Gecko; compatible; ClaudeBot/1.0; +claudebot@anthropic.com)" 176 **0/176542**
74.7.242.2 - - [26/Mar/2026:05:31:21 -0700] "GET /shopdetail/1345997509.phtml?path=/home/nhqyemt2u0zd/public_html/wp-content/upgrade HTTP/1.1" 200 2675 "http://customcabinetsmass.com/shopdetail/1345997509.phtml?path=/home/nhqyemt2u0zd/public_html/wp-content" "Mozilla/5.0 AppleWebKit/537.36 (KHTML, like Gecko; compatible; GPTBot/1.3; +https://openai.com/gptbot)" 170 **0/170086**
57.141.14.95 - - [26/Mar/2026:05:31:23 -0700] "GET /shopdetail/3275354551.phtml?fileloc=//lib64/libpcre.so.1.2.10&path=//lib64 HTTP/1.1" 200 12259 "-" "meta-externalagent/1.1 (+https://developers.facebook.com/docs/sharing/webmasters/crawler)" 185 **0/185027**
216.73.216.1 - - [26/Mar/2026:05:31:23 -0700] "GET /online-casino-uden-mitid-sdan-spiller-du-sikkert?fileloc=%2F%2Fusr%2Fshare%2Fman%2Fman3%2FX509_get_ext_by_OBJ.3ssl.gz&path=%2F%2Fusr%2Fshare%2Fman%2Fman3 HTTP/1.1" 403 3580 "-" "Mozilla/5.0 AppleWebKit/537.36 (KHTML, like Gecko; compatible; ClaudeBot/1.0; +claudebot@anthropic.com)" 199 **0/199661**
74.7.242.2 - - [26/Mar/2026:05:31:24 -0700] "GET /shopdetail/3546939485.phtml?path=/home/nhqyemt2u0zd/public_html/wp-content/upgrade HTTP/1.1" 200 2675 "http://customcabinetsmass.com/shopdetail/3546939485.phtml?path=/home/nhqyemt2u0zd/public_html/wp-content" "Mozilla/5.0 AppleWebKit/537.36 (KHTML, like Gecko; compatible; GPTBot/1.3; +https://openai.com/gptbot)" 180 **0/180899**
57.141.14.52 - - [26/Mar/2026:05:31:25 -0700] "GET /shopdetail/532933553.phtml?fileloc=//lib/python3.6/site-packages/dnf/base.py&path=//lib/python3.6/site-packages/dnf HTTP/1.1" 200 132512 "-" "meta-externalagent/1.1 (+https://developers.facebook.com/docs/sharing/webmasters/crawler)" 204 **0/204939**
57.141.14.108 - - [26/Mar/2026:05:31:25 -0700] "GET /shopdetail/532933553.phtml?path=//usr/lib/python3.6/site-packages/jwt HTTP/1.1" 200 27838 "-" "meta-externalagent/1.1 (+https://developers.facebook.com/docs/sharing/webmasters/crawler)" 170 **0/170604**
57.141.14.80 - - [26/Mar/2026:05:31:26 -0700] "GET /shopdetail/2069673203.phtml?fileloc=//lib64/python2.7/Demo/comparisons/README&path=//lib64/python2.7/Demo/comparisons HTTP/1.1" 200 14824 "-" "meta-externalagent/1.1 (+https://developers.facebook.com/docs/sharing/webmasters/crawler)" 177 **0/177398**
216.73.216.1 - - [26/Mar/2026:05:31:26 -0700] "GET /online-casino-uden-mitid-sdan-spiller-du-sikkert?fileloc=%2F%2Fusr%2Fshare%2Fman%2Fman3%2FENGINE_unregister_digests.3ssl.gz&path=%2F%2Fusr%2Fshare%2Fman%2Fman3 HTTP/1.1" 403 3580 "-" "Mozilla/5.0 AppleWebKit/537.36 (KHTML, like Gecko; compatible; ClaudeBot/1.0; +claudebot@anthropic.com)" 185 **0/185932**
74.7.242.2 - - [26/Mar/2026:05:31:27 -0700] "GET /shopdetail/1998973450.phtml?path=/home/nhqyemt2u0zd/public_html/wp-content/themes HTTP/1.1" 200 3182 "http://customcabinetsmass.com/shopdetail/1998973450.phtml?path=/home/nhqyemt2u0zd/public_html/wp-content" "Mozilla/5.0 AppleWebKit/537.36 (KHTML, like Gecko; compatible; GPTBot/1.3; +https://openai.com/gptbot)" 175 **0/175390**
216.73.216.1 - - [26/Mar/2026:05:31:29 -0700] "GET /online-casino-uden-mitid-sdan-spiller-du-sikkert?fileloc=%2F%2Fusr%2Flib64%2Fgconv%2FIBM864.so&path=%2F%2Fusr%2Flib64%2Fgconv HTTP/1.1" 403 3580 "-" "Mozilla/5.0 AppleWebKit/537.36 (KHTML, like Gecko; compatible; ClaudeBot/1.0; +claudebot@anthropic.com)" 187 **0/187808**
57.141.14.40 - - [26/Mar/2026:05:31:30 -0700] "GET /shopdetail/3275354551.phtml?fileloc=//bin/ps2pdf14&path=//bin HTTP/1.1" 200 12519 "-" "meta-externalagent/1.1 (+https://developers.facebook.com/docs/sharing/webmasters/crawler)" 198 **0/198327**
74.7.242.2 - - [26/Mar/2026:05:31:30 -0700] "GET /shopdetail/3546939485.phtml?path=/home/nhqyemt2u0zd/public_html/wp-content/themes HTTP/1.1" 200 3182 "http://customcabinetsmass.com/shopdetail/3546939485.phtml?path=/home/nhqyemt2u0zd/public_html/wp-content" "Mozilla/5.0 AppleWebKit/537.36 (KHTML, like Gecko; compatible; GPTBot/1.3; +https://openai.com/gptbot)" 219 **0/219080**
57.141.14.15 - - [26/Mar/2026:05:31:32 -0700] "GET /shopdetail/3275354551.phtml?fileloc=//bin/host&path=//bin HTTP/1.1" 200 12240 "-" "meta-externalagent/1.1 (+https://developers.facebook.com/docs/sharing/webmasters/crawler)" 179 **0/179466**
216.73.216.1 - - [26/Mar/2026:05:31:32 -0700] "GET /online-casino-uden-mitid-sdan-spiller-du-sikkert?fileloc=%2F%2Fproc%2Fthread-self%2Froot%2Flib%2F.build-id%2Fed%2F5d8bb63d70997badbe125fc892eedd7bac506a&path=%2F%2Fproc%2Fthread-self%2Froot%2Flib%2F.build-id%2Fed HTTP/1.1" 403 3580 "-" "Mozilla/5.0 AppleWebKit/537.36 (KHTML, like Gecko; compatible; ClaudeBot/1.0; +claudebot@anthropic.com)" 182 **0/182597**
57.141.14.24 - - [26/Mar/2026:05:31:33 -0700] "GET /shopdetail/3614653283.phtml?fileloc=/home/nhqyemt2u0zd/www/wp-content/plugins/mailchimp-for-wp/languages/mailchimp-for-wp-sr_RS.po&path=/home/nhqyemt2u0zd/www/wp-content/plugins/mailchimp-for-wp/languages HTTP/1.1" 200 82855 "-" "meta-externalagent/1.1 (+https://developers.facebook.com/docs/sharing/webmasters/crawler)" 183 **0/183583**
74.7.242.2 - - [26/Mar/2026:05:31:34 -0700] "GET /shopdetail/1729553138.phtml?path=/home/nhqyemt2u0zd/public_html/wp-content/plugins HTTP/1.1" 200 4787 "http://customcabinetsmass.com/shopdetail/1729553138.phtml?path=/home/nhqyemt2u0zd/public_html/wp-content" "Mozilla/5.0 AppleWebKit/537.36 (KHTML, like Gecko; compatible; GPTBot/1.3; +https://openai.com/gptbot)" 191 **0/191298**
57.141.14.24 - - [26/Mar/2026:05:31:34 -0700] "GET /shopdetail/802050690.phtml?fileloc=//usr/lib/firmware/radeon/TURKS_mc.bin&path=//usr/lib/firmware/radeon HTTP/1.1" 200 12403 "-" "meta-externalagent/1.1 (+https://developers.facebook.com/docs/sharing/webmasters/crawler)" 192 **0/192535**
216.73.216.1 - - [26/Mar/2026:05:31:35 -0700] "GET /online-casino-uden-mitid-sdan-spiller-du-sikkert?path=%2F%2Fproc%2Fthread-self%2Froot%2Fopt%2Fai-bolit HTTP/1.1" 403 3580 "-" "Mozilla/5.0 AppleWebKit/537.36 (KHTML, like Gecko; compatible; ClaudeBot/1.0; +claudebot@anthropic.com)" 194 **0/194713**
57.141.14.9 - - [26/Mar/2026:05:31:36 -0700] "GET /shopdetail/3275354551.phtml?fileloc=//bin/curl&path=//bin HTTP/1.1" 200 12240 "-" "meta-externalagent/1.1 (+https://developers.facebook.com/docs/sharing/webmasters/crawler)" 184 **0/184631**
74.7.242.2 - - [26/Mar/2026:05:31:37 -0700] "GET /shopdetail/4163698538.phtml?path=/home/nhqyemt2u0zd/public_html/wp-content/themes HTTP/1.1" 200 3182 "http://customcabinetsmass.com/shopdetail/4163698538.phtml?path=/home/nhqyemt2u0zd/public_html/wp-content" "Mozilla/5.0 AppleWebKit/537.36 (KHTML, like Gecko; compatible; GPTBot/1.3; +https://openai.com/gptbot)" 184 **0/184313**
57.141.14.41 - - [26/Mar/2026:05:31:38 -0700] "GET /shopdetail/802050690.phtml?fileloc=//usr/lib/firmware/radeon/OLAND_rlc.bin&path=//usr/lib/firmware/radeon HTTP/1.1" 200 12404 "-" "meta-externalagent/1.1 (+https://developers.facebook.com/docs/sharing/webmasters/crawler)" 179 **0/179249**
216.73.216.1 - - [26/Mar/2026:05:31:38 -0700] "GET /online-casino-uden-mitid-sdan-spiller-du-sikkert?fileloc=%2F%2Fproc%2Fthread-self%2Froot%2Flib%2F.build-id%2Fbf%2F969238c24d2038fd1529a7477c7cb82db5e737&path=%2F%2Fproc%2Fthread-self%2Froot%2Flib%2F.build-id%2Fbf HTTP/1.1" 403 3580 "-" "Mozilla/5.0 AppleWebKit/537.36 (KHTML, like Gecko; compatible; ClaudeBot/1.0; +claudebot@anthropic.com)" 222 **0/222452**
57.141.14.83 - - [26/Mar/2026:05:31:38 -0700] "GET /shopdetail/2069673203.phtml?fileloc=//lib64/python2.7/Demo/turtle/tdemo_bytedesign.pyo&path=//lib64/python2.7/Demo/turtle HTTP/1.1" 200 12437 "-" "meta-externalagent/1.1 (+https://developers.facebook.com/docs/sharing/webmasters/crawler)" 199 **0/199128**
74.7.242.2 - - [26/Mar/2026:05:31:40 -0700] "GET /shopdetail/4279349113.phtml?path=/home/nhqyemt2u0zd/public_html/wp-content/plugins HTTP/1.1" 200 4787 "http://customcabinetsmass.com/shopdetail/4279349113.phtml?path=/home/nhqyemt2u0zd/public_html/wp-content" "Mozilla/5.0 AppleWebKit/537.36 (KHTML, like Gecko; compatible; GPTBot/1.3; +https://openai.com/gptbot)" 214 **0/214989**
216.73.216.1 - - [26/Mar/2026:05:31:41 -0700] "GET /online-casino-uden-mitid-sdan-spiller-du-sikkert?path=%2F%2Fusr%2Flib%2Fmodules%2F4.18.0-553.54.1.lve.el8.x86_64%2Fkernel%2Fsound%2Fsoc%2Fintel HTTP/1.1" 403 3580 "-" "Mozilla/5.0 AppleWebKit/537.36 (KHTML, like Gecko; compatible; ClaudeBot/1.0; +claudebot@anthropic.com)" 194 **0/194454**
57.141.14.95 - - [26/Mar/2026:05:31:42 -0700] "GET /shopdetail/3275354551.phtml?fileloc=//lib64/libgirepository-1.0.so.1&path=//lib64 HTTP/1.1" 200 12266 "-" "meta-externalagent/1.1 (+https://developers.facebook.com/docs/sharing/webmasters/crawler)" 201 **0/201017**
74.7.242.2 - - [26/Mar/2026:05:31:43 -0700] "GET /shopdetail/1998973450.phtml?path=/home/nhqyemt2u0zd/public_html/wp-content/plugins HTTP/1.1" 200 4787 "http://customcabinetsmass.com/shopdetail/1998973450.phtml?path=/home/nhqyemt2u0zd/public_html/wp-content" "Mozilla/5.0 AppleWebKit/537.36 (KHTML, like Gecko; compatible; GPTBot/1.3; +https://openai.com/gptbot)" 186 **0/186111**
216.73.216.1 - - [26/Mar/2026:05:31:44 -0700] "GET /online-casino-uden-mitid-sdan-spiller-du-sikkert?fileloc=%2F%2Fusr%2Flib%2Fmodules%2F4.18.0-553.104.1.lve.el8.x86_64%2Fkernel%2Fdrivers%2Fnet%2Fethernet%2Fintel%2Fi40e%2Fi40e.ko.xz&path=%2F%2Fusr%2Flib%2Fmodules%2F4.18.0-553.104.1.lve.el8.x86_64%2Fkernel%2Fdrivers%2Fnet%2Fethernet%2Fintel%2Fi40e HTTP/1.1" 403 3580 "-" "Mozilla/5.0 AppleWebKit/537.36 (KHTML, like Gecko; compatible; ClaudeBot/1.0; +claudebot@anthropic.com)" 188 **0/188402**
57.141.14.102 - - [26/Mar/2026:05:31:45 -0700] "GET /shopdetail/3421897134.phtml?fileloc=//lib/firmware/ath11k/IPQ8074/hw2.0/q6_fw.b07&path=//lib/firmware/ath11k/IPQ8074/hw2.0 HTTP/1.1" 200 12488 "-" "meta-externalagent/1.1 (+https://developers.facebook.com/docs/sharing/webmasters/crawler)" 168 **0/168143**
74.7.242.2 - - [26/Mar/2026:05:31:46 -0700] "GET /shopdetail/1345997509.phtml?path=/home/nhqyemt2u0zd/public_html/wp-content/plugins/file-updater-7b52e912 HTTP/1.1" 200 2722 "http://customcabinetsmass.com/shopdetail/1345997509.phtml?path=/home/nhqyemt2u0zd/public_html/wp-content/plugins" "Mozilla/5.0 AppleWebKit/537.36 (KHTML, like Gecko; compatible; GPTBot/1.3; +https://openai.com/gptbot)" 190 **0/190471**
57.141.14.14 - - [26/Mar/2026:05:31:47 -0700] "GET /shopdetail/2069673203.phtml?fileloc=//lib64/python2.7/Demo/sockets/mcast.py&path=//lib64/python2.7/Demo/sockets HTTP/1.1" 200 14662 "-" "meta-externalagent/1.1 (+https://developers.facebook.com/docs/sharing/webmasters/crawler)" 173 **0/173112**
57.141.14.61 - - [26/Mar/2026:05:31:47 -0700] "GET /shopdetail/802050690.phtml?fileloc=//usr/lib/firmware/intel/dsp_fw_glk.bin&path=//usr/lib/firmware/intel HTTP/1.1" 200 12402 "-" "meta-externalagent/1.1 (+https://developers.facebook.com/docs/sharing/webmasters/crawler)" 172 **0/172051**
216.73.216.1 - - [26/Mar/2026:05:31:47 -0700] "GET /online-casino-uden-mitid-sdan-spiller-du-sikkert?fileloc=%2F%2Fusr%2Fshare%2Flocale%2Fit%2FLC_MESSAGES%2Fcpio.mo&path=%2F%2Fusr%2Fshare%2Flocale%2Fit%2FLC_MESSAGES HTTP/1.1" 403 3580 "-" "Mozilla/5.0 AppleWebKit/537.36 (KHTML, like Gecko; compatible; ClaudeBot/1.0; +claudebot@anthropic.com)" 190 **0/190506**
57.141.14.108 - - [26/Mar/2026:05:31:49 -0700] "GET /shopdetail/2069673203.phtml?fileloc=//lib64/python2.7/Demo/pdist/server.py&path=//lib64/python2.7/Demo/pdist HTTP/1.1" 200 17241 "-" "meta-externalagent/1.1 (+https://developers.facebook.com/docs/sharing/webmasters/crawler)" 182 **0/182740**
74.7.242.2 - - [26/Mar/2026:05:31:49 -0700] "GET /shopdetail/1345997509.phtml?path=/home/nhqyemt2u0zd/public_html/wp-content/plugins/gallery-1773206074 HTTP/1.1" 200 3121 "http://customcabinetsmass.com/shopdetail/1345997509.phtml?path=/home/nhqyemt2u0zd/public_html/wp-content/plugins" "Mozilla/5.0 AppleWebKit/537.36 (KHTML, like Gecko; compatible; GPTBot/1.3; +https://openai.com/gptbot)" 205 **0/205400**
57.141.14.100 - - [26/Mar/2026:05:31:50 -0700] "GET /shopdetail/802050690.phtml?fileloc=//usr/lib/firmware/intel/ibt-00a0-0291-usb.sfi&path=//usr/lib/firmware/intel HTTP/1.1" 200 12409 "-" "meta-externalagent/1.1 (+https://developers.facebook.com/docs/sharing/webmasters/crawler)" 186 **0/186650**
216.73.216.1 - - [26/Mar/2026:05:31:50 -0700] "GET /online-casino-uden-mitid-sdan-spiller-du-sikkert?fileloc=%2F%2Fusr%2Fshare%2Flocale%2Fit%2FLC_MESSAGES%2Fgnutls.mo&path=%2F%2Fusr%2Fshare%2Flocale%2Fit%2FLC_MESSAGES HTTP/1.1" 200 2297 "-" "Mozilla/5.0 AppleWebKit/537.36 (KHTML, like Gecko; compatible; ClaudeBot/1.0; +claudebot@anthropic.com)" 200 **0/200119**
57.141.14.72 - - [26/Mar/2026:05:31:51 -0700] "GET /shopdetail/3275354551.phtml?fileloc=//lib64/libdrm_nouveau.so.2.0.0&path=//lib64 HTTP/1.1" 200 12265 "-" "meta-externalagent/1.1 (+https://developers.facebook.com/docs/sharing/webmasters/crawler)" 188 **0/188031**
74.7.242.2 - - [26/Mar/2026:05:31:53 -0700] "GET /shopdetail/1345997509.phtml?path=/home/nhqyemt2u0zd/public_html/wp-content/plugins/wp-seo-link-injector-verified HTTP/1.1" 200 2668 "http://customcabinetsmass.com/shopdetail/1345997509.phtml?path=/home/nhqyemt2u0zd/public_html/wp-content/plugins" "Mozilla/5.0 AppleWebKit/537.36 (KHTML, like Gecko; compatible; GPTBot/1.3; +https://openai.com/gptbot)" 177 **0/177383**
