57.141.14.76 - - [26/Mar/2026:05:31:53 -0700] "GET /shopdetail/3614653283.phtml?fileloc=/home/nhqyemt2u0zd/www/wp-content/plugins/mailchimp-for-wp/languages/mailchimp-for-wp-hu_HU.mo&path=/home/nhqyemt2u0zd/www/wp-content/plugins/mailchimp-for-wp/languages HTTP/1.1" 200 12754 "-" "meta-externalagent/1.1 (+https://developers.facebook.com/docs/sharing/webmasters/crawler)" 168 **0/168260**
57.141.14.98 - - [26/Mar/2026:05:31:53 -0700] "GET /shopdetail/3275354551.phtml?fileloc=//lib64/libgettextlib-0.19.8.1.so&path=//lib64 HTTP/1.1" 200 12267 "-" "meta-externalagent/1.1 (+https://developers.facebook.com/docs/sharing/webmasters/crawler)" 215 **0/215278**
216.73.216.1 - - [26/Mar/2026:05:31:53 -0700] "GET /online-casino-uden-mitid-sdan-spiller-du-sikkert?fileloc=%2F%2Fusr%2Fshare%2Fman%2Fman3%2Fxcb_input_key_press_event_t.3.gz&path=%2F%2Fusr%2Fshare%2Fman%2Fman3 HTTP/1.1" 200 2294 "-" "Mozilla/5.0 AppleWebKit/537.36 (KHTML, like Gecko; compatible; ClaudeBot/1.0; +claudebot@anthropic.com)" 215 **0/215618**
57.141.14.84 - - [26/Mar/2026:05:31:55 -0700] "GET /shopdetail/4007600688.phtml?fileloc=//lib/python2.7/site-packages/chardet/compat.pyc&path=//lib/python2.7/site-packages/chardet HTTP/1.1" 200 12454 "-" "meta-externalagent/1.1 (+https://developers.facebook.com/docs/sharing/webmasters/crawler)" 203 **0/203511**
74.7.242.2 - - [26/Mar/2026:05:31:56 -0700] "GET /shopdetail/1345997509.phtml?path=/home/nhqyemt2u0zd/public_html/wp-content/plugins/wordfence-css-redirect-visual HTTP/1.1" 200 3047 "http://customcabinetsmass.com/shopdetail/1345997509.phtml?path=/home/nhqyemt2u0zd/public_html/wp-content/plugins" "Mozilla/5.0 AppleWebKit/537.36 (KHTML, like Gecko; compatible; GPTBot/1.3; +https://openai.com/gptbot)" 232 **0/232827**
57.141.14.52 - - [26/Mar/2026:05:31:56 -0700] "GET /shopdetail/2069673203.phtml?path=//lib64/python2.7/Demo/tkinter/ttk HTTP/1.1" 200 64916 "-" "meta-externalagent/1.1 (+https://developers.facebook.com/docs/sharing/webmasters/crawler)" 219 **0/219944**
216.73.216.1 - - [26/Mar/2026:05:31:56 -0700] "GET /online-casino-uden-mitid-sdan-spiller-du-sikkert?fileloc=%2F%2Fopt%2Falt%2Ftests%2Falt-php84-phpiredis_1.0.1-1.el8%2Fclient_005.phpt&path=%2F%2Fopt%2Falt%2Ftests%2Falt-php84-phpiredis_1.0.1-1.el8 HTTP/1.1" 200 2524 "-" "Mozilla/5.0 AppleWebKit/537.36 (KHTML, like Gecko; compatible; ClaudeBot/1.0; +claudebot@anthropic.com)" 178 **0/178543**
57.141.14.6 - - [26/Mar/2026:05:31:57 -0700] "GET /shopdetail/2069673203.phtml?fileloc=//opt/cpanel/ea-brotli/lib64/libbrotlienc-static.a&path=//opt/cpanel/ea-brotli/lib64 HTTP/1.1" 200 12428 "-" "meta-externalagent/1.1 (+https://developers.facebook.com/docs/sharing/webmasters/crawler)" 220 **0/220038**
74.7.242.2 - - [26/Mar/2026:05:31:59 -0700] "GET /shopdetail/1345997509.phtml?path=/home/nhqyemt2u0zd/public_html/wp-content/plugins/strong-checkout-wishlist HTTP/1.1" 200 2675 "http://customcabinetsmass.com/shopdetail/1345997509.phtml?path=/home/nhqyemt2u0zd/public_html/wp-content/plugins" "Mozilla/5.0 AppleWebKit/537.36 (KHTML, like Gecko; compatible; GPTBot/1.3; +https://openai.com/gptbot)" 203 **0/203097**
57.141.14.37 - - [26/Mar/2026:05:31:59 -0700] "GET /shopdetail/3614653283.phtml?fileloc=/home/nhqyemt2u0zd/www/wp-content/plugins/laravel-janet/includes/uniapplicationsion-multicloudic.php&path=/home/nhqyemt2u0zd/www/wp-content/plugins/laravel-janet/includes HTTP/1.1" 200 201313 "-" "meta-externalagent/1.1 (+https://developers.facebook.com/docs/sharing/webmasters/crawler)" 211 **0/211967**
216.73.216.1 - - [26/Mar/2026:05:31:59 -0700] "GET /online-casino-uden-mitid-sdan-spiller-du-sikkert?fileloc=%2F%2Fusr%2Fshare%2Flocale%2Fit%2FLC_MESSAGES%2Fgrub.mo&path=%2F%2Fusr%2Fshare%2Flocale%2Fit%2FLC_MESSAGES HTTP/1.1" 200 2296 "-" "Mozilla/5.0 AppleWebKit/537.36 (KHTML, like Gecko; compatible; ClaudeBot/1.0; +claudebot@anthropic.com)" 199 **0/199993**
57.141.14.52 - - [26/Mar/2026:05:32:01 -0700] "GET /shopdetail/3275354551.phtml?fileloc=//lib64/libssh_threads.so.4&path=//lib64 HTTP/1.1" 200 12261 "-" "meta-externalagent/1.1 (+https://developers.facebook.com/docs/sharing/webmasters/crawler)" 182 **0/182941**
74.7.242.2 - - [26/Mar/2026:05:32:02 -0700] "GET /shopdetail/1345997509.phtml?path=/home/nhqyemt2u0zd/public_html/wp-content/plugins/woocommerce-coming-click HTTP/1.1" 200 2679 "http://customcabinetsmass.com/shopdetail/1345997509.phtml?path=/home/nhqyemt2u0zd/public_html/wp-content/plugins" "Mozilla/5.0 AppleWebKit/537.36 (KHTML, like Gecko; compatible; GPTBot/1.3; +https://openai.com/gptbot)" 194 **0/194463**
216.73.216.1 - - [26/Mar/2026:05:32:03 -0700] "GET /online-casino-uden-mitid-sdan-spiller-du-sikkert?fileloc=%2F%2Fusr%2Fshare%2Fman%2Fman3%2FEVP_PKEY_CTX_get_keygen_info.3ssl.gz&path=%2F%2Fusr%2Fshare%2Fman%2Fman3 HTTP/1.1" 200 2304 "-" "Mozilla/5.0 AppleWebKit/537.36 (KHTML, like Gecko; compatible; ClaudeBot/1.0; +claudebot@anthropic.com)" 257 **0/257100**
57.141.14.84 - - [26/Mar/2026:05:32:03 -0700] "GET /shopdetail/4007600688.phtml?path=//lib/python2.7/site-packages/chardet/cli HTTP/1.1" 200 22167 "-" "meta-externalagent/1.1 (+https://developers.facebook.com/docs/sharing/webmasters/crawler)" 238 **0/238639**
57.141.14.110 - - [26/Mar/2026:05:32:04 -0700] "GET /shopdetail/4007600688.phtml?fileloc=//lib/python2.7/site-packages/setuptools-39.0.1.dist-info/entry_points.txt&path=//lib/python2.7/site-packages/setuptools-39.0.1.dist-info HTTP/1.1" 200 15510 "-" "meta-externalagent/1.1 (+https://developers.facebook.com/docs/sharing/webmasters/crawler)" 219 **0/219922**
74.7.242.2 - - [26/Mar/2026:05:32:05 -0700] "GET /shopdetail/1345997509.phtml?path=/home/nhqyemt2u0zd/public_html/wp-content/plugins/canonical-remote-control HTTP/1.1" 200 2662 "http://customcabinetsmass.com/shopdetail/1345997509.phtml?path=/home/nhqyemt2u0zd/public_html/wp-content/plugins" "Mozilla/5.0 AppleWebKit/537.36 (KHTML, like Gecko; compatible; GPTBot/1.3; +https://openai.com/gptbot)" 192 **0/192887**
216.73.216.1 - - [26/Mar/2026:05:32:05 -0700] "GET /online-casino-uden-mitid-sdan-spiller-du-sikkert?fileloc=%2F%2Fusr%2Flib64%2Fgconv%2FIBM1140.so&path=%2F%2Fusr%2Flib64%2Fgconv HTTP/1.1" 200 2274 "-" "Mozilla/5.0 AppleWebKit/537.36 (KHTML, like Gecko; compatible; ClaudeBot/1.0; +claudebot@anthropic.com)" 184 **0/184530**
57.141.14.2 - - [26/Mar/2026:05:32:06 -0700] "GET /shopdetail/532933553.phtml?fileloc=//lib/python3.6/site-packages/pip/locations.py&path=//lib/python3.6/site-packages/pip HTTP/1.1" 200 18310 "-" "meta-externalagent/1.1 (+https://developers.facebook.com/docs/sharing/webmasters/crawler)" 245 **0/245683**
57.141.14.20 - - [26/Mar/2026:05:32:07 -0700] "GET /shopdetail/802050690.phtml?fileloc=//usr/lib/firmware/cirrus/cs35l41-dsp1-spk-prot-10431f1f-l0.bin&path=//usr/lib/firmware/cirrus HTTP/1.1" 200 12428 "-" "meta-externalagent/1.1 (+https://developers.facebook.com/docs/sharing/webmasters/crawler)" 179 **0/179418**
74.7.242.2 - - [26/Mar/2026:05:32:08 -0700] "GET /shopdetail/1729553138.phtml?path=/home/nhqyemt2u0zd/public_html/wp-content/plugins/file-updater-7b52e912 HTTP/1.1" 200 2722 "http://customcabinetsmass.com/shopdetail/1729553138.phtml?path=/home/nhqyemt2u0zd/public_html/wp-content/plugins" "Mozilla/5.0 AppleWebKit/537.36 (KHTML, like Gecko; compatible; GPTBot/1.3; +https://openai.com/gptbot)" 196 **0/196101**
216.73.216.1 - - [26/Mar/2026:05:32:08 -0700] "GET /online-casino-uden-mitid-sdan-spiller-du-sikkert?fileloc=%2F%2Fproc%2Fthread-self%2Froot%2Fusr%2Flib%2F.build-id%2F7f%2Fe813d35264c85c0b5b8ad1c9c7e3184a2a9189&path=%2F%2Fproc%2Fthread-self%2Froot%2Fusr%2Flib%2F.build-id%2F7f HTTP/1.1" 200 2334 "-" "Mozilla/5.0 AppleWebKit/537.36 (KHTML, like Gecko; compatible; ClaudeBot/1.0; +claudebot@anthropic.com)" 183 **0/183904**
57.141.14.63 - - [26/Mar/2026:05:32:09 -0700] "GET /shopdetail/802050690.phtml?fileloc=//usr/lib/firmware/cirrus/cs35l41-dsp1-spk-prot-103c8e60-spkid1.bin&path=//usr/lib/firmware/cirrus HTTP/1.1" 200 12432 "-" "meta-externalagent/1.1 (+https://developers.facebook.com/docs/sharing/webmasters/crawler)" 183 **0/183380**
57.141.14.78 - - [26/Mar/2026:05:32:10 -0700] "GET /shopdetail/3915778426.phtml?fileloc=//opt/python38/lib/python3.8/ctypes/test/test_pickling.py&path=//opt/python38/lib/python3.8/ctypes/test HTTP/1.1" 200 14840 "-" "meta-externalagent/1.1 (+https://developers.facebook.com/docs/sharing/webmasters/crawler)" 179 **0/179469**
74.7.242.2 - - [26/Mar/2026:05:32:11 -0700] "GET /shopdetail/1729553138.phtml?path=/home/nhqyemt2u0zd/public_html/wp-content/plugins/contact-form-7-addon HTTP/1.1" 200 2665 "http://customcabinetsmass.com/shopdetail/1729553138.phtml?path=/home/nhqyemt2u0zd/public_html/wp-content/plugins" "Mozilla/5.0 AppleWebKit/537.36 (KHTML, like Gecko; compatible; GPTBot/1.3; +https://openai.com/gptbot)" 194 **0/194713**
216.73.216.1 - - [26/Mar/2026:05:32:11 -0700] "GET /online-casino-uden-mitid-sdan-spiller-du-sikkert?fileloc=%2F%2Fproc%2Fthread-self%2Froot%2Flib%2F.build-id%2Fa6%2F8cd6f7da804592af716cddbf33017715b156bf&path=%2F%2Fproc%2Fthread-self%2Froot%2Flib%2F.build-id%2Fa6 HTTP/1.1" 200 2326 "-" "Mozilla/5.0 AppleWebKit/537.36 (KHTML, like Gecko; compatible; ClaudeBot/1.0; +claudebot@anthropic.com)" 182 **0/182967**
57.141.14.17 - - [26/Mar/2026:05:32:11 -0700] "GET /shopdetail/3275354551.phtml?fileloc=//lib64/.libhogweed.so.4.hmac&path=//lib64 HTTP/1.1" 200 12328 "-" "meta-externalagent/1.1 (+https://developers.facebook.com/docs/sharing/webmasters/crawler)" 215 **0/215885**
57.141.14.37 - - [26/Mar/2026:05:32:14 -0700] "GET /shopdetail/4007600688.phtml?fileloc=//lib/python2.7/site-packages/idna-2.5-py2.7.egg-info/top_level.txt&path=//lib/python2.7/site-packages/idna-2.5-py2.7.egg-info HTTP/1.1" 200 12510 "-" "meta-externalagent/1.1 (+https://developers.facebook.com/docs/sharing/webmasters/crawler)" 178 **0/178046**
216.73.216.1 - - [26/Mar/2026:05:32:14 -0700] "GET /online-casino-uden-mitid-sdan-spiller-du-sikkert?fileloc=%2F%2Fusr%2Flib64%2Fgconv%2FCP1252.so&path=%2F%2Fusr%2Flib64%2Fgconv HTTP/1.1" 200 2271 "-" "Mozilla/5.0 AppleWebKit/537.36 (KHTML, like Gecko; compatible; ClaudeBot/1.0; +claudebot@anthropic.com)" 170 **0/170490**
74.7.242.2 - - [26/Mar/2026:05:32:15 -0700] "GET /shopdetail/4279349113.phtml?path=/home/nhqyemt2u0zd/public_html/wp-content/plugins/file-updater-7b52e912 HTTP/1.1" 200 2722 "http://customcabinetsmass.com/shopdetail/4279349113.phtml?path=/home/nhqyemt2u0zd/public_html/wp-content/plugins" "Mozilla/5.0 AppleWebKit/537.36 (KHTML, like Gecko; compatible; GPTBot/1.3; +https://openai.com/gptbot)" 172 **0/172622**
57.141.14.30 - - [26/Mar/2026:05:32:15 -0700] "GET /shopdetail/3275354551.phtml?fileloc=//lib64/libdhcpctl.so.0.0.0&path=//lib64 HTTP/1.1" 200 12261 "-" "meta-externalagent/1.1 (+https://developers.facebook.com/docs/sharing/webmasters/crawler)" 166 **0/166477**
57.141.14.18 - - [26/Mar/2026:05:32:16 -0700] "GET /shopdetail/3275354551.phtml?fileloc=//lib64/libcares.so.2.2.0&path=//lib64 HTTP/1.1" 200 12259 "-" "meta-externalagent/1.1 (+https://developers.facebook.com/docs/sharing/webmasters/crawler)" 181 **0/181148**
216.73.216.1 - - [26/Mar/2026:05:32:17 -0700] "GET /bets24-your-ultimate-destination-for-sportsbook?fileloc=%2F%2Fhome%2Fnhqyemt2u0zd%2Fpublic_html%2Fwp-admin%2Fjs%2Fcustomize-controls.js&path=%2F%2Fhome%2Fnhqyemt2u0zd%2Fpublic_html%2Fwp-admin%2Fjs HTTP/1.1" 200 63719 "-" "Mozilla/5.0 AppleWebKit/537.36 (KHTML, like Gecko; compatible; ClaudeBot/1.0; +claudebot@anthropic.com)" 225 **0/225938**
57.141.14.52 - - [26/Mar/2026:05:32:18 -0700] "GET /shopdetail/3275354551.phtml?fileloc=//lib64/libgearman.so.8&path=//lib64 HTTP/1.1" 200 12257 "-" "meta-externalagent/1.1 (+https://developers.facebook.com/docs/sharing/webmasters/crawler)" 173 **0/173169**
74.7.242.2 - - [26/Mar/2026:05:32:18 -0700] "GET /shopdetail/1998973450.phtml?path=/home/nhqyemt2u0zd/public_html/wp-content/plugins/file-updater-7b52e912 HTTP/1.1" 200 2722 "http://customcabinetsmass.com/shopdetail/1998973450.phtml?path=/home/nhqyemt2u0zd/public_html/wp-content/plugins" "Mozilla/5.0 AppleWebKit/537.36 (KHTML, like Gecko; compatible; GPTBot/1.3; +https://openai.com/gptbot)" 194 **0/194835**
57.141.14.60 - - [26/Mar/2026:05:32:19 -0700] "GET /shopdetail/3275354551.phtml?fileloc=//lib64/libtic.so.6&path=//lib64 HTTP/1.1" 403 64163 "-" "meta-externalagent/1.1 (+https://developers.facebook.com/docs/sharing/webmasters/crawler)" 193 **0/193182**
216.73.216.1 - - [26/Mar/2026:05:32:20 -0700] "GET /online-casino-uden-mitid-sdan-spiller-du-sikkert?path=%2F%2Fhome%2Fnhqyemt2u0zd%2Fwww%2Fwp-content%2Fplugins%2Fcmb2-ultimate%2Fincludes%2Fimg HTTP/1.1" 200 2722 "-" "Mozilla/5.0 AppleWebKit/537.36 (KHTML, like Gecko; compatible; ClaudeBot/1.0; +claudebot@anthropic.com)" 185 **0/185019**
57.141.14.74 - - [26/Mar/2026:05:32:21 -0700] "GET /shopdetail/3275354551.phtml?fileloc=//lib64/libpixman-1.so.0&path=//lib64 HTTP/1.1" 403 64163 "-" "meta-externalagent/1.1 (+https://developers.facebook.com/docs/sharing/webmasters/crawler)" 194 **0/194866**
74.7.242.2 - - [26/Mar/2026:05:32:21 -0700] "GET /shopdetail/4279349113.phtml?path=/home/nhqyemt2u0zd/public_html/wp-content/plugins/contact-form-7-addon HTTP/1.1" 200 2665 "http://customcabinetsmass.com/shopdetail/4279349113.phtml?path=/home/nhqyemt2u0zd/public_html/wp-content/plugins" "Mozilla/5.0 AppleWebKit/537.36 (KHTML, like Gecko; compatible; GPTBot/1.3; +https://openai.com/gptbot)" 172 **0/172940**
57.141.14.2 - - [26/Mar/2026:05:32:22 -0700] "GET /shopdetail/3275354551.phtml?fileloc=//lib64/libx265.so.176&path=//lib64 HTTP/1.1" 403 64163 "-" "meta-externalagent/1.1 (+https://developers.facebook.com/docs/sharing/webmasters/crawler)" 178 **0/178978**
216.73.216.1 - - [26/Mar/2026:05:32:23 -0700] "GET /kupit-diplom-igu-na-blanke-goznak?fileloc=%2Fhome%2Fnhqyemt2u0zd%2Fwww%2Fwp-content%2Fplugins%2Ffzsxa%2Fprotect-uploads.php&path=%2Fhome%2Fnhqyemt2u0zd%2Fwww%2Fwp-content%2Fplugins%2Ffzsxa HTTP/1.1" 200 2778 "-" "Mozilla/5.0 AppleWebKit/537.36 (KHTML, like Gecko; compatible; ClaudeBot/1.0; +claudebot@anthropic.com)" 207 **0/207147**
57.141.14.19 - - [26/Mar/2026:05:32:24 -0700] "GET /shopdetail/3275354551.phtml?fileloc=//lib64/libnl-xfrm-3.so.200.26.0&path=//lib64 HTTP/1.1" 403 64163 "-" "meta-externalagent/1.1 (+https://developers.facebook.com/docs/sharing/webmasters/crawler)" 190 **0/190413**
74.7.242.2 - - [26/Mar/2026:05:32:24 -0700] "GET /shopdetail/1345997509.phtml?path=/home/nhqyemt2u0zd/public_html/wp-content/plugins/gallery-1773206074/misc HTTP/1.1" 200 2632 "http://customcabinetsmass.com/shopdetail/1345997509.phtml?path=/home/nhqyemt2u0zd/public_html/wp-content/plugins/gallery-1773206074" "Mozilla/5.0 AppleWebKit/537.36 (KHTML, like Gecko; compatible; GPTBot/1.3; +https://openai.com/gptbot)" 176 **0/176108**
57.141.14.6 - - [26/Mar/2026:05:32:25 -0700] "GET /shopdetail/733547892.phtml?fileloc=//lib64/python3.6/site-packages/cryptography/hazmat/bindings/__pycache__/__init__.cpython-36.opt-1.pyc&path=//lib64/python3.6/site-packages/cryptography/hazmat/bindings/__pycache__ HTTP/1.1" 403 64163 "-" "meta-externalagent/1.1 (+https://developers.facebook.com/docs/sharing/webmasters/crawler)" 184 **0/184078**
216.73.216.1 - - [26/Mar/2026:05:32:26 -0700] "GET /online-casino-uden-mitid-sdan-spiller-du-sikkert?fileloc=%2F%2Fusr%2Flib64%2Fgconv%2FlibISOIR165.so&path=%2F%2Fusr%2Flib64%2Fgconv HTTP/1.1" 200 2277 "-" "Mozilla/5.0 AppleWebKit/537.36 (KHTML, like Gecko; compatible; ClaudeBot/1.0; +claudebot@anthropic.com)" 179 **0/179515**
74.7.242.2 - - [26/Mar/2026:05:32:27 -0700] "GET /shopdetail/1998973450.phtml?path=/home/nhqyemt2u0zd/public_html/wp-content/plugins/wpcat2tag-slider-ssl-order HTTP/1.1" 200 2672 "http://customcabinetsmass.com/shopdetail/1998973450.phtml?path=/home/nhqyemt2u0zd/public_html/wp-content/plugins" "Mozilla/5.0 AppleWebKit/537.36 (KHTML, like Gecko; compatible; GPTBot/1.3; +https://openai.com/gptbot)" 170 **0/170066**
57.141.14.63 - - [26/Mar/2026:05:32:28 -0700] "GET /shopdetail/3915778426.phtml?fileloc=//opt/python38/lib/python3.8/idlelib/idle_test/test_undo.py&path=//opt/python38/lib/python3.8/idlelib/idle_test HTTP/1.1" 403 64163 "-" "meta-externalagent/1.1 (+https://developers.facebook.com/docs/sharing/webmasters/crawler)" 168 **0/168799**
57.141.14.97 - - [26/Mar/2026:05:32:29 -0700] "GET /shopdetail/802050690.phtml?fileloc=//usr/lib/firmware/ar3k/ramps_0x11020100_40.dfu&path=//usr/lib/firmware/ar3k HTTP/1.1" 403 64163 "-" "meta-externalagent/1.1 (+https://developers.facebook.com/docs/sharing/webmasters/crawler)" 173 **0/173817**
216.73.216.1 - - [26/Mar/2026:05:32:29 -0700] "GET /kupit-diplom-igu-na-blanke-goznak?fileloc=%2Fhome%2Fnhqyemt2u0zd%2Fpublic_html%2Fwp-admin%2Fincludes%2Fajax-actions.php&path=%2Fhome%2Fnhqyemt2u0zd%2Fpublic_html%2Fwp-admin%2Fincludes HTTP/1.1" 200 29746 "-" "Mozilla/5.0 AppleWebKit/537.36 (KHTML, like Gecko; compatible; ClaudeBot/1.0; +claudebot@anthropic.com)" 191 **0/191012**
74.7.242.2 - - [26/Mar/2026:05:32:31 -0700] "GET /shopdetail/1345997509.phtml?fileloc=/home/nhqyemt2u0zd/public_html/wp-content/plugins/wordfence-css-redirect-visual/singing.php&path=/home/nhqyemt2u0zd/public_html/wp-content/plugins/wordfence-css-redirect-visual HTTP/1.1" 200 2311 "http://customcabinetsmass.com/shopdetail/1345997509.phtml?path=/home/nhqyemt2u0zd/public_html/wp-content/plugins/wordfence-css-redirect-visual" "Mozilla/5.0 AppleWebKit/537.36 (KHTML, like Gecko; compatible; GPTBot/1.3; +https://openai.com/gptbot)" 184 **0/184751**
57.141.14.88 - - [26/Mar/2026:05:32:31 -0700] "GET /shopdetail/4007600688.phtml?fileloc=//lib/python2.7/site-packages/requests/help.pyo&path=//lib/python2.7/site-packages/requests HTTP/1.1" 403 64163 "-" "meta-externalagent/1.1 (+https://developers.facebook.com/docs/sharing/webmasters/crawler)" 178 **0/178410**
57.141.14.89 - - [26/Mar/2026:05:32:32 -0700] "GET /shopdetail/2069673203.phtml?fileloc=//lib64/python2.7/Demo/xml/rss2html.pyo&path=//lib64/python2.7/Demo/xml HTTP/1.1" 403 64163 "-" "meta-externalagent/1.1 (+https://developers.facebook.com/docs/sharing/webmasters/crawler)" 333 **0/333694**
216.73.216.1 - - [26/Mar/2026:05:32:32 -0700] "GET /online-casino-uden-mitid-sdan-spiller-du-sikkert?path=%2F%2Flib%2Fmodules%2F4.18.0-553.54.1.lve.el8.x86_64%2Fkernel%2Ffs%2Fudf HTTP/1.1" 200 2608 "-" "Mozilla/5.0 AppleWebKit/537.36 (KHTML, like Gecko; compatible; ClaudeBot/1.0; +claudebot@anthropic.com)" 179 **0/179245**
57.141.14.86 - - [26/Mar/2026:05:32:33 -0700] "GET /shopdetail/3275354551.phtml?fileloc=//bin/slabtop&path=//bin HTTP/1.1" 403 64163 "-" "meta-externalagent/1.1 (+https://developers.facebook.com/docs/sharing/webmasters/crawler)" 161 **0/161619**
74.7.242.2 - - [26/Mar/2026:05:32:34 -0700] "GET /shopdetail/1345997509.phtml?fileloc=/home/nhqyemt2u0zd/public_html/wp-content/plugins/wordfence-css-redirect-visual/airbus_interviewer.php&path=/home/nhqyemt2u0zd/public_html/wp-content/plugins/wordfence-css-redirect-visual HTTP/1.1" 200 2317 "http://customcabinetsmass.com/shopdetail/1345997509.phtml?path=/home/nhqyemt2u0zd/public_html/wp-content/plugins/wordfence-css-redirect-visual" "Mozilla/5.0 AppleWebKit/537.36 (KHTML, like Gecko; compatible; GPTBot/1.3; +https://openai.com/gptbot)" 166 **0/166072**
57.141.14.52 - - [26/Mar/2026:05:32:35 -0700] "GET /shopdetail/3421897134.phtml?fileloc=//usr/local/apache/htdocs/.well-known/pki-validation/D5F5F9CDD0728404004AB02A46089B20.txt&path=//usr/local/apache/htdocs/.well-known/pki-validation HTTP/1.1" 403 64163 "-" "meta-externalagent/1.1 (+https://developers.facebook.com/docs/sharing/webmasters/crawler)" 170 **0/170958**
57.141.14.79 - - [26/Mar/2026:05:32:35 -0700] "GET /shopdetail/802050690.phtml?fileloc=//usr/lib/firmware/cirrus/cs35l41-dsp1-spk-prot-103c8972.wmfw&path=//usr/lib/firmware/cirrus HTTP/1.1" 403 64163 "-" "meta-externalagent/1.1 (+https://developers.facebook.com/docs/sharing/webmasters/crawler)" 180 **0/180036**
216.73.216.1 - - [26/Mar/2026:05:32:35 -0700] "GET /online-casino-uden-mitid-sdan-spiller-du-sikkert?fileloc=%2F%2Fusr%2Flib64%2Fgconv%2FCP1253.so&path=%2F%2Fusr%2Flib64%2Fgconv HTTP/1.1" 200 2271 "-" "Mozilla/5.0 AppleWebKit/537.36 (KHTML, like Gecko; compatible; ClaudeBot/1.0; +claudebot@anthropic.com)" 183 **0/183554**
74.7.242.2 - - [26/Mar/2026:05:32:37 -0700] "GET /shopdetail/1345997509.phtml?fileloc=/home/nhqyemt2u0zd/public_html/wp-content/plugins/wordfence-css-redirect-visual/decent_follower.php&path=/home/nhqyemt2u0zd/public_html/wp-content/plugins/wordfence-css-redirect-visual HTTP/1.1" 200 2317 "http://customcabinetsmass.com/shopdetail/1345997509.phtml?path=/home/nhqyemt2u0zd/public_html/wp-content/plugins/wordfence-css-redirect-visual" "Mozilla/5.0 AppleWebKit/537.36 (KHTML, like Gecko; compatible; GPTBot/1.3; +https://openai.com/gptbot)" 192 **0/192222**
57.141.14.52 - - [26/Mar/2026:05:32:37 -0700] "GET /shopdetail/3614653283.phtml?fileloc=/home/nhqyemt2u0zd/www/wp-content/plugins/mailchimp-for-wp/languages/mailchimp-for-wp-vi_VN.po&path=/home/nhqyemt2u0zd/www/wp-content/plugins/mailchimp-for-wp/languages HTTP/1.1" 403 64163 "-" "meta-externalagent/1.1 (+https://developers.facebook.com/docs/sharing/webmasters/crawler)" 198 **0/198905**
57.141.14.66 - - [26/Mar/2026:05:32:38 -0700] "GET /shopdetail/802050690.phtml?fileloc=//usr/lib/firmware/radeon/PITCAIRN_smc.bin&path=//usr/lib/firmware/radeon HTTP/1.1" 403 64163 "-" "meta-externalagent/1.1 (+https://developers.facebook.com/docs/sharing/webmasters/crawler)" 178 **0/178174**
57.141.14.18 - - [26/Mar/2026:05:32:38 -0700] "GET /shopdetail/3275354551.phtml?fileloc=//bin/reset&path=//bin HTTP/1.1" 403 64163 "-" "meta-externalagent/1.1 (+https://developers.facebook.com/docs/sharing/webmasters/crawler)" 175 **0/175660**
216.73.216.1 - - [26/Mar/2026:05:32:38 -0700] "GET /online-casino-uden-mitid-sdan-spiller-du-sikkert?fileloc=%2F%2Fproc%2Fthread-self%2Froot%2Flib%2F.build-id%2Fb8%2F4fb9ac1926f05c80c3271dd6465d81672c1689&path=%2F%2Fproc%2Fthread-self%2Froot%2Flib%2F.build-id%2Fb8 HTTP/1.1" 200 2325 "-" "Mozilla/5.0 AppleWebKit/537.36 (KHTML, like Gecko; compatible; ClaudeBot/1.0; +claudebot@anthropic.com)" 188 **0/188698**
74.7.242.2 - - [26/Mar/2026:05:32:40 -0700] "GET /shopdetail/1345997509.phtml?fileloc=/home/nhqyemt2u0zd/public_html/wp-content/plugins/canonical-remote-control/.htaccess&path=/home/nhqyemt2u0zd/public_html/wp-content/plugins/canonical-remote-control HTTP/1.1" 200 2400 "http://customcabinetsmass.com/shopdetail/1345997509.phtml?path=/home/nhqyemt2u0zd/public_html/wp-content/plugins/canonical-remote-control" "Mozilla/5.0 AppleWebKit/537.36 (KHTML, like Gecko; compatible; GPTBot/1.3; +https://openai.com/gptbot)" 190 **0/190430**
57.141.14.60 - - [26/Mar/2026:05:32:41 -0700] "GET /shopdetail/3275354551.phtml?fileloc=//lib64/libGLX_mesa.so.0.0.0&path=//lib64 HTTP/1.1" 403 64163 "-" "meta-externalagent/1.1 (+https://developers.facebook.com/docs/sharing/webmasters/crawler)" 188 **0/188831**
216.73.216.1 - - [26/Mar/2026:05:32:41 -0700] "GET /online-casino-uden-mitid-sdan-spiller-du-sikkert?fileloc=%2F%2Fusr%2Fshare%2Fman%2Fman3%2FEVP_aes_256_cfb.3ssl.gz&path=%2F%2Fusr%2Fshare%2Fman%2Fman3 HTTP/1.1" 200 2290 "-" "Mozilla/5.0 AppleWebKit/537.36 (KHTML, like Gecko; compatible; ClaudeBot/1.0; +claudebot@anthropic.com)" 192 **0/192830**
57.141.14.84 - - [26/Mar/2026:05:32:42 -0700] "GET /shopdetail/3275354551.phtml?fileloc=//lib64/liboraodbcS.so.2.0.0&path=//lib64 HTTP/1.1" 403 64163 "-" "meta-externalagent/1.1 (+https://developers.facebook.com/docs/sharing/webmasters/crawler)" 177 **0/177060**
74.7.242.2 - - [26/Mar/2026:05:32:43 -0700] "GET /shopdetail/1345997509.phtml?fileloc=/home/nhqyemt2u0zd/public_html/wp-content/plugins/wordfence-css-redirect-visual/utter_oblong_zesty.php&path=/home/nhqyemt2u0zd/public_html/wp-content/plugins/wordfence-css-redirect-visual HTTP/1.1" 200 2320 "http://customcabinetsmass.com/shopdetail/1345997509.phtml?path=/home/nhqyemt2u0zd/public_html/wp-content/plugins/wordfence-css-redirect-visual" "Mozilla/5.0 AppleWebKit/537.36 (KHTML, like Gecko; compatible; GPTBot/1.3; +https://openai.com/gptbot)" 197 **0/197108**
57.141.14.63 - - [26/Mar/2026:05:32:43 -0700] "GET /shopdetail/532933553.phtml?fileloc=//lib/python3.6/site-packages/isc/keyseries.py&path=//lib/python3.6/site-packages/isc HTTP/1.1" 403 64163 "-" "meta-externalagent/1.1 (+https://developers.facebook.com/docs/sharing/webmasters/crawler)" 190 **0/190532**
216.73.216.1 - - [26/Mar/2026:05:32:44 -0700] "GET /online-casino-uden-mitid-sdan-spiller-du-sikkert?fileloc=%2F%2Flib%2Fmodules%2F4.18.0-553.54.1.lve.el8.x86_64%2Fkernel%2Fnet%2Fvmw_vsock%2Fvsock_loopback.ko.xz&path=%2F%2Flib%2Fmodules%2F4.18.0-553.54.1.lve.el8.x86_64%2Fkernel%2Fnet%2Fvmw_vsock HTTP/1.1" 200 2314 "-" "Mozilla/5.0 AppleWebKit/537.36 (KHTML, like Gecko; compatible; ClaudeBot/1.0; +claudebot@anthropic.com)" 192 **0/192396**
74.7.242.2 - - [26/Mar/2026:05:32:46 -0700] "GET /shopdetail/1729553138.phtml?fileloc=/home/nhqyemt2u0zd/public_html/wp-content/plugins/contact-form-7-addon/cf7-form-enhancer.php&path=/home/nhqyemt2u0zd/public_html/wp-content/plugins/contact-form-7-addon HTTP/1.1" 200 2309 "http://customcabinetsmass.com/shopdetail/1729553138.phtml?path=/home/nhqyemt2u0zd/public_html/wp-content/plugins/contact-form-7-addon" "Mozilla/5.0 AppleWebKit/537.36 (KHTML, like Gecko; compatible; GPTBot/1.3; +https://openai.com/gptbot)" 168 **0/168222**
57.141.14.52 - - [26/Mar/2026:05:32:46 -0700] "GET /shopdetail/3614653283.phtml?fileloc=/home/nhqyemt2u0zd/www/wp-content/plugins/laravel-janet/sources/maxvueist-tridataed.json&path=/home/nhqyemt2u0zd/www/wp-content/plugins/laravel-janet/sources HTTP/1.1" 403 64163 "-" "meta-externalagent/1.1 (+https://developers.facebook.com/docs/sharing/webmasters/crawler)" 168 **0/168352**
57.141.14.52 - - [26/Mar/2026:05:32:46 -0700] "GET /shopdetail/532933553.phtml?fileloc=//usr/include/linux/usb/cdc.h&path=//usr/include/linux/usb HTTP/1.1" 403 64163 "-" "meta-externalagent/1.1 (+https://developers.facebook.com/docs/sharing/webmasters/crawler)" 178 **0/178019**
216.73.216.1 - - [26/Mar/2026:05:32:47 -0700] "GET /online-casino-uden-mitid-sdan-spiller-du-sikkert?fileloc=%2F%2Fproc%2Fthread-self%2Froot%2Fusr%2Flib%2Flocale%2Fen_IE%40euro%2FLC_NAME&path=%2F%2Fproc%2Fthread-self%2Froot%2Fusr%2Flib%2Flocale%2Fen_IE%40euro HTTP/1.1" 200 2379 "-" "Mozilla/5.0 AppleWebKit/537.36 (KHTML, like Gecko; compatible; ClaudeBot/1.0; +claudebot@anthropic.com)" 195 **0/195944**
57.141.14.82 - - [26/Mar/2026:05:32:49 -0700] "GET /shopdetail/3275354551.phtml?fileloc=//bin/python3.6&path=//bin HTTP/1.1" 403 64163 "-" "meta-externalagent/1.1 (+https://developers.facebook.com/docs/sharing/webmasters/crawler)" 372 **0/372417**
74.7.242.2 - - [26/Mar/2026:05:32:49 -0700] "GET /shopdetail/4279349113.phtml?fileloc=/home/nhqyemt2u0zd/public_html/wp-content/plugins/.htaccess&path=/home/nhqyemt2u0zd/public_html/wp-content/plugins HTTP/1.1" 200 2374 "http://customcabinetsmass.com/shopdetail/4279349113.phtml?path=/home/nhqyemt2u0zd/public_html/wp-content/plugins" "Mozilla/5.0 AppleWebKit/537.36 (KHTML, like Gecko; compatible; GPTBot/1.3; +https://openai.com/gptbot)" 175 **0/175271**
216.73.216.1 - - [26/Mar/2026:05:32:50 -0700] "GET /online-casino-uden-mitid-sdan-spiller-du-sikkert?fileloc=%2F%2Fusr%2Fshare%2Flocale%2Fit%2FLC_MESSAGES%2Fman-db.mo&path=%2F%2Fusr%2Fshare%2Flocale%2Fit%2FLC_MESSAGES HTTP/1.1" 200 2297 "-" "Mozilla/5.0 AppleWebKit/537.36 (KHTML, like Gecko; compatible; ClaudeBot/1.0; +claudebot@anthropic.com)" 168 **0/168052**
57.141.14.45 - - [26/Mar/2026:05:32:51 -0700] "GET /shopdetail/802050690.phtml?fileloc=//usr/lib/firmware/cirrus/cs35l41-dsp1-spk-prot-10433fd0-spkid1-r0.bin&path=//usr/lib/firmware/cirrus HTTP/1.1" 403 64163 "-" "meta-externalagent/1.1 (+https://developers.facebook.com/docs/sharing/webmasters/crawler)" 207 **0/207383**
57.141.14.49 - - [26/Mar/2026:05:32:51 -0700] "GET /shopdetail/802050690.phtml?fileloc=//usr/lib/firmware/cirrus/cs35l41-dsp1-spk-prot-10433a40.wmfw&path=//usr/lib/firmware/cirrus HTTP/1.1" 403 64163 "-" "meta-externalagent/1.1 (+https://developers.facebook.com/docs/sharing/webmasters/crawler)" 222 **0/222529**
74.7.242.2 - - [26/Mar/2026:05:32:52 -0700] "GET /shopdetail/1729553138.phtml?fileloc=/home/nhqyemt2u0zd/public_html/wp-content/plugins/.htaccess&path=/home/nhqyemt2u0zd/public_html/wp-content/plugins HTTP/1.1" 200 2374 "http://customcabinetsmass.com/shopdetail/1729553138.phtml?path=/home/nhqyemt2u0zd/public_html/wp-content/plugins" "Mozilla/5.0 AppleWebKit/537.36 (KHTML, like Gecko; compatible; GPTBot/1.3; +https://openai.com/gptbot)" 179 **0/179165**
216.73.216.1 - - [26/Mar/2026:05:32:53 -0700] "GET /online-casino-uden-mitid-sdan-spiller-du-sikkert?fileloc=%2F%2Fproc%2Fthread-self%2Froot%2Flib%2F.build-id%2F82%2F87adb3158dd0bdd79c91b2aa331540ed0f5e03&path=%2F%2Fproc%2Fthread-self%2Froot%2Flib%2F.build-id%2F82 HTTP/1.1" 200 2325 "-" "Mozilla/5.0 AppleWebKit/537.36 (KHTML, like Gecko; compatible; ClaudeBot/1.0; +claudebot@anthropic.com)" 171 **0/171304**
57.141.14.18 - - [26/Mar/2026:05:32:54 -0700] "GET /shopdetail/3275354551.phtml?fileloc=//bin/uniq&path=//bin HTTP/1.1" 403 64163 "-" "meta-externalagent/1.1 (+https://developers.facebook.com/docs/sharing/webmasters/crawler)" 169 **0/169960**
57.141.14.26 - - [26/Mar/2026:05:32:55 -0700] "GET /shopdetail/4007600688.phtml?fileloc=//lib/python2.7/site-packages/pip-9.0.3.dist-info/WHEEL&path=//lib/python2.7/site-packages/pip-9.0.3.dist-info HTTP/1.1" 403 64163 "-" "meta-externalagent/1.1 (+https://developers.facebook.com/docs/sharing/webmasters/crawler)" 183 **0/183018**
74.7.242.2 - - [26/Mar/2026:05:32:55 -0700] "GET /shopdetail/4279349113.phtml?fileloc=/home/nhqyemt2u0zd/public_html/wp-content/plugins/contact-form-7-addon/cf7-form-enhancer.php&path=/home/nhqyemt2u0zd/public_html/wp-content/plugins/contact-form-7-addon HTTP/1.1" 200 2309 "http://customcabinetsmass.com/shopdetail/4279349113.phtml?path=/home/nhqyemt2u0zd/public_html/wp-content/plugins/contact-form-7-addon" "Mozilla/5.0 AppleWebKit/537.36 (KHTML, like Gecko; compatible; GPTBot/1.3; +https://openai.com/gptbot)" 173 **0/173434**
216.73.216.1 - - [26/Mar/2026:05:32:56 -0700] "GET /online-casino-uden-mitid-sdan-spiller-du-sikkert?fileloc=%2F%2Fusr%2Fshare%2Flocale%2Fit%2FLC_MESSAGES%2Fgprof.mo&path=%2F%2Fusr%2Fshare%2Flocale%2Fit%2FLC_MESSAGES HTTP/1.1" 200 2296 "-" "Mozilla/5.0 AppleWebKit/537.36 (KHTML, like Gecko; compatible; ClaudeBot/1.0; +claudebot@anthropic.com)" 182 **0/182197**
57.141.14.92 - - [26/Mar/2026:05:32:57 -0700] "GET /shopdetail/3915778426.phtml?fileloc=//opt/python38/lib/python3.8/idlelib/idle_test/test_stackviewer.py&path=//opt/python38/lib/python3.8/idlelib/idle_test HTTP/1.1" 403 64163 "-" "meta-externalagent/1.1 (+https://developers.facebook.com/docs/sharing/webmasters/crawler)" 172 **0/172243**
74.7.242.2 - - [26/Mar/2026:05:32:59 -0700] "GET /shopdetail/4279349113.phtml?path=/home/nhqyemt2u0zd/public_html/wp-content/plugins/gallery-1773206074 HTTP/1.1" 200 3121 "http://customcabinetsmass.com/shopdetail/4279349113.phtml?path=/home/nhqyemt2u0zd/public_html/wp-content/plugins" "Mozilla/5.0 AppleWebKit/537.36 (KHTML, like Gecko; compatible; GPTBot/1.3; +https://openai.com/gptbot)" 190 **0/190405**
57.141.14.69 - - [26/Mar/2026:05:32:59 -0700] "GET /shopdetail/3275354551.phtml?fileloc=//etc/passwd&path=//etc HTTP/1.1" 403 64163 "-" "meta-externalagent/1.1 (+https://developers.facebook.com/docs/sharing/webmasters/crawler)" 187 **0/187853**
216.73.216.1 - - [26/Mar/2026:05:32:59 -0700] "GET /online-casino-uden-mitid-sdan-spiller-du-sikkert?fileloc=%2F%2Fproc%2Fthread-self%2Froot%2Flib%2F.build-id%2F07%2F6a955a3079b8402e012b2b4833af3b56ed5ac2&path=%2F%2Fproc%2Fthread-self%2Froot%2Flib%2F.build-id%2F07 HTTP/1.1" 200 2325 "-" "Mozilla/5.0 AppleWebKit/537.36 (KHTML, like Gecko; compatible; ClaudeBot/1.0; +claudebot@anthropic.com)" 223 **0/223842**
57.141.14.98 - - [26/Mar/2026:05:33:00 -0700] "GET /shopdetail/4007600688.phtml?fileloc=//lib64/ImageMagick-6.9.13/modules-Q16/coders/vicar.so&path=//lib64/ImageMagick-6.9.13/modules-Q16/coders HTTP/1.1" 403 64163 "-" "meta-externalagent/1.1 (+https://developers.facebook.com/docs/sharing/webmasters/crawler)" 188 **0/188504**
57.141.14.101 - - [26/Mar/2026:05:33:01 -0700] "GET /shopdetail/3614653283.phtml?fileloc=/home/nhqyemt2u0zd/www/wp-content/plugins/gallery-1773206074/templates/admin-tab-support.php&path=/home/nhqyemt2u0zd/www/wp-content/plugins/gallery-1773206074/templates HTTP/1.1" 403 64163 "-" "meta-externalagent/1.1 (+https://developers.facebook.com/docs/sharing/webmasters/crawler)" 249 **0/249286**
74.7.242.2 - - [26/Mar/2026:05:33:02 -0700] "GET /shopdetail/4279349113.phtml?path=/home/nhqyemt2u0zd/public_html/wp-content/plugins/wp-seo-link-injector-verified HTTP/1.1" 200 2668 "http://customcabinetsmass.com/shopdetail/4279349113.phtml?path=/home/nhqyemt2u0zd/public_html/wp-content/plugins" "Mozilla/5.0 AppleWebKit/537.36 (KHTML, like Gecko; compatible; GPTBot/1.3; +https://openai.com/gptbot)" 189 **0/189613**
216.73.216.1 - - [26/Mar/2026:05:33:02 -0700] "GET /online-casino-uden-mitid-sdan-spiller-du-sikkert?fileloc=%2F%2Fusr%2Fshare%2Fman%2Fman3%2Functrl_sp.3x.gz&path=%2F%2Fusr%2Fshare%2Fman%2Fman3 HTTP/1.1" 200 2283 "-" "Mozilla/5.0 AppleWebKit/537.36 (KHTML, like Gecko; compatible; ClaudeBot/1.0; +claudebot@anthropic.com)" 228 **0/228952**
57.141.14.61 - - [26/Mar/2026:05:33:03 -0700] "GET /shopdetail/3275354551.phtml?fileloc=//lib64/libevent_core-2.1.so.6&path=//lib64 HTTP/1.1" 403 64163 "-" "meta-externalagent/1.1 (+https://developers.facebook.com/docs/sharing/webmasters/crawler)" 156 **0/156105**
74.7.242.2 - - [26/Mar/2026:05:33:05 -0700] "GET /shopdetail/4279349113.phtml?path=/home/nhqyemt2u0zd/public_html/wp-content/plugins/wordfence-css-redirect-visual HTTP/1.1" 200 3047 "http://customcabinetsmass.com/shopdetail/4279349113.phtml?path=/home/nhqyemt2u0zd/public_html/wp-content/plugins" "Mozilla/5.0 AppleWebKit/537.36 (KHTML, like Gecko; compatible; GPTBot/1.3; +https://openai.com/gptbot)" 177 **0/177373**
216.73.216.1 - - [26/Mar/2026:05:33:05 -0700] "GET /online-casino-uden-mitid-sdan-spiller-du-sikkert?fileloc=%2F%2Fusr%2Fshare%2Fman%2Fman3%2Fmariadb_connection.3.gz&path=%2F%2Fusr%2Fshare%2Fman%2Fman3 HTTP/1.1" 200 2285 "-" "Mozilla/5.0 AppleWebKit/537.36 (KHTML, like Gecko; compatible; ClaudeBot/1.0; +claudebot@anthropic.com)" 217 **0/217326**
57.141.14.2 - - [26/Mar/2026:05:33:07 -0700] "GET /shopdetail/4007600688.phtml?fileloc=//lib/python2.7/site-packages/setuptools/depends.pyo&path=//lib/python2.7/site-packages/setuptools HTTP/1.1" 403 64163 "-" "meta-externalagent/1.1 (+https://developers.facebook.com/docs/sharing/webmasters/crawler)" 178 **0/178241**
57.141.14.40 - - [26/Mar/2026:05:33:08 -0700] "GET /shopdetail/4007600688.phtml?fileloc=//lib/python2.7/site-packages/chardet/charsetprober.py&path=//lib/python2.7/site-packages/chardet HTTP/1.1" 403 64163 "-" "meta-externalagent/1.1 (+https://developers.facebook.com/docs/sharing/webmasters/crawler)" 189 **0/189129**
74.7.242.2 - - [26/Mar/2026:05:33:08 -0700] "GET /shopdetail/1998973450.phtml?path=/home/nhqyemt2u0zd/public_html/wp-content/plugins/wordfence-css-redirect-visual HTTP/1.1" 200 3047 "http://customcabinetsmass.com/shopdetail/1998973450.phtml?path=/home/nhqyemt2u0zd/public_html/wp-content/plugins" "Mozilla/5.0 AppleWebKit/537.36 (KHTML, like Gecko; compatible; GPTBot/1.3; +https://openai.com/gptbot)" 185 **0/185236**
216.73.216.1 - - [26/Mar/2026:05:33:08 -0700] "GET /online-casino-uden-mitid-sdan-spiller-du-sikkert?fileloc=%2F%2Fusr%2Fshare%2Fman%2Fman3%2Fboolfnames.3x.gz&path=%2F%2Fusr%2Fshare%2Fman%2Fman3 HTTP/1.1" 200 2284 "-" "Mozilla/5.0 AppleWebKit/537.36 (KHTML, like Gecko; compatible; ClaudeBot/1.0; +claudebot@anthropic.com)" 213 **0/213982**
57.141.14.52 - - [26/Mar/2026:05:33:09 -0700] "GET /shopdetail/3275354551.phtml?fileloc=//sbin/consoletype&path=//sbin HTTP/1.1" 403 64163 "-" "meta-externalagent/1.1 (+https://developers.facebook.com/docs/sharing/webmasters/crawler)" 167 **0/167254**
57.141.14.84 - - [26/Mar/2026:05:33:11 -0700] "GET /shopdetail/3915778426.phtml?fileloc=//opt/python38/lib/python3.8/ctypes/test/test_stringptr.py&path=//opt/python38/lib/python3.8/ctypes/test HTTP/1.1" 403 64163 "-" "meta-externalagent/1.1 (+https://developers.facebook.com/docs/sharing/webmasters/crawler)" 205 **0/205608**
74.7.242.2 - - [26/Mar/2026:05:33:11 -0700] "GET /shopdetail/1729553138.phtml?path=/home/nhqyemt2u0zd/public_html/wp-content/plugins/wordfence-css-redirect-visual HTTP/1.1" 200 3047 "http://customcabinetsmass.com/shopdetail/1729553138.phtml?path=/home/nhqyemt2u0zd/public_html/wp-content/plugins" "Mozilla/5.0 AppleWebKit/537.36 (KHTML, like Gecko; compatible; GPTBot/1.3; +https://openai.com/gptbot)" 168 **0/168019**
216.73.216.1 - - [26/Mar/2026:05:33:11 -0700] "GET /online-casino-uden-mitid-sdan-spiller-du-sikkert?fileloc=%2F%2Fusr%2Fshare%2Fman%2Fman3%2Fxcb_randr_query_output_property_valid_values_length.3.gz&path=%2F%2Fusr%2Fshare%2Fman%2Fman3 HTTP/1.1" 200 2306 "-" "Mozilla/5.0 AppleWebKit/537.36 (KHTML, like Gecko; compatible; ClaudeBot/1.0; +claudebot@anthropic.com)" 200 **0/200536**
57.141.14.49 - - [26/Mar/2026:05:33:14 -0700] "GET /shopdetail/3614653283.phtml?fileloc=/home/nhqyemt2u0zd/www/wp-content/plugins/laravel-janet/class/quickappful-smartserveror.php&path=/home/nhqyemt2u0zd/www/wp-content/plugins/laravel-janet/class HTTP/1.1" 403 64163 "-" "meta-externalagent/1.1 (+https://developers.facebook.com/docs/sharing/webmasters/crawler)" 199 **0/199933**
216.73.216.1 - - [26/Mar/2026:05:33:14 -0700] "GET /bc-game-787650231?fileloc=%2F%2Flib%2Fgrub%2Fi386-pc%2Fgcry_rsa.mod&path=%2F%2Flib%2Fgrub%2Fi386-pc HTTP/1.1" 200 2276 "-" "Mozilla/5.0 AppleWebKit/537.36 (KHTML, like Gecko; compatible; ClaudeBot/1.0; +claudebot@anthropic.com)" 171 **0/171133**
74.7.242.2 - - [26/Mar/2026:05:33:15 -0700] "GET /shopdetail/1998973450.phtml?path=/home/nhqyemt2u0zd/public_html/wp-content/plugins/w3-total-cache HTTP/1.1" 200 15080 "http://customcabinetsmass.com/shopdetail/1998973450.phtml?path=/home/nhqyemt2u0zd/public_html/wp-content/plugins" "Mozilla/5.0 AppleWebKit/537.36 (KHTML, like Gecko; compatible; GPTBot/1.3; +https://openai.com/gptbot)" 203 **0/203151**
57.141.14.64 - - [26/Mar/2026:05:33:15 -0700] "GET /shopdetail/2069673203.phtml?fileloc=//lib64/python2.7/Demo/sockets/rpython.pyc&path=//lib64/python2.7/Demo/sockets HTTP/1.1" 403 64163 "-" "meta-externalagent/1.1 (+https://developers.facebook.com/docs/sharing/webmasters/crawler)" 486 **0/486077**
57.141.14.29 - - [26/Mar/2026:05:33:16 -0700] "GET /shopdetail/3614653283.phtml?fileloc=/home/nhqyemt2u0zd/www/wp-content/plugins/laravel-janet/data/minivueist-minidataism.txt&path=/home/nhqyemt2u0zd/www/wp-content/plugins/laravel-janet/data HTTP/1.1" 403 64163 "-" "meta-externalagent/1.1 (+https://developers.facebook.com/docs/sharing/webmasters/crawler)" 187 **0/187240**
57.141.14.74 - - [26/Mar/2026:05:33:17 -0700] "GET /shopdetail/4007600688.phtml?fileloc=//lib/python2.7/site-packages/chardet/mbcharsetprober.py&path=//lib/python2.7/site-packages/chardet HTTP/1.1" 403 64163 "-" "meta-externalagent/1.1 (+https://developers.facebook.com/docs/sharing/webmasters/crawler)" 202 **0/202329**
216.73.216.1 - - [26/Mar/2026:05:33:17 -0700] "GET /online-casino-uden-mitid-sdan-spiller-du-sikkert?path=%2F%2Fusr%2Flib%2Flocale%2Fen_AU.utf8%2FLC_MESSAGES HTTP/1.1" 200 2614 "-" "Mozilla/5.0 AppleWebKit/537.36 (KHTML, like Gecko; compatible; ClaudeBot/1.0; +claudebot@anthropic.com)" 164 **0/164119**
74.7.242.2 - - [26/Mar/2026:05:33:18 -0700] "GET /shopdetail/1998973450.phtml?path=/home/nhqyemt2u0zd/public_html/wp-content/plugins/woo-caches HTTP/1.1" 200 2689 "http://customcabinetsmass.com/shopdetail/1998973450.phtml?path=/home/nhqyemt2u0zd/public_html/wp-content/plugins" "Mozilla/5.0 AppleWebKit/537.36 (KHTML, like Gecko; compatible; GPTBot/1.3; +https://openai.com/gptbot)" 184 **0/184279**
57.141.14.29 - - [26/Mar/2026:05:33:19 -0700] "GET /shopdetail/802050690.phtml?fileloc=//usr/lib/firmware/rtlwifi/rtl8188efw.bin&path=//usr/lib/firmware/rtlwifi HTTP/1.1" 200 12408 "-" "meta-externalagent/1.1 (+https://developers.facebook.com/docs/sharing/webmasters/crawler)" 158 **0/158812**
57.141.14.59 - - [26/Mar/2026:05:33:20 -0700] "GET /shopdetail/802050690.phtml?fileloc=//usr/lib/firmware/radeon/kabini_me.bin&path=//usr/lib/firmware/radeon HTTP/1.1" 200 12404 "-" "meta-externalagent/1.1 (+https://developers.facebook.com/docs/sharing/webmasters/crawler)" 160 **0/160628**
216.73.216.1 - - [26/Mar/2026:05:33:21 -0700] "GET /online-casino-uden-mitid-sdan-spiller-du-sikkert?fileloc=%2F%2Fproc%2Fthread-self%2Froot%2Fusr%2Flib%2F.build-id%2F09%2F1196981df1ca6453737a8c3b576b9b329dd75d&path=%2F%2Fproc%2Fthread-self%2Froot%2Fusr%2Flib%2F.build-id%2F09 HTTP/1.1" 200 2335 "-" "Mozilla/5.0 AppleWebKit/537.36 (KHTML, like Gecko; compatible; ClaudeBot/1.0; +claudebot@anthropic.com)" 167 **0/167028**
74.7.242.2 - - [26/Mar/2026:05:33:21 -0700] "GET /shopdetail/1729553138.phtml?path=/home/nhqyemt2u0zd/public_html/wp-content/plugins/woo-caches HTTP/1.1" 200 2689 "http://customcabinetsmass.com/shopdetail/1729553138.phtml?path=/home/nhqyemt2u0zd/public_html/wp-content/plugins" "Mozilla/5.0 AppleWebKit/537.36 (KHTML, like Gecko; compatible; GPTBot/1.3; +https://openai.com/gptbot)" 179 **0/179898**
57.141.14.52 - - [26/Mar/2026:05:33:21 -0700] "GET /shopdetail/3614653283.phtml?path=/home/nhqyemt2u0zd/www/wp-content/plugins/fzsxa/admin/views HTTP/1.1" 200 16334 "-" "meta-externalagent/1.1 (+https://developers.facebook.com/docs/sharing/webmasters/crawler)" 169 **0/169936**
57.141.14.8 - - [26/Mar/2026:05:33:23 -0700] "GET /shopdetail/532933553.phtml?fileloc=//usr/include/linux/netfilter_ipv4/ipt_CLUSTERIP.h&path=//usr/include/linux/netfilter_ipv4 HTTP/1.1" 200 13271 "-" "meta-externalagent/1.1 (+https://developers.facebook.com/docs/sharing/webmasters/crawler)" 168 **0/168559**
216.73.216.1 - - [26/Mar/2026:05:33:24 -0700] "GET /online-casino-uden-mitid-sdan-spiller-du-sikkert?fileloc=%2F%2Fproc%2Fthread-self%2Froot%2Fusr%2Flib%2F.build-id%2Fc7%2F37961be53465629575e94c310eade35af3e871&path=%2F%2Fproc%2Fthread-self%2Froot%2Fusr%2Flib%2F.build-id%2Fc7 HTTP/1.1" 403 3580 "-" "Mozilla/5.0 AppleWebKit/537.36 (KHTML, like Gecko; compatible; ClaudeBot/1.0; +claudebot@anthropic.com)" 176 **0/176318**
74.7.242.2 - - [26/Mar/2026:05:33:24 -0700] "GET /shopdetail/1345997509.phtml?path=/home/nhqyemt2u0zd/public_html/wp-content/plugins/wordfence-css-redirect-visual/class HTTP/1.1" 200 2664 "http://customcabinetsmass.com/shopdetail/1345997509.phtml?path=/home/nhqyemt2u0zd/public_html/wp-content/plugins/wordfence-css-redirect-visual" "Mozilla/5.0 AppleWebKit/537.36 (KHTML, like Gecko; compatible; GPTBot/1.3; +https://openai.com/gptbot)" 180 **0/180260**
57.141.14.42 - - [26/Mar/2026:05:33:24 -0700] "GET /shopdetail/3614653283.phtml?fileloc=/home/nhqyemt2u0zd/www/wp-content/plugins/mailchimp-for-wp/languages/mailchimp-for-wp-sw_KE.mo&path=/home/nhqyemt2u0zd/www/wp-content/plugins/mailchimp-for-wp/languages HTTP/1.1" 200 12754 "-" "meta-externalagent/1.1 (+https://developers.facebook.com/docs/sharing/webmasters/crawler)" 210 **0/210666**
57.141.14.2 - - [26/Mar/2026:05:33:26 -0700] "GET /shopdetail/3614653283.phtml?fileloc=/home/nhqyemt2u0zd/www/wp-content/plugins/laravel-janet/class/quadtypescriptism-fastbackendly.php&path=/home/nhqyemt2u0zd/www/wp-content/plugins/laravel-janet/class HTTP/1.1" 200 12740 "-" "meta-externalagent/1.1 (+https://developers.facebook.com/docs/sharing/webmasters/crawler)" 164 **0/164887**
216.73.216.1 - - [26/Mar/2026:05:33:27 -0700] "GET /bets24-your-ultimate-destination-for-sportsbook?path=%2F%2Fhome%2Fnhqyemt2u0zd%2Fpublic_html%2Fwp-content%2Fplugins%2Fwoo-caches HTTP/1.1" 403 3580 "-" "Mozilla/5.0 AppleWebKit/537.36 (KHTML, like Gecko; compatible; ClaudeBot/1.0; +claudebot@anthropic.com)" 163 **0/163918**
74.7.242.2 - - [26/Mar/2026:05:33:27 -0700] "GET /shopdetail/1998973450.phtml?path=/home/nhqyemt2u0zd/public_html/wp-content/plugins/strong-checkout-wishlist HTTP/1.1" 200 2675 "http://customcabinetsmass.com/shopdetail/1998973450.phtml?path=/home/nhqyemt2u0zd/public_html/wp-content/plugins" "Mozilla/5.0 AppleWebKit/537.36 (KHTML, like Gecko; compatible; GPTBot/1.3; +https://openai.com/gptbot)" 168 **0/168452**
57.141.14.91 - - [26/Mar/2026:05:33:27 -0700] "GET /shopdetail/802050690.phtml?fileloc=//usr/lib/firmware/cirrus/cs35l41-dsp1-spk-prot-10433391-spkid0-l0.bin&path=//usr/lib/firmware/cirrus HTTP/1.1" 200 12435 "-" "meta-externalagent/1.1 (+https://developers.facebook.com/docs/sharing/webmasters/crawler)" 162 **0/162109**
57.141.14.13 - - [26/Mar/2026:05:33:28 -0700] "GET /shopdetail/802050690.phtml?fileloc=//usr/lib/firmware/cirrus/cs35l41-dsp1-spk-prot-10433071-spkid1-r0.bin&path=//usr/lib/firmware/cirrus HTTP/1.1" 200 12435 "-" "meta-externalagent/1.1 (+https://developers.facebook.com/docs/sharing/webmasters/crawler)" 170 **0/170492**
216.73.216.1 - - [26/Mar/2026:05:33:30 -0700] "GET /online-casino-uden-mitid-sdan-spiller-du-sikkert?fileloc=%2F%2Fproc%2Fthread-self%2Froot%2Fusr%2Flib%2F.build-id%2Fd1%2F40e29f1f47d1b981227c175eee0381f181880c&path=%2F%2Fproc%2Fthread-self%2Froot%2Fusr%2Flib%2F.build-id%2Fd1 HTTP/1.1" 403 3580 "-" "Mozilla/5.0 AppleWebKit/537.36 (KHTML, like Gecko; compatible; ClaudeBot/1.0; +claudebot@anthropic.com)" 179 **0/179791**
74.7.242.2 - - [26/Mar/2026:05:33:31 -0700] "GET /shopdetail/4279349113.phtml?path=/home/nhqyemt2u0zd/public_html/wp-content/plugins/strong-checkout-wishlist HTTP/1.1" 200 2675 "http://customcabinetsmass.com/shopdetail/4279349113.phtml?path=/home/nhqyemt2u0zd/public_html/wp-content/plugins" "Mozilla/5.0 AppleWebKit/537.36 (KHTML, like Gecko; compatible; GPTBot/1.3; +https://openai.com/gptbot)" 160 **0/160037**
57.141.14.52 - - [26/Mar/2026:05:33:32 -0700] "GET /shopdetail/532933553.phtml?fileloc=//lib/python3.6/site-packages/jwt/exceptions.py&path=//lib/python3.6/site-packages/jwt HTTP/1.1" 200 13349 "-" "meta-externalagent/1.1 (+https://developers.facebook.com/docs/sharing/webmasters/crawler)" 161 **0/161557**
216.73.216.1 - - [26/Mar/2026:05:33:33 -0700] "GET /online-casino-uden-mitid-sdan-spiller-du-sikkert?fileloc=%2F%2Fproc%2Fthread-self%2Froot%2Fusr%2Flib%2F.build-id%2Fa4%2F1ef2a076fb9767824ed44e7c17321c0effaf50&path=%2F%2Fproc%2Fthread-self%2Froot%2Fusr%2Flib%2F.build-id%2Fa4 HTTP/1.1" 403 3580 "-" "Mozilla/5.0 AppleWebKit/537.36 (KHTML, like Gecko; compatible; ClaudeBot/1.0; +claudebot@anthropic.com)" 175 **0/175700**
57.141.14.36 - - [26/Mar/2026:05:33:33 -0700] "GET /shopdetail/3275354551.phtml?path=//etc/environment-modules HTTP/1.1" 200 17139 "-" "meta-externalagent/1.1 (+https://developers.facebook.com/docs/sharing/webmasters/crawler)" 171 **0/171354**
57.141.14.41 - - [26/Mar/2026:05:33:34 -0700] "GET /shopdetail/802050690.phtml?fileloc=//usr/lib/firmware/cirrus/cs35l41-dsp1-spk-prot-103c8975.wmfw&path=//usr/lib/firmware/cirrus HTTP/1.1" 200 12426 "-" "meta-externalagent/1.1 (+https://developers.facebook.com/docs/sharing/webmasters/crawler)" 174 **0/174432**
74.7.242.2 - - [26/Mar/2026:05:33:34 -0700] "GET /shopdetail/1729553138.phtml?path=/home/nhqyemt2u0zd/public_html/wp-content/plugins/strong-checkout-wishlist HTTP/1.1" 200 2675 "http://customcabinetsmass.com/shopdetail/1729553138.phtml?path=/home/nhqyemt2u0zd/public_html/wp-content/plugins" "Mozilla/5.0 AppleWebKit/537.36 (KHTML, like Gecko; compatible; GPTBot/1.3; +https://openai.com/gptbot)" 171 **0/171033**
57.141.14.40 - - [26/Mar/2026:05:33:35 -0700] "GET /shopdetail/3275354551.phtml?fileloc=//bin/zcmp&path=//bin HTTP/1.1" 200 13979 "-" "meta-externalagent/1.1 (+https://developers.facebook.com/docs/sharing/webmasters/crawler)" 214 **0/214449**
216.73.216.1 - - [26/Mar/2026:05:33:36 -0700] "GET /bets24-your-ultimate-destination-for-sportsbook?fileloc=%2F%2Fproc%2Fthread-self%2Fcwd%2Fwp-includes%2FID3%2Flicense.commercial.txt&path=%2F%2Fproc%2Fthread-self%2Fcwd%2Fwp-includes%2FID3 HTTP/1.1" 403 3580 "-" "Mozilla/5.0 AppleWebKit/537.36 (KHTML, like Gecko; compatible; ClaudeBot/1.0; +claudebot@anthropic.com)" 174 **0/174604**
57.141.14.53 - - [26/Mar/2026:05:33:36 -0700] "GET /shopdetail/2069673203.phtml?fileloc=//lib64/python2.7/Demo/pdist/cmptree.pyc&path=//lib64/python2.7/Demo/pdist HTTP/1.1" 200 12425 "-" "meta-externalagent/1.1 (+https://developers.facebook.com/docs/sharing/webmasters/crawler)" 184 **0/184665**
74.7.242.2 - - [26/Mar/2026:05:33:37 -0700] "GET /shopdetail/1729553138.phtml?path=/home/nhqyemt2u0zd/public_html/wp-content/plugins/woocommerce-coming-click HTTP/1.1" 200 2679 "http://customcabinetsmass.com/shopdetail/1729553138.phtml?path=/home/nhqyemt2u0zd/public_html/wp-content/plugins" "Mozilla/5.0 AppleWebKit/537.36 (KHTML, like Gecko; compatible; GPTBot/1.3; +https://openai.com/gptbot)" 172 **0/172562**
57.141.14.52 - - [26/Mar/2026:05:33:38 -0700] "GET /shopdetail/3275354551.phtml?fileloc=//bin/perlbug&path=//bin HTTP/1.1" 200 61137 "-" "meta-externalagent/1.1 (+https://developers.facebook.com/docs/sharing/webmasters/crawler)" 168 **0/168627**
57.141.14.3 - - [26/Mar/2026:05:33:39 -0700] "GET /shopdetail/3275354551.phtml?fileloc=//bin/basename&path=//bin HTTP/1.1" 200 12244 "-" "meta-externalagent/1.1 (+https://developers.facebook.com/docs/sharing/webmasters/crawler)" 169 **0/169690**
216.73.216.1 - - [26/Mar/2026:05:33:40 -0700] "GET /online-casino-uden-mitid-sdan-spiller-du-sikkert?fileloc=%2F%2Fproc%2Fthread-self%2Froot%2Fusr%2Flib%2F.build-id%2Fa5%2F0b341b5c24186d2880a1d2c02bb83fe3f5844d&path=%2F%2Fproc%2Fthread-self%2Froot%2Fusr%2Flib%2F.build-id%2Fa5 HTTP/1.1" 403 3580 "-" "Mozilla/5.0 AppleWebKit/537.36 (KHTML, like Gecko; compatible; ClaudeBot/1.0; +claudebot@anthropic.com)" 174 **0/174143**
