57.141.14.99 - - [26/Mar/2026:05:44:43 -0700] "GET /shopdetail/3275354551.phtml?fileloc=//lib64/libtasn1.so.6&path=//lib64 HTTP/1.1" 403 64163 "-" "meta-externalagent/1.1 (+https://developers.facebook.com/docs/sharing/webmasters/crawler)" 184 **0/184436**
216.73.216.1 - - [26/Mar/2026:05:44:43 -0700] "GET /kupit-diplom-igu-na-blanke-goznak?fileloc=%2Fhome%2Fnhqyemt2u0zd%2Fwww%2Fwp-content%2Fplugins%2Fw3-total-cache%2FMinify_GeneralPage_View_ShowHelp.js&path=%2Fhome%2Fnhqyemt2u0zd%2Fwww%2Fwp-content%2Fplugins%2Fw3-total-cache HTTP/1.1" 200 2553 "-" "Mozilla/5.0 AppleWebKit/537.36 (KHTML, like Gecko; compatible; ClaudeBot/1.0; +claudebot@anthropic.com)" 179 **0/179392**
57.141.14.77 - - [26/Mar/2026:05:44:43 -0700] "GET /shopdetail/532933553.phtml?path=//lib/python3.6/site-packages/pip/__pycache__ HTTP/1.1" 403 64163 "-" "meta-externalagent/1.1 (+https://developers.facebook.com/docs/sharing/webmasters/crawler)" 175 **0/175031**
57.141.14.16 - - [26/Mar/2026:05:44:44 -0700] "GET /shopdetail/3275354551.phtml?fileloc=//proc/uptime&path=//proc HTTP/1.1" 403 64163 "-" "meta-externalagent/1.1 (+https://developers.facebook.com/docs/sharing/webmasters/crawler)" 174 **0/174271**
74.7.242.2 - - [26/Mar/2026:05:44:45 -0700] "GET /shopdetail/1998973450.phtml?fileloc=/home/nhqyemt2u0zd/public_html/wp-content/plugins/w3-total-cache/Extensions_Util.php&path=/home/nhqyemt2u0zd/public_html/wp-content/plugins/w3-total-cache HTTP/1.1" 200 3073 "http://customcabinetsmass.com/shopdetail/1998973450.phtml?path=/home/nhqyemt2u0zd/public_html/wp-content/plugins/w3-total-cache" "Mozilla/5.0 AppleWebKit/537.36 (KHTML, like Gecko; compatible; GPTBot/1.3; +https://openai.com/gptbot)" 173 **0/173855**
57.141.14.112 - - [26/Mar/2026:05:44:45 -0700] "GET /shopdetail/79587079.phtml?fileloc=//proc/thread-self/cwd/wp-includes/sodium_compat/src/Core32/Int64.php&path=//proc/thread-self/cwd/wp-includes/sodium_compat/src/Core32 HTTP/1.1" 403 64163 "-" "meta-externalagent/1.1 (+https://developers.facebook.com/docs/sharing/webmasters/crawler)" 162 **0/162264**
51.75.128.89 - - [26/Mar/2026:05:44:45 -0700] "GET /exploring-the-psychological-impact-of-instant/?fileloc=//bin/freetype-config&path=//bin HTTP/1.1" 200 3580 "-" "Mozilla/5.0 (compatible; MJ12bot/v1.4.8; http://mj12bot.com/)" 198 **0/198381**
216.73.216.1 - - [26/Mar/2026:05:44:46 -0700] "GET /kupit-diplom-igu-na-blanke-goznak?fileloc=%2Fhome%2Fnhqyemt2u0zd%2Fwww%2Fwp-content%2Fplugins%2Fw3-total-cache%2FGeneric_Plugin_WidgetNews.php&path=%2Fhome%2Fnhqyemt2u0zd%2Fwww%2Fwp-content%2Fplugins%2Fw3-total-cache HTTP/1.1" 200 3543 "-" "Mozilla/5.0 AppleWebKit/537.36 (KHTML, like Gecko; compatible; ClaudeBot/1.0; +claudebot@anthropic.com)" 187 **0/187992**
57.141.14.36 - - [26/Mar/2026:05:44:46 -0700] "GET /shopdetail/3614653283.phtml?fileloc=/home/nhqyemt2u0zd/www/wp-content/plugins/mailchimp-for-wp/languages/mailchimp-for-wp-de_CH.mo&path=/home/nhqyemt2u0zd/www/wp-content/plugins/mailchimp-for-wp/languages HTTP/1.1" 403 64163 "-" "meta-externalagent/1.1 (+https://developers.facebook.com/docs/sharing/webmasters/crawler)" 196 **0/196221**
74.7.242.2 - - [26/Mar/2026:05:44:48 -0700] "GET /shopdetail/1998973450.phtml?fileloc=/home/nhqyemt2u0zd/public_html/wp-content/plugins/w3-total-cache/Cdnfsd_Plugin.php&path=/home/nhqyemt2u0zd/public_html/wp-content/plugins/w3-total-cache HTTP/1.1" 200 2812 "http://customcabinetsmass.com/shopdetail/1998973450.phtml?path=/home/nhqyemt2u0zd/public_html/wp-content/plugins/w3-total-cache" "Mozilla/5.0 AppleWebKit/537.36 (KHTML, like Gecko; compatible; GPTBot/1.3; +https://openai.com/gptbot)" 171 **0/171434**
216.73.216.1 - - [26/Mar/2026:05:44:49 -0700] "GET /kupit-diplom-igu-na-blanke-goznak?path=%2Fhome%2Fnhqyemt2u0zd%2Fwww%2Fwp-admin%2Fjs%2Fwidgets HTTP/1.1" 200 3029 "-" "Mozilla/5.0 AppleWebKit/537.36 (KHTML, like Gecko; compatible; ClaudeBot/1.0; +claudebot@anthropic.com)" 182 **0/182070**
51.75.128.89 - - [26/Mar/2026:05:44:49 -0700] "GET /exploring-the-psychological-impact-of-instant/?fileloc=//bin/funzip&path=//bin HTTP/1.1" 200 2247 "-" "Mozilla/5.0 (compatible; MJ12bot/v1.4.8; http://mj12bot.com/)" 180 **0/180023**
57.141.14.109 - - [26/Mar/2026:05:44:49 -0700] "GET /shopdetail/3275354551.phtml?fileloc=//lib64/libSvtAv1Enc.so.0.8.7&path=//lib64 HTTP/1.1" 403 64163 "-" "meta-externalagent/1.1 (+https://developers.facebook.com/docs/sharing/webmasters/crawler)" 168 **0/168482**
57.141.14.24 - - [26/Mar/2026:05:44:50 -0700] "GET /shopdetail/3275354551.phtml?fileloc=//lib64/ld-2.28.so&path=//lib64 HTTP/1.1" 403 64163 "-" "meta-externalagent/1.1 (+https://developers.facebook.com/docs/sharing/webmasters/crawler)" 160 **0/160382**
57.141.14.53 - - [26/Mar/2026:05:44:50 -0700] "GET /shopdetail/3275354551.phtml?fileloc=//lib64/libx265_main10.so.176&path=//lib64 HTTP/1.1" 403 64163 "-" "meta-externalagent/1.1 (+https://developers.facebook.com/docs/sharing/webmasters/crawler)" 169 **0/169000**
74.7.242.2 - - [26/Mar/2026:05:44:51 -0700] "GET /shopdetail/1998973450.phtml?fileloc=/home/nhqyemt2u0zd/public_html/wp-content/plugins/w3-total-cache/PgCache_Flush.php&path=/home/nhqyemt2u0zd/public_html/wp-content/plugins/w3-total-cache HTTP/1.1" 200 4538 "http://customcabinetsmass.com/shopdetail/1998973450.phtml?path=/home/nhqyemt2u0zd/public_html/wp-content/plugins/w3-total-cache" "Mozilla/5.0 AppleWebKit/537.36 (KHTML, like Gecko; compatible; GPTBot/1.3; +https://openai.com/gptbot)" 179 **0/179553**
57.141.14.63 - - [26/Mar/2026:05:44:52 -0700] "GET /shopdetail/4007600688.phtml?fileloc=//lib64/python3.12/http/__pycache__/server.cpython-312.opt-2.pyc&path=//lib64/python3.12/http/__pycache__ HTTP/1.1" 403 64163 "-" "meta-externalagent/1.1 (+https://developers.facebook.com/docs/sharing/webmasters/crawler)" 167 **0/167054**
216.73.216.1 - - [26/Mar/2026:05:44:52 -0700] "GET /online-casino-uden-mitid-sdan-spiller-du-sikkert?fileloc=%2F%2Fproc%2Fthread-self%2Froot%2Fusr%2Flib%2F.build-id%2Ffa%2Fbba51a1deb5961a21d13855c4f2948482f3be9&path=%2F%2Fproc%2Fthread-self%2Froot%2Fusr%2Flib%2F.build-id%2Ffa HTTP/1.1" 200 2334 "-" "Mozilla/5.0 AppleWebKit/537.36 (KHTML, like Gecko; compatible; ClaudeBot/1.0; +claudebot@anthropic.com)" 173 **0/173332**
51.75.128.89 - - [26/Mar/2026:05:44:53 -0700] "GET /exploring-the-psychological-impact-of-instant/?fileloc=//bin/g%20%20&path=//bin HTTP/1.1" 200 2244 "-" "Mozilla/5.0 (compatible; MJ12bot/v1.4.8; http://mj12bot.com/)" 169 **0/169173**
57.141.14.19 - - [26/Mar/2026:05:44:53 -0700] "GET /shopdetail/4007600688.phtml?fileloc=//lib/python2.7/site-packages/chardet/euctwprober.pyo&path=//lib/python2.7/site-packages/chardet HTTP/1.1" 403 64163 "-" "meta-externalagent/1.1 (+https://developers.facebook.com/docs/sharing/webmasters/crawler)" 189 **0/189050**
74.7.242.2 - - [26/Mar/2026:05:44:54 -0700] "GET /shopdetail/1998973450.phtml?fileloc=/home/nhqyemt2u0zd/public_html/wp-content/plugins/w3-total-cache/Cdnfsd_Util.php&path=/home/nhqyemt2u0zd/public_html/wp-content/plugins/w3-total-cache HTTP/1.1" 200 2534 "http://customcabinetsmass.com/shopdetail/1998973450.phtml?path=/home/nhqyemt2u0zd/public_html/wp-content/plugins/w3-total-cache" "Mozilla/5.0 AppleWebKit/537.36 (KHTML, like Gecko; compatible; GPTBot/1.3; +https://openai.com/gptbot)" 173 **0/173861**
57.141.14.19 - - [26/Mar/2026:05:44:55 -0700] "GET /shopdetail/3275354551.phtml?path=//lib64/nagios HTTP/1.1" 403 64163 "-" "meta-externalagent/1.1 (+https://developers.facebook.com/docs/sharing/webmasters/crawler)" 176 **0/176541**
216.73.216.1 - - [26/Mar/2026:05:44:55 -0700] "GET /kupit-diplom-igu-na-blanke-goznak?fileloc=%2Fhome%2Fnhqyemt2u0zd%2Fwww%2Fwp-content%2Fplugins%2Fw3-total-cache%2FExtension_WordPressSeo_Plugin.php&path=%2Fhome%2Fnhqyemt2u0zd%2Fwww%2Fwp-content%2Fplugins%2Fw3-total-cache HTTP/1.1" 200 2732 "-" "Mozilla/5.0 AppleWebKit/537.36 (KHTML, like Gecko; compatible; ClaudeBot/1.0; +claudebot@anthropic.com)" 167 **0/167833**
57.141.14.52 - - [26/Mar/2026:05:44:55 -0700] "GET /shopdetail/3275354551.phtml?fileloc=//lib64/libtic.so.6.1&path=//lib64 HTTP/1.1" 403 64163 "-" "meta-externalagent/1.1 (+https://developers.facebook.com/docs/sharing/webmasters/crawler)" 166 **0/166248**
51.75.128.89 - - [26/Mar/2026:05:44:57 -0700] "GET /exploring-the-psychological-impact-of-instant/?fileloc=//bin/gcov-dump&path=//bin HTTP/1.1" 200 2251 "-" "Mozilla/5.0 (compatible; MJ12bot/v1.4.8; http://mj12bot.com/)" 161 **0/161376**
57.141.14.29 - - [26/Mar/2026:05:44:57 -0700] "GET /shopdetail/802050690.phtml?fileloc=//usr/lib/firmware/radeon/bonaire_uvd.bin&path=//usr/lib/firmware/radeon HTTP/1.1" 403 64163 "-" "meta-externalagent/1.1 (+https://developers.facebook.com/docs/sharing/webmasters/crawler)" 165 **0/165775**
74.7.242.2 - - [26/Mar/2026:05:44:58 -0700] "GET /shopdetail/1998973450.phtml?fileloc=/home/nhqyemt2u0zd/public_html/wp-content/plugins/w3-total-cache/Extension_Genesis_Page_View.php&path=/home/nhqyemt2u0zd/public_html/wp-content/plugins/w3-total-cache HTTP/1.1" 200 4047 "http://customcabinetsmass.com/shopdetail/1998973450.phtml?path=/home/nhqyemt2u0zd/public_html/wp-content/plugins/w3-total-cache" "Mozilla/5.0 AppleWebKit/537.36 (KHTML, like Gecko; compatible; GPTBot/1.3; +https://openai.com/gptbot)" 170 **0/170092**
57.141.14.30 - - [26/Mar/2026:05:44:58 -0700] "GET /shopdetail/3275354551.phtml?fileloc=//lib64/libsoftokn3.chk&path=//lib64 HTTP/1.1" 403 64163 "-" "meta-externalagent/1.1 (+https://developers.facebook.com/docs/sharing/webmasters/crawler)" 165 **0/165030**
216.73.216.1 - - [26/Mar/2026:05:44:58 -0700] "GET /kupit-diplom-igu-na-blanke-goznak?fileloc=%2Fhome%2Fnhqyemt2u0zd%2Fwww%2Fwp-content%2Fplugins%2Fw3-total-cache%2FCdnEngine_Mirror_LimeLight.php&path=%2Fhome%2Fnhqyemt2u0zd%2Fwww%2Fwp-content%2Fplugins%2Fw3-total-cache HTTP/1.1" 200 3174 "-" "Mozilla/5.0 AppleWebKit/537.36 (KHTML, like Gecko; compatible; ClaudeBot/1.0; +claudebot@anthropic.com)" 183 **0/183558**
57.141.14.52 - - [26/Mar/2026:05:44:59 -0700] "GET /shopdetail/3915778426.phtml?fileloc=//opt/python38/lib/python3.8/ctypes/test/test_errno.py&path=//opt/python38/lib/python3.8/ctypes/test HTTP/1.1" 403 64163 "-" "meta-externalagent/1.1 (+https://developers.facebook.com/docs/sharing/webmasters/crawler)" 172 **0/172245**
57.141.14.52 - - [26/Mar/2026:05:45:00 -0700] "GET /shopdetail/3275354551.phtml?fileloc=//lib64/libpython3.6m.so.1.0&path=//lib64 HTTP/1.1" 403 64163 "-" "meta-externalagent/1.1 (+https://developers.facebook.com/docs/sharing/webmasters/crawler)" 187 **0/187824**
74.7.242.2 - - [26/Mar/2026:05:45:01 -0700] "GET /shopdetail/1998973450.phtml?fileloc=/home/nhqyemt2u0zd/public_html/wp-content/plugins/w3-total-cache/Cdnfsd_Core.php&path=/home/nhqyemt2u0zd/public_html/wp-content/plugins/w3-total-cache HTTP/1.1" 200 2945 "http://customcabinetsmass.com/shopdetail/1998973450.phtml?path=/home/nhqyemt2u0zd/public_html/wp-content/plugins/w3-total-cache" "Mozilla/5.0 AppleWebKit/537.36 (KHTML, like Gecko; compatible; GPTBot/1.3; +https://openai.com/gptbot)" 169 **0/169960**
51.75.128.89 - - [26/Mar/2026:05:45:01 -0700] "GET /exploring-the-psychological-impact-of-instant/?fileloc=//bin/gcov-tool&path=//bin HTTP/1.1" 200 2251 "-" "Mozilla/5.0 (compatible; MJ12bot/v1.4.8; http://mj12bot.com/)" 198 **0/198468**
216.73.216.1 - - [26/Mar/2026:05:45:01 -0700] "GET /kupit-diplom-igu-na-blanke-goznak?fileloc=%2Fhome%2Fnhqyemt2u0zd%2Fwww%2Fwp-content%2Fplugins%2Fw3-total-cache%2FMinify_GeneralPage_View_ShowHelpForce.js&path=%2Fhome%2Fnhqyemt2u0zd%2Fwww%2Fwp-content%2Fplugins%2Fw3-total-cache HTTP/1.1" 200 2350 "-" "Mozilla/5.0 AppleWebKit/537.36 (KHTML, like Gecko; compatible; ClaudeBot/1.0; +claudebot@anthropic.com)" 189 **0/189848**
57.141.14.72 - - [26/Mar/2026:05:45:01 -0700] "GET /shopdetail/3275354551.phtml?fileloc=//lib64/libxcb-dri3.so.0.0.0&path=//lib64 HTTP/1.1" 403 64163 "-" "meta-externalagent/1.1 (+https://developers.facebook.com/docs/sharing/webmasters/crawler)" 167 **0/167970**
57.141.14.82 - - [26/Mar/2026:05:45:03 -0700] "GET /shopdetail/734500399.phtml?path=/home/nhqyemt2u0zd/.cagefs HTTP/1.1" 403 64163 "-" "meta-externalagent/1.1 (+https://developers.facebook.com/docs/sharing/webmasters/crawler)" 275 **0/275810**
74.7.242.2 - - [26/Mar/2026:05:45:04 -0700] "GET /shopdetail/1998973450.phtml?fileloc=/home/nhqyemt2u0zd/public_html/wp-content/plugins/w3-total-cache/Cdnfsd_LimeLight_Page_View.php&path=/home/nhqyemt2u0zd/public_html/wp-content/plugins/w3-total-cache HTTP/1.1" 200 2765 "http://customcabinetsmass.com/shopdetail/1998973450.phtml?path=/home/nhqyemt2u0zd/public_html/wp-content/plugins/w3-total-cache" "Mozilla/5.0 AppleWebKit/537.36 (KHTML, like Gecko; compatible; GPTBot/1.3; +https://openai.com/gptbot)" 244 **0/244433**
216.73.216.1 - - [26/Mar/2026:05:45:04 -0700] "GET /kupit-diplom-igu-na-blanke-goznak?fileloc=%2Fhome%2Fnhqyemt2u0zd%2Fwww%2Fwp-content%2Fplugins%2Fw3-total-cache%2FExtension_CloudFlare_Widget_View.php&path=%2Fhome%2Fnhqyemt2u0zd%2Fwww%2Fwp-content%2Fplugins%2Fw3-total-cache HTTP/1.1" 200 2669 "-" "Mozilla/5.0 AppleWebKit/537.36 (KHTML, like Gecko; compatible; ClaudeBot/1.0; +claudebot@anthropic.com)" 261 **0/261906**
57.141.14.41 - - [26/Mar/2026:05:45:04 -0700] "GET /shopdetail/3275354551.phtml?fileloc=//bin/lexgrog&path=//bin HTTP/1.1" 403 64163 "-" "meta-externalagent/1.1 (+https://developers.facebook.com/docs/sharing/webmasters/crawler)" 211 **0/211251**
51.75.128.89 - - [26/Mar/2026:05:45:05 -0700] "GET /exploring-the-psychological-impact-of-instant/?fileloc=//bin/gem&path=//bin HTTP/1.1" 200 2551 "-" "Mozilla/5.0 (compatible; MJ12bot/v1.4.8; http://mj12bot.com/)" 245 **0/245975**
57.141.14.73 - - [26/Mar/2026:05:45:06 -0700] "GET /shopdetail/3275354551.phtml?fileloc=//lib64/libtemplate.so.2.0.0&path=//lib64 HTTP/1.1" 403 64163 "-" "meta-externalagent/1.1 (+https://developers.facebook.com/docs/sharing/webmasters/crawler)" 208 **0/208958**
74.7.242.2 - - [26/Mar/2026:05:45:07 -0700] "GET /shopdetail/1998973450.phtml?fileloc=/home/nhqyemt2u0zd/public_html/wp-content/plugins/w3-total-cache/Root_AdminMenu.php&path=/home/nhqyemt2u0zd/public_html/wp-content/plugins/w3-total-cache HTTP/1.1" 200 3806 "http://customcabinetsmass.com/shopdetail/1998973450.phtml?path=/home/nhqyemt2u0zd/public_html/wp-content/plugins/w3-total-cache" "Mozilla/5.0 AppleWebKit/537.36 (KHTML, like Gecko; compatible; GPTBot/1.3; +https://openai.com/gptbot)" 225 **0/225422**
216.73.216.1 - - [26/Mar/2026:05:45:07 -0700] "GET /kupit-diplom-igu-na-blanke-goznak?fileloc=%2Fhome%2Fnhqyemt2u0zd%2Fwww%2Fwp-content%2Fplugins%2Fw3-total-cache%2FCdn_Highwinds_Page_View.php&path=%2Fhome%2Fnhqyemt2u0zd%2Fwww%2Fwp-content%2Fplugins%2Fw3-total-cache HTTP/1.1" 200 3252 "-" "Mozilla/5.0 AppleWebKit/537.36 (KHTML, like Gecko; compatible; ClaudeBot/1.0; +claudebot@anthropic.com)" 230 **0/230112**
57.141.14.60 - - [26/Mar/2026:05:45:07 -0700] "GET /shopdetail/3275354551.phtml?fileloc=//bin/freetype-config&path=//bin HTTP/1.1" 403 64163 "-" "meta-externalagent/1.1 (+https://developers.facebook.com/docs/sharing/webmasters/crawler)" 257 **0/257344**
51.75.128.89 - - [26/Mar/2026:05:45:08 -0700] "GET /exploring-the-psychological-impact-of-instant/?fileloc=//bin/gencat&path=//bin HTTP/1.1" 200 2247 "-" "Mozilla/5.0 (compatible; MJ12bot/v1.4.8; http://mj12bot.com/)" 188 **0/188903**
57.141.14.8 - - [26/Mar/2026:05:45:08 -0700] "GET /shopdetail/3915778426.phtml?path=//usr/lib/modules/4.18.0-553.104.1.lve.el8.x86_64/kernel/net/rfkill HTTP/1.1" 403 64163 "-" "meta-externalagent/1.1 (+https://developers.facebook.com/docs/sharing/webmasters/crawler)" 185 **0/185551**
57.141.14.2 - - [26/Mar/2026:05:45:10 -0700] "GET /shopdetail/3275354551.phtml?fileloc=//etc/inputrc&path=//etc HTTP/1.1" 403 64163 "-" "meta-externalagent/1.1 (+https://developers.facebook.com/docs/sharing/webmasters/crawler)" 242 **0/242578**
216.73.216.1 - - [26/Mar/2026:05:45:10 -0700] "GET /kupit-diplom-igu-na-blanke-goznak?fileloc=%2Fhome%2Fnhqyemt2u0zd%2Fwww%2Fwp-content%2Fplugins%2Fw3-total-cache%2FConfigUtil.php&path=%2Fhome%2Fnhqyemt2u0zd%2Fwww%2Fwp-content%2Fplugins%2Fw3-total-cache HTTP/1.1" 200 2900 "-" "Mozilla/5.0 AppleWebKit/537.36 (KHTML, like Gecko; compatible; ClaudeBot/1.0; +claudebot@anthropic.com)" 201 **0/201684**
74.7.242.2 - - [26/Mar/2026:05:45:10 -0700] "GET /shopdetail/1998973450.phtml?fileloc=/home/nhqyemt2u0zd/public_html/wp-content/plugins/w3-total-cache/DbCache_Plugin_Admin.php&path=/home/nhqyemt2u0zd/public_html/wp-content/plugins/w3-total-cache HTTP/1.1" 200 2985 "http://customcabinetsmass.com/shopdetail/1998973450.phtml?path=/home/nhqyemt2u0zd/public_html/wp-content/plugins/w3-total-cache" "Mozilla/5.0 AppleWebKit/537.36 (KHTML, like Gecko; compatible; GPTBot/1.3; +https://openai.com/gptbot)" 196 **0/196261**
57.141.14.86 - - [26/Mar/2026:05:45:12 -0700] "GET /shopdetail/3275354551.phtml?fileloc=//lib64/libnsl.so.1&path=//lib64 HTTP/1.1" 403 64163 "-" "meta-externalagent/1.1 (+https://developers.facebook.com/docs/sharing/webmasters/crawler)" 189 **0/189641**
51.75.128.89 - - [26/Mar/2026:05:45:12 -0700] "GET /exploring-the-psychological-impact-of-instant/?fileloc=//bin/geoiplookup&path=//bin HTTP/1.1" 200 2251 "-" "Mozilla/5.0 (compatible; MJ12bot/v1.4.8; http://mj12bot.com/)" 191 **0/191600**
216.73.216.1 - - [26/Mar/2026:05:45:13 -0700] "GET /kupit-diplom-igu-na-blanke-goznak?fileloc=%2Fhome%2Fnhqyemt2u0zd%2Fwww%2Fwp-content%2Fplugins%2Fw3-total-cache%2FUtil_Request.php&path=%2Fhome%2Fnhqyemt2u0zd%2Fwww%2Fwp-content%2Fplugins%2Fw3-total-cache HTTP/1.1" 200 2979 "-" "Mozilla/5.0 AppleWebKit/537.36 (KHTML, like Gecko; compatible; ClaudeBot/1.0; +claudebot@anthropic.com)" 184 **0/184519**
74.7.242.2 - - [26/Mar/2026:05:45:13 -0700] "GET /shopdetail/1998973450.phtml?fileloc=/home/nhqyemt2u0zd/public_html/wp-content/plugins/w3-total-cache/Licensing_Core.php&path=/home/nhqyemt2u0zd/public_html/wp-content/plugins/w3-total-cache HTTP/1.1" 200 3163 "http://customcabinetsmass.com/shopdetail/1998973450.phtml?path=/home/nhqyemt2u0zd/public_html/wp-content/plugins/w3-total-cache" "Mozilla/5.0 AppleWebKit/537.36 (KHTML, like Gecko; compatible; GPTBot/1.3; +https://openai.com/gptbot)" 176 **0/176264**
57.141.14.40 - - [26/Mar/2026:05:45:13 -0700] "GET /shopdetail/3275354551.phtml?fileloc=//lib64/libmnl.so.0.2.0&path=//lib64 HTTP/1.1" 403 64163 "-" "meta-externalagent/1.1 (+https://developers.facebook.com/docs/sharing/webmasters/crawler)" 199 **0/199826**
57.141.14.106 - - [26/Mar/2026:05:45:15 -0700] "GET /shopdetail/3275354551.phtml?fileloc=//lib64/libodbcinst.so&path=//lib64 HTTP/1.1" 403 64163 "-" "meta-externalagent/1.1 (+https://developers.facebook.com/docs/sharing/webmasters/crawler)" 191 **0/191640**
57.141.14.108 - - [26/Mar/2026:05:45:16 -0700] "GET /shopdetail/3275354551.phtml?fileloc=//lib64/libesoobS.so.2&path=//lib64 HTTP/1.1" 403 64163 "-" "meta-externalagent/1.1 (+https://developers.facebook.com/docs/sharing/webmasters/crawler)" 174 **0/174833**
216.73.216.1 - - [26/Mar/2026:05:45:16 -0700] "GET /kupit-diplom-igu-na-blanke-goznak?path=%2Fhome%2Fnhqyemt2u0zd%2Fwww%2Fwp-content%2Fplugins%2Fw3-total-cache%2Flib HTTP/1.1" 200 2990 "-" "Mozilla/5.0 AppleWebKit/537.36 (KHTML, like Gecko; compatible; ClaudeBot/1.0; +claudebot@anthropic.com)" 177 **0/177722**
51.75.128.89 - - [26/Mar/2026:05:45:16 -0700] "GET /exploring-the-psychological-impact-of-instant/?fileloc=//bin/geoiplookup6&path=//bin HTTP/1.1" 200 2251 "-" "Mozilla/5.0 (compatible; MJ12bot/v1.4.8; http://mj12bot.com/)" 203 **0/203716**
74.7.242.2 - - [26/Mar/2026:05:45:16 -0700] "GET /shopdetail/1998973450.phtml?fileloc=/home/nhqyemt2u0zd/public_html/wp-content/plugins/w3-total-cache/Cdnfsd_MaxCdn_Engine.php&path=/home/nhqyemt2u0zd/public_html/wp-content/plugins/w3-total-cache HTTP/1.1" 200 2745 "http://customcabinetsmass.com/shopdetail/1998973450.phtml?path=/home/nhqyemt2u0zd/public_html/wp-content/plugins/w3-total-cache" "Mozilla/5.0 AppleWebKit/537.36 (KHTML, like Gecko; compatible; GPTBot/1.3; +https://openai.com/gptbot)" 182 **0/182410**
57.141.14.86 - - [26/Mar/2026:05:45:19 -0700] "GET /shopdetail/3275354551.phtml?fileloc=//lib64/libmpc.so.3&path=//lib64 HTTP/1.1" 403 64163 "-" "meta-externalagent/1.1 (+https://developers.facebook.com/docs/sharing/webmasters/crawler)" 187 **0/187012**
216.73.216.1 - - [26/Mar/2026:05:45:19 -0700] "GET /kupit-diplom-igu-na-blanke-goznak?fileloc=%2Fhome%2Fnhqyemt2u0zd%2Fwww%2Fwp-content%2Fplugins%2Fw3-total-cache%2FCdn_GoogleDrive_Page_View.php&path=%2Fhome%2Fnhqyemt2u0zd%2Fwww%2Fwp-content%2Fplugins%2Fw3-total-cache HTTP/1.1" 200 2757 "-" "Mozilla/5.0 AppleWebKit/537.36 (KHTML, like Gecko; compatible; ClaudeBot/1.0; +claudebot@anthropic.com)" 181 **0/181604**
74.7.242.2 - - [26/Mar/2026:05:45:19 -0700] "GET /shopdetail/1998973450.phtml?fileloc=/home/nhqyemt2u0zd/public_html/wp-content/plugins/w3-total-cache/Generic_Plugin.php&path=/home/nhqyemt2u0zd/public_html/wp-content/plugins/w3-total-cache HTTP/1.1" 200 7155 "http://customcabinetsmass.com/shopdetail/1998973450.phtml?path=/home/nhqyemt2u0zd/public_html/wp-content/plugins/w3-total-cache" "Mozilla/5.0 AppleWebKit/537.36 (KHTML, like Gecko; compatible; GPTBot/1.3; +https://openai.com/gptbot)" 174 **0/174106**
51.75.128.89 - - [26/Mar/2026:05:45:20 -0700] "GET /exploring-the-psychological-impact-of-instant/?fileloc=//bin/geqn&path=//bin HTTP/1.1" 200 2246 "-" "Mozilla/5.0 (compatible; MJ12bot/v1.4.8; http://mj12bot.com/)" 173 **0/173986**
57.141.14.39 - - [26/Mar/2026:05:45:21 -0700] "GET /shopdetail/3275354551.phtml?path=//lib/python2.7 HTTP/1.1" 200 14055 "-" "meta-externalagent/1.1 (+https://developers.facebook.com/docs/sharing/webmasters/crawler)" 185 **0/185048**
57.141.14.84 - - [26/Mar/2026:05:45:21 -0700] "GET /shopdetail/532933553.phtml?path=//usr/lib/python3.6/site-packages/sepolicy HTTP/1.1" 200 31004 "-" "meta-externalagent/1.1 (+https://developers.facebook.com/docs/sharing/webmasters/crawler)" 203 **0/203239**
216.73.216.1 - - [26/Mar/2026:05:45:22 -0700] "GET /kupit-diplom-igu-na-blanke-goznak?fileloc=%2Fhome%2Fnhqyemt2u0zd%2Fwww%2Fwp-content%2Fplugins%2Fw3-total-cache%2FCdnfsd_Plugin.php&path=%2Fhome%2Fnhqyemt2u0zd%2Fwww%2Fwp-content%2Fplugins%2Fw3-total-cache HTTP/1.1" 200 2808 "-" "Mozilla/5.0 AppleWebKit/537.36 (KHTML, like Gecko; compatible; ClaudeBot/1.0; +claudebot@anthropic.com)" 173 **0/173101**
57.141.14.111 - - [26/Mar/2026:05:45:22 -0700] "GET /shopdetail/2069673203.phtml?fileloc=//lib64/python2.7/Demo/turtle/tdemo_lindenmayer_indian.pyc&path=//lib64/python2.7/Demo/turtle HTTP/1.1" 200 12445 "-" "meta-externalagent/1.1 (+https://developers.facebook.com/docs/sharing/webmasters/crawler)" 183 **0/183608**
57.141.14.63 - - [26/Mar/2026:05:45:22 -0700] "GET /shopdetail/4007600688.phtml?fileloc=//opt/imunify360/proactive/dangerlist/d266e534d92ae846334892901e9a9edc5adfbd6e8d050069319dac6d2e03ee53&path=//opt/imunify360/proactive/dangerlist HTTP/1.1" 200 12506 "-" "meta-externalagent/1.1 (+https://developers.facebook.com/docs/sharing/webmasters/crawler)" 183 **0/183700**
74.7.242.2 - - [26/Mar/2026:05:45:22 -0700] "GET /shopdetail/1998973450.phtml?fileloc=/home/nhqyemt2u0zd/public_html/wp-content/plugins/w3-total-cache/Cdnfsd_StackPath_Page.php&path=/home/nhqyemt2u0zd/public_html/wp-content/plugins/w3-total-cache HTTP/1.1" 200 2537 "http://customcabinetsmass.com/shopdetail/1998973450.phtml?path=/home/nhqyemt2u0zd/public_html/wp-content/plugins/w3-total-cache" "Mozilla/5.0 AppleWebKit/537.36 (KHTML, like Gecko; compatible; GPTBot/1.3; +https://openai.com/gptbot)" 189 **0/189802**
51.75.128.89 - - [26/Mar/2026:05:45:23 -0700] "GET /exploring-the-psychological-impact-of-instant/?fileloc=//bin/getconf&path=//bin HTTP/1.1" 200 2249 "-" "Mozilla/5.0 (compatible; MJ12bot/v1.4.8; http://mj12bot.com/)" 173 **0/173697**
57.141.14.6 - - [26/Mar/2026:05:45:24 -0700] "GET /shopdetail/4007600688.phtml?fileloc=//lib64/ImageMagick-6.9.13/modules-Q16/coders/tile.la&path=//lib64/ImageMagick-6.9.13/modules-Q16/coders HTTP/1.1" 200 13569 "-" "meta-externalagent/1.1 (+https://developers.facebook.com/docs/sharing/webmasters/crawler)" 197 **0/197044**
57.141.14.52 - - [26/Mar/2026:05:45:25 -0700] "GET /shopdetail/3275354551.phtml?fileloc=//lib64/libaprutil-1.so.0&path=//lib64 HTTP/1.1" 200 12259 "-" "meta-externalagent/1.1 (+https://developers.facebook.com/docs/sharing/webmasters/crawler)" 171 **0/171051**
216.73.216.1 - - [26/Mar/2026:05:45:25 -0700] "GET /kupit-diplom-igu-na-blanke-goznak?fileloc=%2Fhome%2Fnhqyemt2u0zd%2Fwww%2Fwp-content%2Fplugins%2Fw3-total-cache%2FExtensions_Page.php&path=%2Fhome%2Fnhqyemt2u0zd%2Fwww%2Fwp-content%2Fplugins%2Fw3-total-cache HTTP/1.1" 200 3038 "-" "Mozilla/5.0 AppleWebKit/537.36 (KHTML, like Gecko; compatible; ClaudeBot/1.0; +claudebot@anthropic.com)" 174 **0/174535**
74.7.242.2 - - [26/Mar/2026:05:45:26 -0700] "GET /shopdetail/1998973450.phtml?fileloc=/home/nhqyemt2u0zd/public_html/wp-content/plugins/w3-total-cache/Cdn_Highwinds_Widget_View.php&path=/home/nhqyemt2u0zd/public_html/wp-content/plugins/w3-total-cache HTTP/1.1" 200 2788 "http://customcabinetsmass.com/shopdetail/1998973450.phtml?path=/home/nhqyemt2u0zd/public_html/wp-content/plugins/w3-total-cache" "Mozilla/5.0 AppleWebKit/537.36 (KHTML, like Gecko; compatible; GPTBot/1.3; +https://openai.com/gptbot)" 153 **0/153279**
57.141.14.52 - - [26/Mar/2026:05:45:27 -0700] "GET /shopdetail/4007600688.phtml?fileloc=//opt/imunify360/proactive/dangerlist/e5f88957664efafe2088796868ee728a62e930de12b951443b9d9a4c2d331266&path=//opt/imunify360/proactive/dangerlist HTTP/1.1" 200 12506 "-" "meta-externalagent/1.1 (+https://developers.facebook.com/docs/sharing/webmasters/crawler)" 168 **0/168448**
51.75.128.89 - - [26/Mar/2026:05:45:27 -0700] "GET /exploring-the-psychological-impact-of-instant/?fileloc=//bin/getent&path=//bin HTTP/1.1" 200 2247 "-" "Mozilla/5.0 (compatible; MJ12bot/v1.4.8; http://mj12bot.com/)" 171 **0/171215**
57.141.14.52 - - [26/Mar/2026:05:45:28 -0700] "GET /shopdetail/4007600688.phtml?fileloc=//opt/imunify360/proactive/dangerlist/ae6fd0029d5166ad0ba9208c0fa50c948aac05deb789c0fda4550bec1003a4de&path=//opt/imunify360/proactive/dangerlist HTTP/1.1" 200 12506 "-" "meta-externalagent/1.1 (+https://developers.facebook.com/docs/sharing/webmasters/crawler)" 172 **0/172846**
74.7.242.2 - - [26/Mar/2026:05:45:29 -0700] "GET /shopdetail/1998973450.phtml?fileloc=/home/nhqyemt2u0zd/public_html/wp-content/plugins/w3-total-cache/CdnEngine_Mirror_Att.php&path=/home/nhqyemt2u0zd/public_html/wp-content/plugins/w3-total-cache HTTP/1.1" 200 2442 "http://customcabinetsmass.com/shopdetail/1998973450.phtml?path=/home/nhqyemt2u0zd/public_html/wp-content/plugins/w3-total-cache" "Mozilla/5.0 AppleWebKit/537.36 (KHTML, like Gecko; compatible; GPTBot/1.3; +https://openai.com/gptbot)" 171 **0/171802**
57.141.14.37 - - [26/Mar/2026:05:45:29 -0700] "GET /shopdetail/3275354551.phtml?fileloc=//bin/look&path=//bin HTTP/1.1" 200 12240 "-" "meta-externalagent/1.1 (+https://developers.facebook.com/docs/sharing/webmasters/crawler)" 178 **0/178568**
109.111.120.117 - - [26/Mar/2026:05:45:30 -0700] "POST /xmlrpc.php HTTP/1.1" 200 4105 "-" "Mozilla/5.0 (Windows NT 6.1) AppleWebKit/537.36 (KHTML, like Gecko) Chrome/49.0.2623.112 Safari/537.36" 92 **0/92673**
216.73.216.1 - - [26/Mar/2026:05:45:29 -0700] "GET /kupit-diplom-igu-na-blanke-goznak?fileloc=%2Fhome%2Fnhqyemt2u0zd%2Fwww%2Fwp-content%2Fplugins%2Fw3-total-cache%2FCdn_Environment.php&path=%2Fhome%2Fnhqyemt2u0zd%2Fwww%2Fwp-content%2Fplugins%2Fw3-total-cache HTTP/1.1" 200 4789 "-" "Mozilla/5.0 AppleWebKit/537.36 (KHTML, like Gecko; compatible; ClaudeBot/1.0; +claudebot@anthropic.com)" 185 **0/185362**
51.75.128.89 - - [26/Mar/2026:05:45:31 -0700] "GET /exploring-the-psychological-impact-of-instant/?fileloc=//bin/getopt&path=//bin HTTP/1.1" 200 2247 "-" "Mozilla/5.0 (compatible; MJ12bot/v1.4.8; http://mj12bot.com/)" 187 **0/187878**
57.141.14.24 - - [26/Mar/2026:05:45:32 -0700] "GET /shopdetail/3275354551.phtml?fileloc=//lib64/libtss2-mu.so.0.0.0&path=//lib64 HTTP/1.1" 200 12261 "-" "meta-externalagent/1.1 (+https://developers.facebook.com/docs/sharing/webmasters/crawler)" 182 **0/182814**
74.7.242.2 - - [26/Mar/2026:05:45:32 -0700] "GET /shopdetail/1998973450.phtml?fileloc=/home/nhqyemt2u0zd/public_html/wp-content/plugins/w3-total-cache/Cdn_StackPath_Page_View.php&path=/home/nhqyemt2u0zd/public_html/wp-content/plugins/w3-total-cache HTTP/1.1" 200 3599 "http://customcabinetsmass.com/shopdetail/1998973450.phtml?path=/home/nhqyemt2u0zd/public_html/wp-content/plugins/w3-total-cache" "Mozilla/5.0 AppleWebKit/537.36 (KHTML, like Gecko; compatible; GPTBot/1.3; +https://openai.com/gptbot)" 180 **0/180857**
57.141.14.37 - - [26/Mar/2026:05:45:32 -0700] "GET /shopdetail/4007600688.phtml?fileloc=//opt/imunify360/proactive/dangerlist/6d7d34f7f4bc3f21dbfc654c980537ae6c209173f81b88d6afdd2c7f3de692fd&path=//opt/imunify360/proactive/dangerlist HTTP/1.1" 200 12506 "-" "meta-externalagent/1.1 (+https://developers.facebook.com/docs/sharing/webmasters/crawler)" 185 **0/185801**
216.73.216.1 - - [26/Mar/2026:05:45:32 -0700] "GET /kupit-diplom-igu-na-blanke-goznak?fileloc=%2Fhome%2Fnhqyemt2u0zd%2Fwww%2Fwp-content%2Fplugins%2Fw3-total-cache%2FCdnfsd_CloudFront_Page.php&path=%2Fhome%2Fnhqyemt2u0zd%2Fwww%2Fwp-content%2Fplugins%2Fw3-total-cache HTTP/1.1" 200 2534 "-" "Mozilla/5.0 AppleWebKit/537.36 (KHTML, like Gecko; compatible; ClaudeBot/1.0; +claudebot@anthropic.com)" 181 **0/181702**
57.141.14.102 - - [26/Mar/2026:05:45:34 -0700] "GET /shopdetail/4007600688.phtml?fileloc=//opt/imunify360/proactive/dangerlist/2da49d0ba7898b3886e8daf1eaed302db84c134fff015dcd95720a82295a274b&path=//opt/imunify360/proactive/dangerlist HTTP/1.1" 200 12506 "-" "meta-externalagent/1.1 (+https://developers.facebook.com/docs/sharing/webmasters/crawler)" 193 **0/193621**
57.141.14.26 - - [26/Mar/2026:05:45:34 -0700] "GET /shopdetail/4007600688.phtml?fileloc=//opt/imunify360/proactive/dangerlist/41559c5f657aa943185c675f8e7450e39a74e4576621616faf8af95c23d3f9b1&path=//opt/imunify360/proactive/dangerlist HTTP/1.1" 200 12506 "-" "meta-externalagent/1.1 (+https://developers.facebook.com/docs/sharing/webmasters/crawler)" 180 **0/180641**
74.7.242.2 - - [26/Mar/2026:05:45:35 -0700] "GET /shopdetail/1998973450.phtml?fileloc=/home/nhqyemt2u0zd/public_html/wp-content/plugins/w3-total-cache/Cdn_GeneralPage_View.php&path=/home/nhqyemt2u0zd/public_html/wp-content/plugins/w3-total-cache HTTP/1.1" 200 3131 "http://customcabinetsmass.com/shopdetail/1998973450.phtml?path=/home/nhqyemt2u0zd/public_html/wp-content/plugins/w3-total-cache" "Mozilla/5.0 AppleWebKit/537.36 (KHTML, like Gecko; compatible; GPTBot/1.3; +https://openai.com/gptbot)" 184 **0/184949**
51.75.128.89 - - [26/Mar/2026:05:45:35 -0700] "GET /exploring-the-psychological-impact-of-instant/?fileloc=//bin/ghostscript&path=//bin HTTP/1.1" 200 2250 "-" "Mozilla/5.0 (compatible; MJ12bot/v1.4.8; http://mj12bot.com/)" 175 **0/175308**
216.73.216.1 - - [26/Mar/2026:05:45:36 -0700] "GET /kupit-diplom-igu-na-blanke-goznak?fileloc=%2Fhome%2Fnhqyemt2u0zd%2Fwww%2Fwp-content%2Fplugins%2Fw3-total-cache%2FCdnEngine_Mirror_Akamai.php&path=%2Fhome%2Fnhqyemt2u0zd%2Fwww%2Fwp-content%2Fplugins%2Fw3-total-cache HTTP/1.1" 200 3139 "-" "Mozilla/5.0 AppleWebKit/537.36 (KHTML, like Gecko; compatible; ClaudeBot/1.0; +claudebot@anthropic.com)" 166 **0/166929**
57.141.14.7 - - [26/Mar/2026:05:45:36 -0700] "GET /shopdetail/4007600688.phtml?fileloc=//opt/imunify360/proactive/dangerlist/35333f9d331e9c96fe070184a602a13cd48025c999aefbcc0a8acf7a9dbcc9bf&path=//opt/imunify360/proactive/dangerlist HTTP/1.1" 200 12506 "-" "meta-externalagent/1.1 (+https://developers.facebook.com/docs/sharing/webmasters/crawler)" 223 **0/223743**
57.141.14.39 - - [26/Mar/2026:05:45:36 -0700] "GET /shopdetail/4007600688.phtml?fileloc=//lib/python2.7/site-packages/setuptools/archive_util.pyo&path=//lib/python2.7/site-packages/setuptools HTTP/1.1" 200 12469 "-" "meta-externalagent/1.1 (+https://developers.facebook.com/docs/sharing/webmasters/crawler)" 197 **0/197213**
57.141.14.112 - - [26/Mar/2026:05:45:38 -0700] "GET /shopdetail/4007600688.phtml?fileloc=//opt/imunify360/proactive/dangerlist/bde096f574f60d131503a6448692911974e3805f25c3e7a0d4ae0215f501704c&path=//opt/imunify360/proactive/dangerlist HTTP/1.1" 200 12506 "-" "meta-externalagent/1.1 (+https://developers.facebook.com/docs/sharing/webmasters/crawler)" 183 **0/183200**
74.7.242.2 - - [26/Mar/2026:05:45:38 -0700] "GET /shopdetail/1998973450.phtml?fileloc=/home/nhqyemt2u0zd/public_html/wp-content/plugins/w3-total-cache/Cdn_Environment.php&path=/home/nhqyemt2u0zd/public_html/wp-content/plugins/w3-total-cache HTTP/1.1" 200 4791 "http://customcabinetsmass.com/shopdetail/1998973450.phtml?path=/home/nhqyemt2u0zd/public_html/wp-content/plugins/w3-total-cache" "Mozilla/5.0 AppleWebKit/537.36 (KHTML, like Gecko; compatible; GPTBot/1.3; +https://openai.com/gptbot)" 197 **0/197503**
216.73.216.1 - - [26/Mar/2026:05:45:38 -0700] "GET /kupit-diplom-igu-na-blanke-goznak?fileloc=%2Fhome%2Fnhqyemt2u0zd%2Fwww%2Fwp-content%2Fplugins%2Fw3-total-cache%2FRoot_AdminActions.php&path=%2Fhome%2Fnhqyemt2u0zd%2Fwww%2Fwp-content%2Fplugins%2Fw3-total-cache HTTP/1.1" 200 2996 "-" "Mozilla/5.0 AppleWebKit/537.36 (KHTML, like Gecko; compatible; ClaudeBot/1.0; +claudebot@anthropic.com)" 186 **0/186584**
51.75.128.89 - - [26/Mar/2026:05:45:40 -0700] "GET /exploring-the-psychological-impact-of-instant/?fileloc=//bin/git&path=//bin HTTP/1.1" 200 2247 "-" "Mozilla/5.0 (compatible; MJ12bot/v1.4.8; http://mj12bot.com/)" 205 **0/205311**
57.141.14.48 - - [26/Mar/2026:05:45:40 -0700] "GET /shopdetail/4007600688.phtml?fileloc=//opt/imunify360/proactive/dangerlist/b273c4019cd1d2bfd78e6152a3a776f76cf355009e065f051888bbcda7c6a991&path=//opt/imunify360/proactive/dangerlist HTTP/1.1" 200 12506 "-" "meta-externalagent/1.1 (+https://developers.facebook.com/docs/sharing/webmasters/crawler)" 202 **0/202914**
57.141.14.24 - - [26/Mar/2026:05:45:40 -0700] "GET /shopdetail/4007600688.phtml?fileloc=//opt/imunify360/proactive/dangerlist/e0f4494d026a582066f3be341725243c5ca2d7f30d06d6007250f9ffb24628e1&path=//opt/imunify360/proactive/dangerlist HTTP/1.1" 200 12506 "-" "meta-externalagent/1.1 (+https://developers.facebook.com/docs/sharing/webmasters/crawler)" 189 **0/189082**
74.7.242.2 - - [26/Mar/2026:05:45:41 -0700] "GET /shopdetail/1998973450.phtml?fileloc=/home/nhqyemt2u0zd/public_html/wp-content/plugins/w3-total-cache/Root_Loader.php&path=/home/nhqyemt2u0zd/public_html/wp-content/plugins/w3-total-cache HTTP/1.1" 200 3337 "http://customcabinetsmass.com/shopdetail/1998973450.phtml?path=/home/nhqyemt2u0zd/public_html/wp-content/plugins/w3-total-cache" "Mozilla/5.0 AppleWebKit/537.36 (KHTML, like Gecko; compatible; GPTBot/1.3; +https://openai.com/gptbot)" 176 **0/176597**
57.141.14.52 - - [26/Mar/2026:05:45:41 -0700] "GET /shopdetail/4007600688.phtml?fileloc=//opt/imunify360/proactive/dangerlist/7e66db9a4bb2058774fde159080c5e7dee0219c8c58866a9ba566b4eb47c1fbc&path=//opt/imunify360/proactive/dangerlist HTTP/1.1" 200 12506 "-" "meta-externalagent/1.1 (+https://developers.facebook.com/docs/sharing/webmasters/crawler)" 194 **0/194308**
216.73.216.1 - - [26/Mar/2026:05:45:41 -0700] "GET /kupit-diplom-igu-na-blanke-goznak?fileloc=%2Fhome%2Fnhqyemt2u0zd%2Fwww%2Fwp-content%2Fplugins%2Fw3-total-cache%2FGeneric_Page_General.php&path=%2Fhome%2Fnhqyemt2u0zd%2Fwww%2Fwp-content%2Fplugins%2Fw3-total-cache HTTP/1.1" 200 3029 "-" "Mozilla/5.0 AppleWebKit/537.36 (KHTML, like Gecko; compatible; ClaudeBot/1.0; +claudebot@anthropic.com)" 187 **0/187806**
51.75.128.89 - - [26/Mar/2026:05:45:44 -0700] "GET /exploring-the-psychological-impact-of-instant/?fileloc=//bin/git-receive-pack&path=//bin HTTP/1.1" 200 2254 "-" "Mozilla/5.0 (compatible; MJ12bot/v1.4.8; http://mj12bot.com/)" 202 **0/202478**
57.141.14.13 - - [26/Mar/2026:05:45:44 -0700] "GET /shopdetail/532933553.phtml?fileloc=//usr/include/linux/dvb/net.h&path=//usr/include/linux/dvb HTTP/1.1" 200 14544 "-" "meta-externalagent/1.1 (+https://developers.facebook.com/docs/sharing/webmasters/crawler)" 174 **0/174948**
74.7.242.2 - - [26/Mar/2026:05:45:44 -0700] "GET /shopdetail/1998973450.phtml?fileloc=/home/nhqyemt2u0zd/public_html/wp-content/plugins/w3-total-cache/Cdn_StackPath2_Page_View.php&path=/home/nhqyemt2u0zd/public_html/wp-content/plugins/w3-total-cache HTTP/1.1" 200 3616 "http://customcabinetsmass.com/shopdetail/1998973450.phtml?path=/home/nhqyemt2u0zd/public_html/wp-content/plugins/w3-total-cache" "Mozilla/5.0 AppleWebKit/537.36 (KHTML, like Gecko; compatible; GPTBot/1.3; +https://openai.com/gptbot)" 188 **0/188744**
216.73.216.1 - - [26/Mar/2026:05:45:44 -0700] "GET /kupit-diplom-igu-na-blanke-goznak?fileloc=%2Fhome%2Fnhqyemt2u0zd%2Fwww%2Fwp-content%2Fplugins%2Fw3-total-cache%2FCdn_Util.php&path=%2Fhome%2Fnhqyemt2u0zd%2Fwww%2Fwp-content%2Fplugins%2Fw3-total-cache HTTP/1.1" 200 3709 "-" "Mozilla/5.0 AppleWebKit/537.36 (KHTML, like Gecko; compatible; ClaudeBot/1.0; +claudebot@anthropic.com)" 169 **0/169133**
57.141.14.18 - - [26/Mar/2026:05:45:46 -0700] "GET /shopdetail/4007600688.phtml?fileloc=//opt/imunify360/proactive/dangerlist/5c9568fb4b0f37ef03da140a994a3757e36752e2ac33a7fde54980e12dcc2bc6&path=//opt/imunify360/proactive/dangerlist HTTP/1.1" 200 12506 "-" "meta-externalagent/1.1 (+https://developers.facebook.com/docs/sharing/webmasters/crawler)" 167 **0/167839**
57.141.14.90 - - [26/Mar/2026:05:45:47 -0700] "GET /shopdetail/3275354551.phtml?fileloc=//lib64/libasprintf.so.0.0.0&path=//lib64 HTTP/1.1" 200 12262 "-" "meta-externalagent/1.1 (+https://developers.facebook.com/docs/sharing/webmasters/crawler)" 171 **0/171356**
57.141.14.19 - - [26/Mar/2026:05:45:47 -0700] "GET /shopdetail/3275354551.phtml?fileloc=//lib64/liblwres.so.161.0.4&path=//lib64 HTTP/1.1" 200 12261 "-" "meta-externalagent/1.1 (+https://developers.facebook.com/docs/sharing/webmasters/crawler)" 181 **0/181127**
51.75.128.89 - - [26/Mar/2026:05:45:47 -0700] "GET /exploring-the-psychological-impact-of-instant/?fileloc=//bin/git-shell&path=//bin HTTP/1.1" 200 2250 "-" "Mozilla/5.0 (compatible; MJ12bot/v1.4.8; http://mj12bot.com/)" 186 **0/186556**
74.7.242.2 - - [26/Mar/2026:05:45:47 -0700] "GET /shopdetail/1998973450.phtml?fileloc=/home/nhqyemt2u0zd/public_html/wp-content/plugins/w3-total-cache/Cdnfsd_MaxCdn_Popup.php&path=/home/nhqyemt2u0zd/public_html/wp-content/plugins/w3-total-cache HTTP/1.1" 200 4178 "http://customcabinetsmass.com/shopdetail/1998973450.phtml?path=/home/nhqyemt2u0zd/public_html/wp-content/plugins/w3-total-cache" "Mozilla/5.0 AppleWebKit/537.36 (KHTML, like Gecko; compatible; GPTBot/1.3; +https://openai.com/gptbot)" 174 **0/174491**
216.73.216.1 - - [26/Mar/2026:05:45:48 -0700] "GET /kupit-diplom-igu-na-blanke-goznak?fileloc=%2Fhome%2Fnhqyemt2u0zd%2Fwww%2Fwp-content%2Fplugins%2Fw3-total-cache%2FExtension_NewRelic_Widget.php&path=%2Fhome%2Fnhqyemt2u0zd%2Fwww%2Fwp-content%2Fplugins%2Fw3-total-cache HTTP/1.1" 200 4168 "-" "Mozilla/5.0 AppleWebKit/537.36 (KHTML, like Gecko; compatible; ClaudeBot/1.0; +claudebot@anthropic.com)" 170 **0/170619**
57.141.14.109 - - [26/Mar/2026:05:45:48 -0700] "GET /shopdetail/3275354551.phtml?fileloc=//lib64/libwmflite-0.2.so.7&path=//lib64 HTTP/1.1" 200 12261 "-" "meta-externalagent/1.1 (+https://developers.facebook.com/docs/sharing/webmasters/crawler)" 265 **0/265754**
74.7.242.2 - - [26/Mar/2026:05:45:51 -0700] "GET /shopdetail/1998973450.phtml?fileloc=/home/nhqyemt2u0zd/public_html/wp-content/plugins/w3-total-cache/Util_Widget.php&path=/home/nhqyemt2u0zd/public_html/wp-content/plugins/w3-total-cache HTTP/1.1" 200 3678 "http://customcabinetsmass.com/shopdetail/1998973450.phtml?path=/home/nhqyemt2u0zd/public_html/wp-content/plugins/w3-total-cache" "Mozilla/5.0 AppleWebKit/537.36 (KHTML, like Gecko; compatible; GPTBot/1.3; +https://openai.com/gptbot)" 173 **0/173754**
216.73.216.1 - - [26/Mar/2026:05:45:51 -0700] "GET /kupit-diplom-igu-na-blanke-goznak?fileloc=%2Fhome%2Fnhqyemt2u0zd%2Fwww%2Fwp-content%2Fplugins%2Fw3-total-cache%2FUtil_Content.php&path=%2Fhome%2Fnhqyemt2u0zd%2Fwww%2Fwp-content%2Fplugins%2Fw3-total-cache HTTP/1.1" 200 2957 "-" "Mozilla/5.0 AppleWebKit/537.36 (KHTML, like Gecko; compatible; ClaudeBot/1.0; +claudebot@anthropic.com)" 281 **0/281101**
57.141.14.51 - - [26/Mar/2026:05:45:51 -0700] "GET /shopdetail/3275354551.phtml?fileloc=//lib64/libtinfo.so.6&path=//lib64 HTTP/1.1" 200 12255 "-" "meta-externalagent/1.1 (+https://developers.facebook.com/docs/sharing/webmasters/crawler)" 168 **0/168336**
57.141.14.60 - - [26/Mar/2026:05:45:51 -0700] "GET /shopdetail/4007600688.phtml?fileloc=//opt/imunify360/proactive/dangerlist/0000d905cab4b3bf24af9a59c9431e7af016792f9de43fad64318f4b5a952d67&path=//opt/imunify360/proactive/dangerlist HTTP/1.1" 200 12506 "-" "meta-externalagent/1.1 (+https://developers.facebook.com/docs/sharing/webmasters/crawler)" 175 **0/175141**
51.75.128.89 - - [26/Mar/2026:05:45:51 -0700] "GET /exploring-the-psychological-impact-of-instant/?fileloc=//bin/git-upload-archive&path=//bin HTTP/1.1" 200 2250 "-" "Mozilla/5.0 (compatible; MJ12bot/v1.4.8; http://mj12bot.com/)" 190 **0/190949**
57.141.14.80 - - [26/Mar/2026:05:45:52 -0700] "GET /shopdetail/3275354551.phtml?fileloc=//lib64/libdns.so.1115.0.3&path=//lib64 HTTP/1.1" 200 12260 "-" "meta-externalagent/1.1 (+https://developers.facebook.com/docs/sharing/webmasters/crawler)" 181 **0/181779**
57.141.14.22 - - [26/Mar/2026:05:45:52 -0700] "GET /shopdetail/4007600688.phtml?fileloc=//opt/imunify360/proactive/dangerlist/79f5241597ec16fae4de766dc7d73638e1dcbe5cfe926d454a9889561b69a63a&path=//opt/imunify360/proactive/dangerlist HTTP/1.1" 200 12506 "-" "meta-externalagent/1.1 (+https://developers.facebook.com/docs/sharing/webmasters/crawler)" 176 **0/176213**
216.73.216.1 - - [26/Mar/2026:05:45:54 -0700] "GET /kupit-diplom-igu-na-blanke-goznak?fileloc=%2Fhome%2Fnhqyemt2u0zd%2Fwww%2Fwp-content%2Fplugins%2Fw3-total-cache%2FGeneric_Page_Install.php&path=%2Fhome%2Fnhqyemt2u0zd%2Fwww%2Fwp-content%2Fplugins%2Fw3-total-cache HTTP/1.1" 200 2603 "-" "Mozilla/5.0 AppleWebKit/537.36 (KHTML, like Gecko; compatible; ClaudeBot/1.0; +claudebot@anthropic.com)" 190 **0/190373**
57.141.14.40 - - [26/Mar/2026:05:45:54 -0700] "GET /shopdetail/3915778426.phtml?fileloc=//opt/python38/lib/python3.8/idlelib/idle_test/test_pathbrowser.py&path=//opt/python38/lib/python3.8/idlelib/idle_test HTTP/1.1" 200 15016 "-" "meta-externalagent/1.1 (+https://developers.facebook.com/docs/sharing/webmasters/crawler)" 197 **0/197447**
74.7.242.2 - - [26/Mar/2026:05:45:54 -0700] "GET /shopdetail/1998973450.phtml?fileloc=/home/nhqyemt2u0zd/public_html/wp-content/plugins/w3-total-cache/Generic_Plugin_Admin.php&path=/home/nhqyemt2u0zd/public_html/wp-content/plugins/w3-total-cache HTTP/1.1" 200 9022 "http://customcabinetsmass.com/shopdetail/1998973450.phtml?path=/home/nhqyemt2u0zd/public_html/wp-content/plugins/w3-total-cache" "Mozilla/5.0 AppleWebKit/537.36 (KHTML, like Gecko; compatible; GPTBot/1.3; +https://openai.com/gptbot)" 177 **0/177802**
57.141.14.64 - - [26/Mar/2026:05:45:55 -0700] "GET /shopdetail/3614653283.phtml?path=/home/nhqyemt2u0zd/www/wp-content/plugins/mailchimp-for-wp/integrations/ninja-forms-2 HTTP/1.1" 200 16718 "-" "meta-externalagent/1.1 (+https://developers.facebook.com/docs/sharing/webmasters/crawler)" 183 **0/183341**
51.75.128.89 - - [26/Mar/2026:05:45:55 -0700] "GET /exploring-the-psychological-impact-of-instant/?fileloc=//bin/git-upload-pack&path=//bin HTTP/1.1" 200 2251 "-" "Mozilla/5.0 (compatible; MJ12bot/v1.4.8; http://mj12bot.com/)" 190 **0/190887**
57.141.14.107 - - [26/Mar/2026:05:45:56 -0700] "GET /shopdetail/4007600688.phtml?fileloc=//lib64/python3.12/xml/dom/xmlbuilder.py&path=//lib64/python3.12/xml/dom HTTP/1.1" 200 25742 "-" "meta-externalagent/1.1 (+https://developers.facebook.com/docs/sharing/webmasters/crawler)" 171 **0/171234**
216.73.216.1 - - [26/Mar/2026:05:45:57 -0700] "GET /kupit-diplom-igu-na-blanke-goznak?fileloc=%2Fhome%2Fnhqyemt2u0zd%2Fwww%2Fwp-content%2Fplugins%2Fw3-total-cache%2FCache_Memcache.php&path=%2Fhome%2Fnhqyemt2u0zd%2Fwww%2Fwp-content%2Fplugins%2Fw3-total-cache HTTP/1.1" 200 4377 "-" "Mozilla/5.0 AppleWebKit/537.36 (KHTML, like Gecko; compatible; ClaudeBot/1.0; +claudebot@anthropic.com)" 164 **0/164802**
57.141.14.64 - - [26/Mar/2026:05:45:57 -0700] "GET /shopdetail/3275354551.phtml?fileloc=//sbin/dnssec-dsfromkey&path=//sbin HTTP/1.1" 200 12255 "-" "meta-externalagent/1.1 (+https://developers.facebook.com/docs/sharing/webmasters/crawler)" 179 **0/179059**
74.7.242.2 - - [26/Mar/2026:05:45:57 -0700] "GET /shopdetail/1998973450.phtml?fileloc=/home/nhqyemt2u0zd/public_html/wp-content/plugins/w3-total-cache/Util_Activation.php&path=/home/nhqyemt2u0zd/public_html/wp-content/plugins/w3-total-cache HTTP/1.1" 200 4789 "http://customcabinetsmass.com/shopdetail/1998973450.phtml?path=/home/nhqyemt2u0zd/public_html/wp-content/plugins/w3-total-cache" "Mozilla/5.0 AppleWebKit/537.36 (KHTML, like Gecko; compatible; GPTBot/1.3; +https://openai.com/gptbot)" 249 **0/249455**
57.141.14.107 - - [26/Mar/2026:05:45:57 -0700] "GET /shopdetail/3275354551.phtml?fileloc=//lib64/libtermcap.so&path=//lib64 HTTP/1.1" 200 12270 "-" "meta-externalagent/1.1 (+https://developers.facebook.com/docs/sharing/webmasters/crawler)" 173 **0/173263**
51.75.128.89 - - [26/Mar/2026:05:45:59 -0700] "GET /exploring-the-psychological-impact-of-instant/?fileloc=//bin/gm&path=//bin HTTP/1.1" 200 2245 "-" "Mozilla/5.0 (compatible; MJ12bot/v1.4.8; http://mj12bot.com/)" 178 **0/178347**
57.141.14.79 - - [26/Mar/2026:05:45:59 -0700] "GET /shopdetail/3275354551.phtml?fileloc=//tmp/.9d444860de30cb3ed7b3032e7a13803ecc614d64c&path=//tmp HTTP/1.1" 200 12278 "-" "meta-externalagent/1.1 (+https://developers.facebook.com/docs/sharing/webmasters/crawler)" 179 **0/179957**
216.73.216.1 - - [26/Mar/2026:05:46:00 -0700] "GET /kupit-diplom-igu-na-blanke-goznak?path=%2Fhome%2Fnhqyemt2u0zd%2Fwww%2Fwp-content%2Fplugins%2Fyoast-test-helper%2Fassets HTTP/1.1" 403 3580 "-" "Mozilla/5.0 AppleWebKit/537.36 (KHTML, like Gecko; compatible; ClaudeBot/1.0; +claudebot@anthropic.com)" 175 **0/175602**
74.7.242.2 - - [26/Mar/2026:05:46:00 -0700] "GET /shopdetail/1998973450.phtml?fileloc=/home/nhqyemt2u0zd/public_html/wp-content/plugins/w3-total-cache/Generic_Page_Install.php&path=/home/nhqyemt2u0zd/public_html/wp-content/plugins/w3-total-cache HTTP/1.1" 200 2607 "http://customcabinetsmass.com/shopdetail/1998973450.phtml?path=/home/nhqyemt2u0zd/public_html/wp-content/plugins/w3-total-cache" "Mozilla/5.0 AppleWebKit/537.36 (KHTML, like Gecko; compatible; GPTBot/1.3; +https://openai.com/gptbot)" 196 **0/196984**
57.141.14.112 - - [26/Mar/2026:05:46:01 -0700] "GET /shopdetail/3275354551.phtml?fileloc=//lib64/libpolkit-gobject-1.so.0.0.0&path=//lib64 HTTP/1.1" 200 12270 "-" "meta-externalagent/1.1 (+https://developers.facebook.com/docs/sharing/webmasters/crawler)" 197 **0/197960**
51.75.128.89 - - [26/Mar/2026:05:46:02 -0700] "GET /exploring-the-psychological-impact-of-instant/?fileloc=//bin/gmake&path=//bin HTTP/1.1" 200 2246 "-" "Mozilla/5.0 (compatible; MJ12bot/v1.4.8; http://mj12bot.com/)" 204 **0/204779**
57.141.14.90 - - [26/Mar/2026:05:46:02 -0700] "GET /shopdetail/3275354551.phtml?fileloc=//lib64/libdbus-1.so.3&path=//lib64 HTTP/1.1" 200 12256 "-" "meta-externalagent/1.1 (+https://developers.facebook.com/docs/sharing/webmasters/crawler)" 430 **0/430065**
216.73.216.1 - - [26/Mar/2026:05:46:03 -0700] "GET /kupit-diplom-igu-na-blanke-goznak?fileloc=%2Fhome%2Fnhqyemt2u0zd%2Fwww%2Fwp-content%2Fplugins%2FVelocity_Layer%2FVelocity_Layer.php&path=%2Fhome%2Fnhqyemt2u0zd%2Fwww%2Fwp-content%2Fplugins%2FVelocity_Layer HTTP/1.1" 403 3580 "-" "Mozilla/5.0 AppleWebKit/537.36 (KHTML, like Gecko; compatible; ClaudeBot/1.0; +claudebot@anthropic.com)" 205 **0/205389**
74.7.242.2 - - [26/Mar/2026:05:46:03 -0700] "GET /shopdetail/1998973450.phtml?fileloc=/home/nhqyemt2u0zd/public_html/wp-content/plugins/w3-total-cache/Generic_Faq.php&path=/home/nhqyemt2u0zd/public_html/wp-content/plugins/w3-total-cache HTTP/1.1" 200 2947 "http://customcabinetsmass.com/shopdetail/1998973450.phtml?path=/home/nhqyemt2u0zd/public_html/wp-content/plugins/w3-total-cache" "Mozilla/5.0 AppleWebKit/537.36 (KHTML, like Gecko; compatible; GPTBot/1.3; +https://openai.com/gptbot)" 183 **0/183286**
57.141.14.52 - - [26/Mar/2026:05:46:02 -0700] "GET /shopdetail/3275354551.phtml?fileloc=//lib64/libicudata.so.60.3&path=//lib64 HTTP/1.1" 200 12260 "-" "meta-externalagent/1.1 (+https://developers.facebook.com/docs/sharing/webmasters/crawler)" 1644 **1/1644881**
57.141.14.52 - - [26/Mar/2026:05:46:04 -0700] "GET /shopdetail/3275354551.phtml?fileloc=//lib64/libexpect5.45.4.so&path=//lib64 HTTP/1.1" 200 12260 "-" "meta-externalagent/1.1 (+https://developers.facebook.com/docs/sharing/webmasters/crawler)" 177 **0/177780**
57.141.14.14 - - [26/Mar/2026:05:46:05 -0700] "GET /shopdetail/3275354551.phtml?fileloc=//lib64/libcap-ng.so.0.0.0&path=//lib64 HTTP/1.1" 200 12260 "-" "meta-externalagent/1.1 (+https://developers.facebook.com/docs/sharing/webmasters/crawler)" 178 **0/178528**
216.73.216.1 - - [26/Mar/2026:05:46:06 -0700] "GET /kupit-diplom-igu-na-blanke-goznak?fileloc=%2Fhome%2Fnhqyemt2u0zd%2Fwww%2Fwp-content%2Fplugins%2Fw3-total-cache%2FPgCache_Environment.php&path=%2Fhome%2Fnhqyemt2u0zd%2Fwww%2Fwp-content%2Fplugins%2Fw3-total-cache HTTP/1.1" 403 3580 "-" "Mozilla/5.0 AppleWebKit/537.36 (KHTML, like Gecko; compatible; ClaudeBot/1.0; +claudebot@anthropic.com)" 180 **0/180465**
74.7.242.2 - - [26/Mar/2026:05:46:06 -0700] "GET /shopdetail/1998973450.phtml?fileloc=/home/nhqyemt2u0zd/public_html/wp-content/plugins/w3-total-cache/Util_Admin.php&path=/home/nhqyemt2u0zd/public_html/wp-content/plugins/w3-total-cache HTTP/1.1" 200 6762 "http://customcabinetsmass.com/shopdetail/1998973450.phtml?path=/home/nhqyemt2u0zd/public_html/wp-content/plugins/w3-total-cache" "Mozilla/5.0 AppleWebKit/537.36 (KHTML, like Gecko; compatible; GPTBot/1.3; +https://openai.com/gptbot)" 179 **0/179474**
