216.73.216.1 - - [26/Mar/2026:05:47:24 -0700] "GET /online-casino-uden-mitid-sdan-spiller-du-sikkert?fileloc=%2F%2Fusr%2Fshare%2Fman%2Fman8%2Fsgm_dd.8.gz&path=%2F%2Fusr%2Fshare%2Fman%2Fman8 HTTP/1.1" 200 2280 "-" "Mozilla/5.0 AppleWebKit/537.36 (KHTML, like Gecko; compatible; ClaudeBot/1.0; +claudebot@anthropic.com)" 193 **0/193228**
57.141.14.80 - - [26/Mar/2026:05:47:24 -0700] "GET /shopdetail/532933553.phtml?fileloc=//usr/include/linux/usb/g_printer.h&path=//usr/include/linux/usb HTTP/1.1" 403 64163 "-" "meta-externalagent/1.1 (+https://developers.facebook.com/docs/sharing/webmasters/crawler)" 185 **0/185308**
74.7.242.2 - - [26/Mar/2026:05:47:24 -0700] "GET /shopdetail/1998973450.phtml?fileloc=/home/nhqyemt2u0zd/public_html/wp-content/plugins/w3-total-cache/CdnEngine_S3.php&path=/home/nhqyemt2u0zd/public_html/wp-content/plugins/w3-total-cache HTTP/1.1" 200 4663 "http://customcabinetsmass.com/shopdetail/1998973450.phtml?path=/home/nhqyemt2u0zd/public_html/wp-content/plugins/w3-total-cache" "Mozilla/5.0 AppleWebKit/537.36 (KHTML, like Gecko; compatible; GPTBot/1.3; +https://openai.com/gptbot)" 182 **0/182305**
57.141.14.107 - - [26/Mar/2026:05:47:25 -0700] "GET /shopdetail/3915778426.phtml?fileloc=//opt/python38/lib/python3.8/unittest/__pycache__/__init__.cpython-38.pyc&path=//opt/python38/lib/python3.8/unittest/__pycache__ HTTP/1.1" 403 64163 "-" "meta-externalagent/1.1 (+https://developers.facebook.com/docs/sharing/webmasters/crawler)" 178 **0/178371**
51.75.128.89 - - [26/Mar/2026:05:47:26 -0700] "GET /exploring-the-psychological-impact-of-instant/?fileloc=//bin/gunzip&path=//bin HTTP/1.1" 200 3335 "-" "Mozilla/5.0 (compatible; MJ12bot/v1.4.8; http://mj12bot.com/)" 174 **0/174938**
57.141.14.52 - - [26/Mar/2026:05:47:26 -0700] "GET /shopdetail/3275354551.phtml?fileloc=//lib64/libX11-xcb.so&path=//lib64 HTTP/1.1" 403 64163 "-" "meta-externalagent/1.1 (+https://developers.facebook.com/docs/sharing/webmasters/crawler)" 170 **0/170016**
216.73.216.1 - - [26/Mar/2026:05:47:26 -0700] "GET /online-casino-uden-mitid-sdan-spiller-du-sikkert?fileloc=%2F%2Fusr%2Flib64%2Fgconv%2FIBM297.so&path=%2F%2Fusr%2Flib64%2Fgconv HTTP/1.1" 200 2272 "-" "Mozilla/5.0 AppleWebKit/537.36 (KHTML, like Gecko; compatible; ClaudeBot/1.0; +claudebot@anthropic.com)" 162 **0/162908**
57.141.14.54 - - [26/Mar/2026:05:47:27 -0700] "GET /shopdetail/3275354551.phtml?fileloc=//lib64/libexif.so.12.3.4&path=//lib64 HTTP/1.1" 403 64163 "-" "meta-externalagent/1.1 (+https://developers.facebook.com/docs/sharing/webmasters/crawler)" 164 **0/164780**
57.141.14.66 - - [26/Mar/2026:05:47:27 -0700] "GET /shopdetail/3275354551.phtml?fileloc=//sbin/dnssec-signzone&path=//sbin HTTP/1.1" 403 64163 "-" "meta-externalagent/1.1 (+https://developers.facebook.com/docs/sharing/webmasters/crawler)" 177 **0/177327**
74.7.242.2 - - [26/Mar/2026:05:47:27 -0700] "GET /shopdetail/1998973450.phtml?fileloc=/home/nhqyemt2u0zd/public_html/wp-content/plugins/w3-total-cache/DbCache_Page.php&path=/home/nhqyemt2u0zd/public_html/wp-content/plugins/w3-total-cache HTTP/1.1" 200 2659 "http://customcabinetsmass.com/shopdetail/1998973450.phtml?path=/home/nhqyemt2u0zd/public_html/wp-content/plugins/w3-total-cache" "Mozilla/5.0 AppleWebKit/537.36 (KHTML, like Gecko; compatible; GPTBot/1.3; +https://openai.com/gptbot)" 198 **0/198114**
57.141.14.7 - - [26/Mar/2026:05:47:28 -0700] "GET /shopdetail/3275354551.phtml?fileloc=//lib64/libpopt.so.0.0.1&path=//lib64 HTTP/1.1" 403 64163 "-" "meta-externalagent/1.1 (+https://developers.facebook.com/docs/sharing/webmasters/crawler)" 166 **0/166621**
57.141.14.68 - - [26/Mar/2026:05:47:29 -0700] "GET /shopdetail/3275354551.phtml?fileloc=//lib64/libxcb-damage.so.0&path=//lib64 HTTP/1.1" 403 64163 "-" "meta-externalagent/1.1 (+https://developers.facebook.com/docs/sharing/webmasters/crawler)" 167 **0/167042**
216.73.216.1 - - [26/Mar/2026:05:47:29 -0700] "GET /online-casino-uden-mitid-sdan-spiller-du-sikkert?fileloc=%2F%2Fusr%2Fshare%2Fman%2Fman3%2FEVP_aria_128_ctr.3ssl.gz&path=%2F%2Fusr%2Fshare%2Fman%2Fman3 HTTP/1.1" 200 2291 "-" "Mozilla/5.0 AppleWebKit/537.36 (KHTML, like Gecko; compatible; ClaudeBot/1.0; +claudebot@anthropic.com)" 201 **0/201136**
51.75.128.89 - - [26/Mar/2026:05:47:30 -0700] "GET /exploring-the-psychological-impact-of-instant/?fileloc=//bin/gzexe&path=//bin HTTP/1.1" 200 4666 "-" "Mozilla/5.0 (compatible; MJ12bot/v1.4.8; http://mj12bot.com/)" 191 **0/191130**
57.141.14.98 - - [26/Mar/2026:05:47:30 -0700] "GET /shopdetail/532933553.phtml?path=//lib/python3.6/site-packages/urllib3/__pycache__ HTTP/1.1" 403 64163 "-" "meta-externalagent/1.1 (+https://developers.facebook.com/docs/sharing/webmasters/crawler)" 182 **0/182665**
57.141.14.32 - - [26/Mar/2026:05:47:30 -0700] "GET /shopdetail/3275354551.phtml?path=//lib64/ldb HTTP/1.1" 403 64163 "-" "meta-externalagent/1.1 (+https://developers.facebook.com/docs/sharing/webmasters/crawler)" 210 **0/210872**
74.7.242.2 - - [26/Mar/2026:05:47:31 -0700] "GET /shopdetail/1998973450.phtml?fileloc=/home/nhqyemt2u0zd/public_html/wp-content/plugins/w3-total-cache/Cache_File_Generic.php&path=/home/nhqyemt2u0zd/public_html/wp-content/plugins/w3-total-cache HTTP/1.1" 200 4591 "http://customcabinetsmass.com/shopdetail/1998973450.phtml?path=/home/nhqyemt2u0zd/public_html/wp-content/plugins/w3-total-cache" "Mozilla/5.0 AppleWebKit/537.36 (KHTML, like Gecko; compatible; GPTBot/1.3; +https://openai.com/gptbot)" 189 **0/189714**
57.141.14.77 - - [26/Mar/2026:05:47:31 -0700] "GET /shopdetail/2069673203.phtml?fileloc=//lib64/python2.7/Demo/pdist/cmdfw.py&path=//lib64/python2.7/Demo/pdist HTTP/1.1" 403 64163 "-" "meta-externalagent/1.1 (+https://developers.facebook.com/docs/sharing/webmasters/crawler)" 184 **0/184278**
57.141.14.62 - - [26/Mar/2026:05:47:32 -0700] "GET /shopdetail/532933553.phtml?fileloc=//lib/python3.6/site-packages/rhn/transports.py&path=//lib/python3.6/site-packages/rhn HTTP/1.1" 403 64163 "-" "meta-externalagent/1.1 (+https://developers.facebook.com/docs/sharing/webmasters/crawler)" 172 **0/172454**
74.7.242.2 - - [26/Mar/2026:05:47:34 -0700] "GET /shopdetail/1998973450.phtml?fileloc=/home/nhqyemt2u0zd/public_html/wp-content/plugins/w3-total-cache/PgCache_Plugin.php&path=/home/nhqyemt2u0zd/public_html/wp-content/plugins/w3-total-cache HTTP/1.1" 200 4426 "http://customcabinetsmass.com/shopdetail/1998973450.phtml?path=/home/nhqyemt2u0zd/public_html/wp-content/plugins/w3-total-cache" "Mozilla/5.0 AppleWebKit/537.36 (KHTML, like Gecko; compatible; GPTBot/1.3; +https://openai.com/gptbot)" 183 **0/183232**
51.75.128.89 - - [26/Mar/2026:05:47:34 -0700] "GET /exploring-the-psychological-impact-of-instant/?fileloc=//bin/gzip&path=//bin HTTP/1.1" 200 2246 "-" "Mozilla/5.0 (compatible; MJ12bot/v1.4.8; http://mj12bot.com/)" 171 **0/171732**
57.141.14.105 - - [26/Mar/2026:05:47:34 -0700] "GET /shopdetail/3275354551.phtml?fileloc=//bin/c++filt&path=//bin HTTP/1.1" 403 64163 "-" "meta-externalagent/1.1 (+https://developers.facebook.com/docs/sharing/webmasters/crawler)" 164 **0/164241**
57.141.14.90 - - [26/Mar/2026:05:47:35 -0700] "GET /shopdetail/3614653283.phtml?fileloc=/home/nhqyemt2u0zd/www/wp-content/plugins/mailchimp-for-wp/languages/mailchimp-for-wp-ro_RO.po&path=/home/nhqyemt2u0zd/www/wp-content/plugins/mailchimp-for-wp/languages HTTP/1.1" 200 44933 "-" "meta-externalagent/1.1 (+https://developers.facebook.com/docs/sharing/webmasters/crawler)" 170 **0/170347**
57.141.14.2 - - [26/Mar/2026:05:47:35 -0700] "GET /shopdetail/3275354551.phtml?fileloc=//lib64/libdw.so.1&path=//lib64 HTTP/1.1" 200 12252 "-" "meta-externalagent/1.1 (+https://developers.facebook.com/docs/sharing/webmasters/crawler)" 176 **0/176676**
216.73.216.1 - - [26/Mar/2026:05:47:36 -0700] "GET /online-casino-uden-mitid-sdan-spiller-du-sikkert?fileloc=%2F%2Fusr%2Flib%2Fmodules%2F4.18.0-553.104.1.lve.el8.x86_64%2Fkernel%2Fdrivers%2Fmfd%2Fvx855.ko.xz&path=%2F%2Fusr%2Flib%2Fmodules%2F4.18.0-553.104.1.lve.el8.x86_64%2Fkernel%2Fdrivers%2Fmfd HTTP/1.1" 200 2320 "-" "Mozilla/5.0 AppleWebKit/537.36 (KHTML, like Gecko; compatible; ClaudeBot/1.0; +claudebot@anthropic.com)" 179 **0/179397**
57.141.14.91 - - [26/Mar/2026:05:47:36 -0700] "GET /shopdetail/532933553.phtml?path=//usr/lib/python3.6/site-packages/dns HTTP/1.1" 200 71732 "-" "meta-externalagent/1.1 (+https://developers.facebook.com/docs/sharing/webmasters/crawler)" 178 **0/178675**
74.7.242.2 - - [26/Mar/2026:05:47:37 -0700] "GET /shopdetail/1998973450.phtml?fileloc=/home/nhqyemt2u0zd/public_html/wp-content/plugins/w3-total-cache/PgCache_Page.php&path=/home/nhqyemt2u0zd/public_html/wp-content/plugins/w3-total-cache HTTP/1.1" 200 2645 "http://customcabinetsmass.com/shopdetail/1998973450.phtml?path=/home/nhqyemt2u0zd/public_html/wp-content/plugins/w3-total-cache" "Mozilla/5.0 AppleWebKit/537.36 (KHTML, like Gecko; compatible; GPTBot/1.3; +https://openai.com/gptbot)" 182 **0/182789**
51.75.128.89 - - [26/Mar/2026:05:47:37 -0700] "GET /exploring-the-psychological-impact-of-instant/?fileloc=//bin/h2ph&path=//bin HTTP/1.1" 200 12252 "-" "Mozilla/5.0 (compatible; MJ12bot/v1.4.8; http://mj12bot.com/)" 169 **0/169250**
57.141.14.99 - - [26/Mar/2026:05:47:38 -0700] "GET /shopdetail/532933553.phtml?fileloc=//lib/python3.6/site-packages/cloudinit/version.py&path=//lib/python3.6/site-packages/cloudinit HTTP/1.1" 200 13112 "-" "meta-externalagent/1.1 (+https://developers.facebook.com/docs/sharing/webmasters/crawler)" 173 **0/173967**
216.73.216.1 - - [26/Mar/2026:05:47:39 -0700] "GET /kupit-diplom-igu-na-blanke-goznak?fileloc=%2Fhome%2Fnhqyemt2u0zd%2Fwww%2Fwp-admin%2Fjs%2Feditor.js&path=%2Fhome%2Fnhqyemt2u0zd%2Fwww%2Fwp-admin%2Fjs HTTP/1.1" 200 14698 "-" "Mozilla/5.0 AppleWebKit/537.36 (KHTML, like Gecko; compatible; ClaudeBot/1.0; +claudebot@anthropic.com)" 177 **0/177943**
57.141.14.52 - - [26/Mar/2026:05:47:40 -0700] "GET /shopdetail/4007600688.phtml?fileloc=//lib/python2.7/site-packages/pip/download.py&path=//lib/python2.7/site-packages/pip HTTP/1.1" 200 46698 "-" "meta-externalagent/1.1 (+https://developers.facebook.com/docs/sharing/webmasters/crawler)" 181 **0/181665**
74.7.242.2 - - [26/Mar/2026:05:47:40 -0700] "GET /shopdetail/1998973450.phtml?fileloc=/home/nhqyemt2u0zd/public_html/wp-content/plugins/w3-total-cache/Cache_Base.php&path=/home/nhqyemt2u0zd/public_html/wp-content/plugins/w3-total-cache HTTP/1.1" 200 3261 "http://customcabinetsmass.com/shopdetail/1998973450.phtml?path=/home/nhqyemt2u0zd/public_html/wp-content/plugins/w3-total-cache" "Mozilla/5.0 AppleWebKit/537.36 (KHTML, like Gecko; compatible; GPTBot/1.3; +https://openai.com/gptbot)" 176 **0/176258**
57.141.14.32 - - [26/Mar/2026:05:47:40 -0700] "GET /shopdetail/2022688933.phtml?fileloc=/home/nhqyemt2u0zd/www/wp-content/themes/twentyseventeen/assets/css/colors-dark.css&path=/home/nhqyemt2u0zd/www/wp-content/themes/twentyseventeen/assets/css HTTP/1.1" 200 32081 "-" "meta-externalagent/1.1 (+https://developers.facebook.com/docs/sharing/webmasters/crawler)" 172 **0/172009**
57.141.14.41 - - [26/Mar/2026:05:47:41 -0700] "GET /shopdetail/3275354551.phtml?fileloc=//bin/cc&path=//bin HTTP/1.1" 200 12238 "-" "meta-externalagent/1.1 (+https://developers.facebook.com/docs/sharing/webmasters/crawler)" 178 **0/178230**
51.75.128.89 - - [26/Mar/2026:05:47:41 -0700] "GET /exploring-the-psychological-impact-of-instant/?fileloc=//bin/h2xs&path=//bin HTTP/1.1" 200 22807 "-" "Mozilla/5.0 (compatible; MJ12bot/v1.4.8; http://mj12bot.com/)" 198 **0/198161**
216.73.216.1 - - [26/Mar/2026:05:47:42 -0700] "GET /bets24-your-ultimate-destination-for-sportsbook?path=%2F%2Fhome%2Fnhqyemt2u0zd%2Fpublic_html%2Fwp-includes%2Fimages%2Fsmilies HTTP/1.1" 200 3351 "-" "Mozilla/5.0 AppleWebKit/537.36 (KHTML, like Gecko; compatible; ClaudeBot/1.0; +claudebot@anthropic.com)" 189 **0/189457**
74.7.242.2 - - [26/Mar/2026:05:47:43 -0700] "GET /shopdetail/1998973450.phtml?fileloc=/home/nhqyemt2u0zd/public_html/wp-content/plugins/w3-total-cache/Cache_Xcache.php&path=/home/nhqyemt2u0zd/public_html/wp-content/plugins/w3-total-cache HTTP/1.1" 200 3597 "http://customcabinetsmass.com/shopdetail/1998973450.phtml?path=/home/nhqyemt2u0zd/public_html/wp-content/plugins/w3-total-cache" "Mozilla/5.0 AppleWebKit/537.36 (KHTML, like Gecko; compatible; GPTBot/1.3; +https://openai.com/gptbot)" 212 **0/212099**
57.141.14.7 - - [26/Mar/2026:05:47:43 -0700] "GET /shopdetail/3275354551.phtml?fileloc=//lib64/libtdb.so.1&path=//lib64 HTTP/1.1" 200 12253 "-" "meta-externalagent/1.1 (+https://developers.facebook.com/docs/sharing/webmasters/crawler)" 217 **0/217768**
57.141.14.84 - - [26/Mar/2026:05:47:44 -0700] "GET /shopdetail/3275354551.phtml?fileloc=//lib64/libtommath.so.1&path=//lib64 HTTP/1.1" 200 12257 "-" "meta-externalagent/1.1 (+https://developers.facebook.com/docs/sharing/webmasters/crawler)" 171 **0/171243**
216.73.216.1 - - [26/Mar/2026:05:47:45 -0700] "GET /online-casino-uden-mitid-sdan-spiller-du-sikkert?fileloc=%2F%2Fusr%2Flib%2Fmodules%2F4.18.0-553.54.1.lve.el8.x86_64%2Fkernel%2Fcrypto%2Fwp512.ko.xz&path=%2F%2Fusr%2Flib%2Fmodules%2F4.18.0-553.54.1.lve.el8.x86_64%2Fkernel%2Fcrypto HTTP/1.1" 200 2307 "-" "Mozilla/5.0 AppleWebKit/537.36 (KHTML, like Gecko; compatible; ClaudeBot/1.0; +claudebot@anthropic.com)" 187 **0/187809**
51.75.128.89 - - [26/Mar/2026:05:47:45 -0700] "GET /exploring-the-psychological-impact-of-instant/?fileloc=//bin/head&path=//bin HTTP/1.1" 200 2244 "-" "Mozilla/5.0 (compatible; MJ12bot/v1.4.8; http://mj12bot.com/)" 165 **0/165102**
57.141.14.108 - - [26/Mar/2026:05:47:46 -0700] "GET /shopdetail/3275354551.phtml?fileloc=//lib64/libfstrm.so&path=//lib64 HTTP/1.1" 200 12253 "-" "meta-externalagent/1.1 (+https://developers.facebook.com/docs/sharing/webmasters/crawler)" 177 **0/177010**
74.7.242.2 - - [26/Mar/2026:05:47:47 -0700] "GET /shopdetail/1998973450.phtml?fileloc=/home/nhqyemt2u0zd/public_html/wp-content/plugins/w3-total-cache/Extension_Amp_Plugin.php&path=/home/nhqyemt2u0zd/public_html/wp-content/plugins/w3-total-cache HTTP/1.1" 200 2929 "http://customcabinetsmass.com/shopdetail/1998973450.phtml?path=/home/nhqyemt2u0zd/public_html/wp-content/plugins/w3-total-cache" "Mozilla/5.0 AppleWebKit/537.36 (KHTML, like Gecko; compatible; GPTBot/1.3; +https://openai.com/gptbot)" 195 **0/195921**
57.141.14.99 - - [26/Mar/2026:05:47:47 -0700] "GET /shopdetail/3992669816.phtml?fileloc=//lib/python2.7/site-packages/pip/_vendor/html5lib/treebuilders/base.py&path=//lib/python2.7/site-packages/pip/_vendor/html5lib/treebuilders HTTP/1.1" 200 27706 "-" "meta-externalagent/1.1 (+https://developers.facebook.com/docs/sharing/webmasters/crawler)" 170 **0/170574**
216.73.216.1 - - [26/Mar/2026:05:47:48 -0700] "GET /kupit-diplom-igu-na-blanke-goznak?fileloc=%2Fhome%2Fnhqyemt2u0zd%2Fwww%2Fwp-content%2Fplugins%2Fwidget-1773468809%2F.htaccess&path=%2Fhome%2Fnhqyemt2u0zd%2Fwww%2Fwp-content%2Fplugins%2Fwidget-1773468809 HTTP/1.1" 200 2388 "-" "Mozilla/5.0 AppleWebKit/537.36 (KHTML, like Gecko; compatible; ClaudeBot/1.0; +claudebot@anthropic.com)" 164 **0/164061**
57.141.14.107 - - [26/Mar/2026:05:47:48 -0700] "GET /shopdetail/4007600688.phtml?fileloc=//opt/imunify360/proactive/dangerlist/afafa65ece3f8ef9498a66ca17095b8f72195aaccd2157b92ec8c519522d04f7&path=//opt/imunify360/proactive/dangerlist HTTP/1.1" 200 12506 "-" "meta-externalagent/1.1 (+https://developers.facebook.com/docs/sharing/webmasters/crawler)" 180 **0/180746**
51.75.128.89 - - [26/Mar/2026:05:47:49 -0700] "GET /exploring-the-psychological-impact-of-instant/?fileloc=//bin/hexdump&path=//bin HTTP/1.1" 200 2248 "-" "Mozilla/5.0 (compatible; MJ12bot/v1.4.8; http://mj12bot.com/)" 186 **0/186991**
57.141.14.83 - - [26/Mar/2026:05:47:50 -0700] "GET /shopdetail/3275354551.phtml?fileloc=//lib64/libboost_regex.so.1.66.0&path=//lib64 HTTP/1.1" 200 12266 "-" "meta-externalagent/1.1 (+https://developers.facebook.com/docs/sharing/webmasters/crawler)" 174 **0/174045**
74.7.242.2 - - [26/Mar/2026:05:47:50 -0700] "GET /shopdetail/1998973450.phtml?fileloc=/home/nhqyemt2u0zd/public_html/wp-content/plugins/w3-total-cache/CdnEngine_Azure.php&path=/home/nhqyemt2u0zd/public_html/wp-content/plugins/w3-total-cache HTTP/1.1" 200 4631 "http://customcabinetsmass.com/shopdetail/1998973450.phtml?path=/home/nhqyemt2u0zd/public_html/wp-content/plugins/w3-total-cache" "Mozilla/5.0 AppleWebKit/537.36 (KHTML, like Gecko; compatible; GPTBot/1.3; +https://openai.com/gptbot)" 189 **0/189361**
57.141.14.77 - - [26/Mar/2026:05:47:51 -0700] "GET /shopdetail/2069673203.phtml?fileloc=//lib64/python2.7/Demo/turtle/tdemo_I_dontlike_tiltdemo.pyc&path=//lib64/python2.7/Demo/turtle HTTP/1.1" 200 12446 "-" "meta-externalagent/1.1 (+https://developers.facebook.com/docs/sharing/webmasters/crawler)" 158 **0/158506**
216.73.216.1 - - [26/Mar/2026:05:47:51 -0700] "GET /kupit-diplom-igu-na-blanke-goznak?fileloc=%2Fhome%2Fnhqyemt2u0zd%2Fwww%2Fwp-admin%2Fincludes%2Fclass-bulk-plugin-upgrader-skin.php&path=%2Fhome%2Fnhqyemt2u0zd%2Fwww%2Fwp-admin%2Fincludes HTTP/1.1" 200 3049 "-" "Mozilla/5.0 AppleWebKit/537.36 (KHTML, like Gecko; compatible; ClaudeBot/1.0; +claudebot@anthropic.com)" 165 **0/165400**
57.141.14.77 - - [26/Mar/2026:05:47:51 -0700] "GET /shopdetail/3275354551.phtml?fileloc=//lib64/libxcb-glx.so&path=//lib64 HTTP/1.1" 200 12255 "-" "meta-externalagent/1.1 (+https://developers.facebook.com/docs/sharing/webmasters/crawler)" 182 **0/182686**
51.75.128.89 - - [26/Mar/2026:05:47:53 -0700] "GET /exploring-the-psychological-impact-of-instant/?fileloc=//bin/host&path=//bin HTTP/1.1" 200 2246 "-" "Mozilla/5.0 (compatible; MJ12bot/v1.4.8; http://mj12bot.com/)" 188 **0/188715**
74.7.242.2 - - [26/Mar/2026:05:47:53 -0700] "GET /shopdetail/1998973450.phtml?fileloc=/home/nhqyemt2u0zd/public_html/wp-content/plugins/w3-total-cache/Cdn_StackPath2_Api.php&path=/home/nhqyemt2u0zd/public_html/wp-content/plugins/w3-total-cache HTTP/1.1" 200 3890 "http://customcabinetsmass.com/shopdetail/1998973450.phtml?path=/home/nhqyemt2u0zd/public_html/wp-content/plugins/w3-total-cache" "Mozilla/5.0 AppleWebKit/537.36 (KHTML, like Gecko; compatible; GPTBot/1.3; +https://openai.com/gptbot)" 188 **0/188389**
57.141.14.73 - - [26/Mar/2026:05:47:53 -0700] "GET /shopdetail/4007600688.phtml?fileloc=//lib/python2.7/site-packages/pycriu/rpc_pb2.py&path=//lib/python2.7/site-packages/pycriu HTTP/1.1" 200 70536 "-" "meta-externalagent/1.1 (+https://developers.facebook.com/docs/sharing/webmasters/crawler)" 174 **0/174889**
57.141.14.53 - - [26/Mar/2026:05:47:53 -0700] "GET /shopdetail/4007600688.phtml?fileloc=//lib64/ImageMagick-6.9.13/modules-Q16/coders/webp.so&path=//lib64/ImageMagick-6.9.13/modules-Q16/coders HTTP/1.1" 200 12497 "-" "meta-externalagent/1.1 (+https://developers.facebook.com/docs/sharing/webmasters/crawler)" 259 **0/259949**
57.141.14.38 - - [26/Mar/2026:05:47:53 -0700] "GET /shopdetail/3275354551.phtml?fileloc=//lib64/libodbcdrvcfg1S.so.2.0.0&path=//lib64 HTTP/1.1" 200 12266 "-" "meta-externalagent/1.1 (+https://developers.facebook.com/docs/sharing/webmasters/crawler)" 179 **0/179313**
216.73.216.1 - - [26/Mar/2026:05:47:54 -0700] "GET /kupit-diplom-igu-na-blanke-goznak?path=%2Fhome%2Fnhqyemt2u0zd%2Fwww%2Fwp-content%2Fplugins%2Fwidget-1773468809%2Fwf-flyout%2Ficons HTTP/1.1" 200 2710 "-" "Mozilla/5.0 AppleWebKit/537.36 (KHTML, like Gecko; compatible; ClaudeBot/1.0; +claudebot@anthropic.com)" 205 **0/205795**
57.141.14.106 - - [26/Mar/2026:05:47:56 -0700] "GET /shopdetail/3275354551.phtml?fileloc=//lib64/libselinux.so.1&path=//lib64 HTTP/1.1" 200 12257 "-" "meta-externalagent/1.1 (+https://developers.facebook.com/docs/sharing/webmasters/crawler)" 190 **0/190281**
74.7.242.2 - - [26/Mar/2026:05:47:56 -0700] "GET /shopdetail/1998973450.phtml?fileloc=/home/nhqyemt2u0zd/public_html/wp-content/plugins/w3-total-cache/Cdnfsd_Plugin_Admin.php&path=/home/nhqyemt2u0zd/public_html/wp-content/plugins/w3-total-cache HTTP/1.1" 200 3125 "http://customcabinetsmass.com/shopdetail/1998973450.phtml?path=/home/nhqyemt2u0zd/public_html/wp-content/plugins/w3-total-cache" "Mozilla/5.0 AppleWebKit/537.36 (KHTML, like Gecko; compatible; GPTBot/1.3; +https://openai.com/gptbot)" 174 **0/174091**
51.75.128.89 - - [26/Mar/2026:05:47:56 -0700] "GET /exploring-the-psychological-impact-of-instant/?fileloc=//bin/hostid&path=//bin HTTP/1.1" 200 2247 "-" "Mozilla/5.0 (compatible; MJ12bot/v1.4.8; http://mj12bot.com/)" 183 **0/183297**
216.73.216.1 - - [26/Mar/2026:05:47:57 -0700] "GET /kupit-diplom-igu-na-blanke-goznak?fileloc=%2Fhome%2Fnhqyemt2u0zd%2Fwww%2Fwp-content%2Fplugins%2Fhseo%2Fclass-custom-sitemap-provider.php&path=%2Fhome%2Fnhqyemt2u0zd%2Fwww%2Fwp-content%2Fplugins%2Fhseo HTTP/1.1" 200 2303 "-" "Mozilla/5.0 AppleWebKit/537.36 (KHTML, like Gecko; compatible; ClaudeBot/1.0; +claudebot@anthropic.com)" 189 **0/189878**
57.141.14.53 - - [26/Mar/2026:05:47:58 -0700] "GET /shopdetail/3275354551.phtml?fileloc=//lib64/liborc-0.4.so.0&path=//lib64 HTTP/1.1" 200 12257 "-" "meta-externalagent/1.1 (+https://developers.facebook.com/docs/sharing/webmasters/crawler)" 178 **0/178595**
38.180.111.150 - - [26/Mar/2026:05:47:58 -0700] "POST /xmlrpc.php HTTP/1.1" 200 64163 "-" "Mozilla/5.0 (Macintosh; Intel Mac OS X 10_14_6) AppleWebKit/537.36 (KHTML, like Gecko) Chrome/80.0.3987.132 Safari/537.36" 92 **0/92041**
38.180.111.150 - - [26/Mar/2026:05:47:59 -0700] "POST /xmlrpc.php HTTP/1.1" 200 64163 "-" "Mozilla/5.0 (Macintosh; Intel Mac OS X 10_14_6) AppleWebKit/537.36 (KHTML, like Gecko) Chrome/80.0.3987.132 Safari/537.36" 82 **0/82816**
74.7.242.2 - - [26/Mar/2026:05:47:59 -0700] "GET /shopdetail/1729553138.phtml?path=/home/nhqyemt2u0zd/public_html/wp-content/plugins/upload-in-widget-order HTTP/1.1" 200 2661 "http://customcabinetsmass.com/shopdetail/1729553138.phtml?path=/home/nhqyemt2u0zd/public_html/wp-content/plugins" "Mozilla/5.0 AppleWebKit/537.36 (KHTML, like Gecko; compatible; GPTBot/1.3; +https://openai.com/gptbot)" 195 **0/195670**
57.141.14.15 - - [26/Mar/2026:05:47:59 -0700] "GET /shopdetail/3614653283.phtml?fileloc=/home/nhqyemt2u0zd/www/wp-content/plugins/mailchimp-for-wp/languages/mailchimp-for-wp-pt_BR.mo&path=/home/nhqyemt2u0zd/www/wp-content/plugins/mailchimp-for-wp/languages HTTP/1.1" 200 12754 "-" "meta-externalagent/1.1 (+https://developers.facebook.com/docs/sharing/webmasters/crawler)" 174 **0/174847**
216.73.216.1 - - [26/Mar/2026:05:48:00 -0700] "GET /kupit-diplom-igu-na-blanke-goznak?fileloc=%2Fhome%2Fnhqyemt2u0zd%2Fwww%2Fwp-content%2Fplugins%2Frevslider%2Frevslider.php&path=%2Fhome%2Fnhqyemt2u0zd%2Fwww%2Fwp-content%2Fplugins%2Frevslider HTTP/1.1" 200 5043 "-" "Mozilla/5.0 AppleWebKit/537.36 (KHTML, like Gecko; compatible; ClaudeBot/1.0; +claudebot@anthropic.com)" 200 **0/200414**
51.75.128.89 - - [26/Mar/2026:05:48:00 -0700] "GET /exploring-the-psychological-impact-of-instant/?fileloc=//bin/hostname&path=//bin HTTP/1.1" 200 2247 "-" "Mozilla/5.0 (compatible; MJ12bot/v1.4.8; http://mj12bot.com/)" 174 **0/174337**
57.141.14.108 - - [26/Mar/2026:05:48:00 -0700] "GET /shopdetail/3275354551.phtml?fileloc=//proc/timer_list&path=//proc HTTP/1.1" 200 12249 "-" "meta-externalagent/1.1 (+https://developers.facebook.com/docs/sharing/webmasters/crawler)" 173 **0/173829**
38.180.111.150 - - [26/Mar/2026:05:48:00 -0700] "POST /xmlrpc.php HTTP/1.1" 200 64163 "-" "Mozilla/5.0 (Macintosh; Intel Mac OS X 10_14_6) AppleWebKit/537.36 (KHTML, like Gecko) Chrome/80.0.3987.132 Safari/537.36" 706 **0/706968**
38.180.111.150 - - [26/Mar/2026:05:48:01 -0700] "POST /xmlrpc.php HTTP/1.1" 200 64163 "-" "Mozilla/5.0 (Macintosh; Intel Mac OS X 10_14_6) AppleWebKit/537.36 (KHTML, like Gecko) Chrome/80.0.3987.132 Safari/537.36" 87 **0/87163**
57.141.14.89 - - [26/Mar/2026:05:48:01 -0700] "GET /shopdetail/2022688933.phtml?fileloc=//opt/alt/python38/lib64/python3.8/asyncio/__pycache__/log.cpython-38.pyc&path=//opt/alt/python38/lib64/python3.8/asyncio/__pycache__ HTTP/1.1" 200 12659 "-" "meta-externalagent/1.1 (+https://developers.facebook.com/docs/sharing/webmasters/crawler)" 178 **0/178064**
57.141.14.63 - - [26/Mar/2026:05:48:02 -0700] "GET /shopdetail/532933553.phtml?path=//usr/lib/python3.6/site-packages/cloud_init-23.4-py3.6.egg-info HTTP/1.1" 200 22762 "-" "meta-externalagent/1.1 (+https://developers.facebook.com/docs/sharing/webmasters/crawler)" 207 **0/207085**
74.7.242.2 - - [26/Mar/2026:05:48:02 -0700] "GET /shopdetail/1345997509.phtml?path=/home/nhqyemt2u0zd/public_html/wp-content/plugins/upload-in-widget-order HTTP/1.1" 200 2661 "http://customcabinetsmass.com/shopdetail/1345997509.phtml?path=/home/nhqyemt2u0zd/public_html/wp-content/plugins" "Mozilla/5.0 AppleWebKit/537.36 (KHTML, like Gecko; compatible; GPTBot/1.3; +https://openai.com/gptbot)" 174 **0/174775**
57.141.14.36 - - [26/Mar/2026:05:48:02 -0700] "GET /shopdetail/2022688933.phtml?fileloc=//opt/alt/python38/lib64/python3.8/asyncio/__pycache__/__main__.cpython-38.pyc&path=//opt/alt/python38/lib64/python3.8/asyncio/__pycache__ HTTP/1.1" 200 12664 "-" "meta-externalagent/1.1 (+https://developers.facebook.com/docs/sharing/webmasters/crawler)" 192 **0/192191**
216.73.216.1 - - [26/Mar/2026:05:48:03 -0700] "GET /online-casino-uden-mitid-sdan-spiller-du-sikkert?path=%2F%2Flib%2Fmodules%2F4.18.0-553.54.1.lve.el8.x86_64%2Fkernel%2Fdrivers%2Fiommu%2Famd HTTP/1.1" 200 2628 "-" "Mozilla/5.0 AppleWebKit/537.36 (KHTML, like Gecko; compatible; ClaudeBot/1.0; +claudebot@anthropic.com)" 183 **0/183284**
57.141.14.68 - - [26/Mar/2026:05:48:04 -0700] "GET /shopdetail/2022688933.phtml?fileloc=//opt/alt/python38/lib64/python3.8/asyncio/__pycache__/trsock.cpython-38.pyc&path=//opt/alt/python38/lib64/python3.8/asyncio/__pycache__ HTTP/1.1" 200 12662 "-" "meta-externalagent/1.1 (+https://developers.facebook.com/docs/sharing/webmasters/crawler)" 201 **0/201517**
51.75.128.89 - - [26/Mar/2026:05:48:04 -0700] "GET /exploring-the-psychological-impact-of-instant/?fileloc=//bin/hunspell&path=//bin HTTP/1.1" 200 2249 "-" "Mozilla/5.0 (compatible; MJ12bot/v1.4.8; http://mj12bot.com/)" 174 **0/174416**
57.141.14.37 - - [26/Mar/2026:05:48:05 -0700] "GET /shopdetail/2022688933.phtml?fileloc=//opt/alt/python38/lib64/python3.8/asyncio/__pycache__/events.cpython-38.pyc&path=//opt/alt/python38/lib64/python3.8/asyncio/__pycache__ HTTP/1.1" 200 12662 "-" "meta-externalagent/1.1 (+https://developers.facebook.com/docs/sharing/webmasters/crawler)" 188 **0/188412**
74.7.242.2 - - [26/Mar/2026:05:48:05 -0700] "GET /shopdetail/1998973450.phtml?path=/home/nhqyemt2u0zd/public_html/wp-content/plugins/upload-in-widget-order HTTP/1.1" 200 2661 "http://customcabinetsmass.com/shopdetail/1998973450.phtml?path=/home/nhqyemt2u0zd/public_html/wp-content/plugins" "Mozilla/5.0 AppleWebKit/537.36 (KHTML, like Gecko; compatible; GPTBot/1.3; +https://openai.com/gptbot)" 177 **0/177810**
216.73.216.1 - - [26/Mar/2026:05:48:06 -0700] "GET /kupit-diplom-igu-na-blanke-goznak?fileloc=%2Fhome%2Fnhqyemt2u0zd%2Fwww%2Fwp-admin%2Fjs%2Fjs%2F.htaccess&path=%2Fhome%2Fnhqyemt2u0zd%2Fwww%2Fwp-admin%2Fjs%2Fjs HTTP/1.1" 200 2405 "-" "Mozilla/5.0 AppleWebKit/537.36 (KHTML, like Gecko; compatible; ClaudeBot/1.0; +claudebot@anthropic.com)" 171 **0/171533**
57.141.14.29 - - [26/Mar/2026:05:48:06 -0700] "GET /shopdetail/2022688933.phtml?fileloc=//opt/alt/python38/lib64/python3.8/asyncio/__pycache__/coroutines.cpython-38.opt-1.pyc&path=//opt/alt/python38/lib64/python3.8/asyncio/__pycache__ HTTP/1.1" 200 12672 "-" "meta-externalagent/1.1 (+https://developers.facebook.com/docs/sharing/webmasters/crawler)" 176 **0/176391**
57.141.14.107 - - [26/Mar/2026:05:48:07 -0700] "GET /shopdetail/2022688933.phtml?fileloc=//opt/alt/python38/lib64/python3.8/asyncio/__pycache__/transports.cpython-38.opt-2.pyc&path=//opt/alt/python38/lib64/python3.8/asyncio/__pycache__ HTTP/1.1" 200 12672 "-" "meta-externalagent/1.1 (+https://developers.facebook.com/docs/sharing/webmasters/crawler)" 189 **0/189392**
51.75.128.89 - - [26/Mar/2026:05:48:08 -0700] "GET /exploring-the-psychological-impact-of-instant/?fileloc=//bin/iconv&path=//bin HTTP/1.1" 200 2246 "-" "Mozilla/5.0 (compatible; MJ12bot/v1.4.8; http://mj12bot.com/)" 169 **0/169800**
74.7.242.2 - - [26/Mar/2026:05:48:09 -0700] "GET /shopdetail/4279349113.phtml?path=/home/nhqyemt2u0zd/public_html/wp-content/plugins/upload-in-widget-order HTTP/1.1" 200 2661 "http://customcabinetsmass.com/shopdetail/4279349113.phtml?path=/home/nhqyemt2u0zd/public_html/wp-content/plugins" "Mozilla/5.0 AppleWebKit/537.36 (KHTML, like Gecko; compatible; GPTBot/1.3; +https://openai.com/gptbot)" 177 **0/177270**
216.73.216.1 - - [26/Mar/2026:05:48:09 -0700] "GET /kupit-diplom-igu-na-blanke-goznak?fileloc=%2Fhome%2Fnhqyemt2u0zd%2Fwww%2Fwp-content%2Fplugins%2Fvibes%2F.htaccess&path=%2Fhome%2Fnhqyemt2u0zd%2Fwww%2Fwp-content%2Fplugins%2Fvibes HTTP/1.1" 200 2379 "-" "Mozilla/5.0 AppleWebKit/537.36 (KHTML, like Gecko; compatible; ClaudeBot/1.0; +claudebot@anthropic.com)" 165 **0/165890**
57.141.14.5 - - [26/Mar/2026:05:48:09 -0700] "GET /shopdetail/2022688933.phtml?fileloc=//opt/alt/python38/lib64/python3.8/asyncio/__pycache__/base_events.cpython-38.opt-1.pyc&path=//opt/alt/python38/lib64/python3.8/asyncio/__pycache__ HTTP/1.1" 200 12673 "-" "meta-externalagent/1.1 (+https://developers.facebook.com/docs/sharing/webmasters/crawler)" 193 **0/193236**
57.141.14.98 - - [26/Mar/2026:05:48:11 -0700] "GET /shopdetail/3773988170.phtml?fileloc=//lib/firmware/qcom/x1e80100/LENOVO/83ED/qcdxkmsuc8380.mbn&path=//lib/firmware/qcom/x1e80100/LENOVO/83ED HTTP/1.1" 200 12564 "-" "meta-externalagent/1.1 (+https://developers.facebook.com/docs/sharing/webmasters/crawler)" 180 **0/180483**
51.75.128.89 - - [26/Mar/2026:05:48:12 -0700] "GET /exploring-the-psychological-impact-of-instant/?fileloc=//bin/id&path=//bin HTTP/1.1" 200 2244 "-" "Mozilla/5.0 (compatible; MJ12bot/v1.4.8; http://mj12bot.com/)" 172 **0/172410**
216.73.216.1 - - [26/Mar/2026:05:48:12 -0700] "GET /online-casino-uden-mitid-sdan-spiller-du-sikkert?fileloc=%2F%2Flib%2Fmodules%2F4.18.0-553.54.1.lve.el8.x86_64%2Fkernel%2Ffs%2Fceph%2Fceph.ko.xz&path=%2F%2Flib%2Fmodules%2F4.18.0-553.54.1.lve.el8.x86_64%2Fkernel%2Ffs%2Fceph HTTP/1.1" 200 2302 "-" "Mozilla/5.0 AppleWebKit/537.36 (KHTML, like Gecko; compatible; ClaudeBot/1.0; +claudebot@anthropic.com)" 193 **0/193571**
74.7.242.2 - - [26/Mar/2026:05:48:12 -0700] "GET /shopdetail/4279349113.phtml?fileloc=/home/nhqyemt2u0zd/public_html/wp-content/plugins/woocommerce-coming-click/.htaccess&path=/home/nhqyemt2u0zd/public_html/wp-content/plugins/woocommerce-coming-click HTTP/1.1" 200 2399 "http://customcabinetsmass.com/shopdetail/4279349113.phtml?path=/home/nhqyemt2u0zd/public_html/wp-content/plugins/woocommerce-coming-click" "Mozilla/5.0 AppleWebKit/537.36 (KHTML, like Gecko; compatible; GPTBot/1.3; +https://openai.com/gptbot)" 184 **0/184322**
57.141.14.112 - - [26/Mar/2026:05:48:13 -0700] "GET /shopdetail/3275354551.phtml?fileloc=//lib64/libhunspell-1.6.so.0.0.1&path=//lib64 HTTP/1.1" 200 12266 "-" "meta-externalagent/1.1 (+https://developers.facebook.com/docs/sharing/webmasters/crawler)" 199 **0/199405**
57.141.14.2 - - [26/Mar/2026:05:48:13 -0700] "GET /shopdetail/2022688933.phtml?fileloc=//opt/alt/python38/lib64/python3.8/asyncio/__pycache__/tasks.cpython-38.pyc&path=//opt/alt/python38/lib64/python3.8/asyncio/__pycache__ HTTP/1.1" 200 12661 "-" "meta-externalagent/1.1 (+https://developers.facebook.com/docs/sharing/webmasters/crawler)" 171 **0/171648**
57.141.14.109 - - [26/Mar/2026:05:48:14 -0700] "GET /shopdetail/2022688933.phtml?fileloc=//opt/alt/python38/lib64/python3.8/asyncio/__pycache__/events.cpython-38.opt-1.pyc&path=//opt/alt/python38/lib64/python3.8/asyncio/__pycache__ HTTP/1.1" 200 12668 "-" "meta-externalagent/1.1 (+https://developers.facebook.com/docs/sharing/webmasters/crawler)" 180 **0/180088**
216.73.216.1 - - [26/Mar/2026:05:48:15 -0700] "GET /bets24-your-ultimate-destination-for-sportsbook?fileloc=%2F%2Fhome%2Fnhqyemt2u0zd%2Fpublic_html%2Fwp-content%2Fcong.php&path=%2F%2Fhome%2Fnhqyemt2u0zd%2Fpublic_html%2Fwp-content HTTP/1.1" 200 2274 "-" "Mozilla/5.0 AppleWebKit/537.36 (KHTML, like Gecko; compatible; ClaudeBot/1.0; +claudebot@anthropic.com)" 189 **0/189879**
74.7.242.2 - - [26/Mar/2026:05:48:15 -0700] "GET /shopdetail/1729553138.phtml?fileloc=/home/nhqyemt2u0zd/public_html/wp-content/plugins/woocommerce-coming-click/.htaccess&path=/home/nhqyemt2u0zd/public_html/wp-content/plugins/woocommerce-coming-click HTTP/1.1" 200 2399 "http://customcabinetsmass.com/shopdetail/1729553138.phtml?path=/home/nhqyemt2u0zd/public_html/wp-content/plugins/woocommerce-coming-click" "Mozilla/5.0 AppleWebKit/537.36 (KHTML, like Gecko; compatible; GPTBot/1.3; +https://openai.com/gptbot)" 185 **0/185682**
51.75.128.89 - - [26/Mar/2026:05:48:15 -0700] "GET /exploring-the-psychological-impact-of-instant/?fileloc=//bin/identify&path=//bin HTTP/1.1" 200 2247 "-" "Mozilla/5.0 (compatible; MJ12bot/v1.4.8; http://mj12bot.com/)" 180 **0/180151**
57.141.14.42 - - [26/Mar/2026:05:48:16 -0700] "GET /shopdetail/2022688933.phtml?fileloc=//opt/alt/python38/lib64/python3.8/asyncio/__pycache__/protocols.cpython-38.pyc&path=//opt/alt/python38/lib64/python3.8/asyncio/__pycache__ HTTP/1.1" 200 12665 "-" "meta-externalagent/1.1 (+https://developers.facebook.com/docs/sharing/webmasters/crawler)" 181 **0/181780**
57.141.14.63 - - [26/Mar/2026:05:48:16 -0700] "GET /shopdetail/2022688933.phtml?fileloc=//opt/alt/python38/lib64/python3.8/asyncio/__pycache__/sslproto.cpython-38.opt-1.pyc&path=//opt/alt/python38/lib64/python3.8/asyncio/__pycache__ HTTP/1.1" 200 12670 "-" "meta-externalagent/1.1 (+https://developers.facebook.com/docs/sharing/webmasters/crawler)" 318 **0/318927**
57.141.14.32 - - [26/Mar/2026:05:48:16 -0700] "GET /shopdetail/2022688933.phtml?fileloc=/home/nhqyemt2u0zd/www/wp-content/themes/twentyseventeen/template-parts/post/content-excerpt.php&path=/home/nhqyemt2u0zd/www/wp-content/themes/twentyseventeen/template-parts/post HTTP/1.1" 200 14565 "-" "meta-externalagent/1.1 (+https://developers.facebook.com/docs/sharing/webmasters/crawler)" 179 **0/179096**
57.141.14.102 - - [26/Mar/2026:05:48:18 -0700] "GET /shopdetail/2022688933.phtml?fileloc=//opt/alt/python38/lib64/python3.8/asyncio/__pycache__/unix_events.cpython-38.opt-1.pyc&path=//opt/alt/python38/lib64/python3.8/asyncio/__pycache__ HTTP/1.1" 200 12673 "-" "meta-externalagent/1.1 (+https://developers.facebook.com/docs/sharing/webmasters/crawler)" 182 **0/182463**
216.73.216.1 - - [26/Mar/2026:05:48:18 -0700] "GET /online-casino-uden-mitid-sdan-spiller-du-sikkert?fileloc=%2F%2Fusr%2Fshare%2Fman%2Fman3%2FASN1_ENUMERATED_set_int64.3ssl.gz&path=%2F%2Fusr%2Fshare%2Fman%2Fman3 HTTP/1.1" 403 3580 "-" "Mozilla/5.0 AppleWebKit/537.36 (KHTML, like Gecko; compatible; ClaudeBot/1.0; +claudebot@anthropic.com)" 187 **0/187199**
74.7.242.2 - - [26/Mar/2026:05:48:18 -0700] "GET /shopdetail/1998973450.phtml?fileloc=/home/nhqyemt2u0zd/public_html/wp-content/plugins/woocommerce-coming-click/.htaccess&path=/home/nhqyemt2u0zd/public_html/wp-content/plugins/woocommerce-coming-click HTTP/1.1" 200 2399 "http://customcabinetsmass.com/shopdetail/1998973450.phtml?path=/home/nhqyemt2u0zd/public_html/wp-content/plugins/woocommerce-coming-click" "Mozilla/5.0 AppleWebKit/537.36 (KHTML, like Gecko; compatible; GPTBot/1.3; +https://openai.com/gptbot)" 174 **0/174839**
57.141.14.69 - - [26/Mar/2026:05:48:18 -0700] "GET /shopdetail/2022688933.phtml?fileloc=//opt/alt/python38/lib64/python3.8/asyncio/__pycache__/log.cpython-38.opt-1.pyc&path=//opt/alt/python38/lib64/python3.8/asyncio/__pycache__ HTTP/1.1" 200 12665 "-" "meta-externalagent/1.1 (+https://developers.facebook.com/docs/sharing/webmasters/crawler)" 203 **0/203329**
57.141.14.28 - - [26/Mar/2026:05:48:19 -0700] "GET /shopdetail/2022688933.phtml?fileloc=//opt/alt/python38/lib64/python3.8/asyncio/__pycache__/base_events.cpython-38.opt-2.pyc&path=//opt/alt/python38/lib64/python3.8/asyncio/__pycache__ HTTP/1.1" 200 12673 "-" "meta-externalagent/1.1 (+https://developers.facebook.com/docs/sharing/webmasters/crawler)" 176 **0/176259**
51.75.128.89 - - [26/Mar/2026:05:48:19 -0700] "GET /exploring-the-psychological-impact-of-instant/?fileloc=//bin/idn&path=//bin HTTP/1.1" 200 2247 "-" "Mozilla/5.0 (compatible; MJ12bot/v1.4.8; http://mj12bot.com/)" 199 **0/199258**
57.141.14.76 - - [26/Mar/2026:05:48:20 -0700] "GET /shopdetail/2022688933.phtml?fileloc=//opt/alt/python38/lib64/python3.8/asyncio/__pycache__/windows_utils.cpython-38.opt-1.pyc&path=//opt/alt/python38/lib64/python3.8/asyncio/__pycache__ HTTP/1.1" 200 12675 "-" "meta-externalagent/1.1 (+https://developers.facebook.com/docs/sharing/webmasters/crawler)" 194 **0/194365**
216.73.216.1 - - [26/Mar/2026:05:48:21 -0700] "GET /online-casino-uden-mitid-sdan-spiller-du-sikkert?fileloc=%2Fhome%2Fnhqyemt2u0zd%2Fwww%2Fwp-includes%2Fformatting.php&path=%2Fhome%2Fnhqyemt2u0zd%2Fwww%2Fwp-includes HTTP/1.1" 403 3580 "-" "Mozilla/5.0 AppleWebKit/537.36 (KHTML, like Gecko; compatible; ClaudeBot/1.0; +claudebot@anthropic.com)" 189 **0/189274**
74.7.242.2 - - [26/Mar/2026:05:48:21 -0700] "GET /shopdetail/1345997509.phtml?fileloc=/home/nhqyemt2u0zd/public_html/wp-content/plugins/woocommerce-coming-click/.htaccess&path=/home/nhqyemt2u0zd/public_html/wp-content/plugins/woocommerce-coming-click HTTP/1.1" 200 2399 "http://customcabinetsmass.com/shopdetail/1345997509.phtml?path=/home/nhqyemt2u0zd/public_html/wp-content/plugins/woocommerce-coming-click" "Mozilla/5.0 AppleWebKit/537.36 (KHTML, like Gecko; compatible; GPTBot/1.3; +https://openai.com/gptbot)" 178 **0/178716**
57.141.14.84 - - [26/Mar/2026:05:48:22 -0700] "GET /shopdetail/2022688933.phtml?fileloc=//opt/alt/python38/lib64/python3.8/asyncio/__pycache__/__main__.cpython-38.opt-2.pyc&path=//opt/alt/python38/lib64/python3.8/asyncio/__pycache__ HTTP/1.1" 200 12670 "-" "meta-externalagent/1.1 (+https://developers.facebook.com/docs/sharing/webmasters/crawler)" 160 **0/160478**
51.75.128.89 - - [26/Mar/2026:05:48:23 -0700] "GET /exploring-the-psychological-impact-of-instant/?fileloc=//bin/ifnames&path=//bin HTTP/1.1" 200 4197 "-" "Mozilla/5.0 (compatible; MJ12bot/v1.4.8; http://mj12bot.com/)" 228 **0/228441**
216.73.216.1 - - [26/Mar/2026:05:48:24 -0700] "GET /kupit-diplom-igu-na-blanke-goznak?fileloc=%2Fhome%2Fnhqyemt2u0zd%2Fwww%2Fwp-includes%2Fms-files.php&path=%2Fhome%2Fnhqyemt2u0zd%2Fwww%2Fwp-includes HTTP/1.1" 403 3580 "-" "Mozilla/5.0 AppleWebKit/537.36 (KHTML, like Gecko; compatible; ClaudeBot/1.0; +claudebot@anthropic.com)" 209 **0/209786**
57.141.14.106 - - [26/Mar/2026:05:48:24 -0700] "GET /shopdetail/2022688933.phtml?fileloc=//opt/alt/python38/lib64/python3.8/asyncio/__pycache__/subprocess.cpython-38.opt-1.pyc&path=//opt/alt/python38/lib64/python3.8/asyncio/__pycache__ HTTP/1.1" 200 12672 "-" "meta-externalagent/1.1 (+https://developers.facebook.com/docs/sharing/webmasters/crawler)" 367 **0/367028**
74.7.242.2 - - [26/Mar/2026:05:48:24 -0700] "GET /shopdetail/4279349113.phtml?path=/home/nhqyemt2u0zd/public_html/wp-content/plugins/bidatasion-fasttypescriptor HTTP/1.1" 200 3192 "http://customcabinetsmass.com/shopdetail/4279349113.phtml?path=/home/nhqyemt2u0zd/public_html/wp-content/plugins" "Mozilla/5.0 AppleWebKit/537.36 (KHTML, like Gecko; compatible; GPTBot/1.3; +https://openai.com/gptbot)" 299 **0/299326**
57.141.14.14 - - [26/Mar/2026:05:48:25 -0700] "GET /shopdetail/2022688933.phtml?fileloc=//opt/alt/python38/lib64/python3.8/asyncio/__pycache__/proactor_events.cpython-38.pyc&path=//opt/alt/python38/lib64/python3.8/asyncio/__pycache__ HTTP/1.1" 200 12671 "-" "meta-externalagent/1.1 (+https://developers.facebook.com/docs/sharing/webmasters/crawler)" 197 **0/197561**
216.73.216.1 - - [26/Mar/2026:05:48:27 -0700] "GET /bets24-your-ultimate-destination-for-sportsbook?fileloc=%2F%2Fhome%2Fnhqyemt2u0zd%2Fpublic_html%2Fwp-admin%2Fjs%2Fnav-menu.js&path=%2F%2Fhome%2Fnhqyemt2u0zd%2Fpublic_html%2Fwp-admin%2Fjs HTTP/1.1" 403 3580 "-" "Mozilla/5.0 AppleWebKit/537.36 (KHTML, like Gecko; compatible; ClaudeBot/1.0; +claudebot@anthropic.com)" 184 **0/184458**
57.141.14.82 - - [26/Mar/2026:05:48:27 -0700] "GET /shopdetail/2022688933.phtml?fileloc=//opt/alt/python38/lib64/python3.8/asyncio/__pycache__/base_futures.cpython-38.pyc&path=//opt/alt/python38/lib64/python3.8/asyncio/__pycache__ HTTP/1.1" 200 12668 "-" "meta-externalagent/1.1 (+https://developers.facebook.com/docs/sharing/webmasters/crawler)" 193 **0/193318**
57.141.14.83 - - [26/Mar/2026:05:48:27 -0700] "GET /shopdetail/2022688933.phtml?fileloc=//opt/alt/python38/lib64/python3.8/asyncio/__pycache__/proactor_events.cpython-38.opt-1.pyc&path=//opt/alt/python38/lib64/python3.8/asyncio/__pycache__ HTTP/1.1" 200 12677 "-" "meta-externalagent/1.1 (+https://developers.facebook.com/docs/sharing/webmasters/crawler)" 206 **0/206570**
51.75.128.89 - - [26/Mar/2026:05:48:27 -0700] "GET /exploring-the-psychological-impact-of-instant/?fileloc=//bin/import&path=//bin HTTP/1.1" 200 2245 "-" "Mozilla/5.0 (compatible; MJ12bot/v1.4.8; http://mj12bot.com/)" 181 **0/181032**
74.7.242.2 - - [26/Mar/2026:05:48:27 -0700] "GET /shopdetail/1998973450.phtml?path=/home/nhqyemt2u0zd/public_html/wp-content/plugins/bidatasion-fasttypescriptor HTTP/1.1" 200 3192 "http://customcabinetsmass.com/shopdetail/1998973450.phtml?path=/home/nhqyemt2u0zd/public_html/wp-content/plugins" "Mozilla/5.0 AppleWebKit/537.36 (KHTML, like Gecko; compatible; GPTBot/1.3; +https://openai.com/gptbot)" 186 **0/186466**
57.141.14.28 - - [26/Mar/2026:05:48:28 -0700] "GET /shopdetail/3275354551.phtml?fileloc=//lib64/libgdbm.so.6&path=//lib64 HTTP/1.1" 200 12254 "-" "meta-externalagent/1.1 (+https://developers.facebook.com/docs/sharing/webmasters/crawler)" 182 **0/182566**
57.141.14.52 - - [26/Mar/2026:05:48:29 -0700] "GET /shopdetail/802050690.phtml?fileloc=//usr/lib/firmware/wfx/brd8022a.pds&path=//usr/lib/firmware/wfx HTTP/1.1" 200 12394 "-" "meta-externalagent/1.1 (+https://developers.facebook.com/docs/sharing/webmasters/crawler)" 174 **0/174620**
57.141.14.69 - - [26/Mar/2026:05:48:29 -0700] "GET /shopdetail/3275354551.phtml?fileloc=//bin/mariadb-access&path=//bin HTTP/1.1" 200 133586 "-" "meta-externalagent/1.1 (+https://developers.facebook.com/docs/sharing/webmasters/crawler)" 206 **0/206758**
216.73.216.1 - - [26/Mar/2026:05:48:30 -0700] "GET /online-casino-uden-mitid-sdan-spiller-du-sikkert?fileloc=%2F%2Fusr%2Flib%2Fmodules%2F4.18.0-553.54.1.lve.el8.x86_64%2Fkernel%2Fcrypto%2Fpcbc.ko.xz&path=%2F%2Fusr%2Flib%2Fmodules%2F4.18.0-553.54.1.lve.el8.x86_64%2Fkernel%2Fcrypto HTTP/1.1" 403 3580 "-" "Mozilla/5.0 AppleWebKit/537.36 (KHTML, like Gecko; compatible; ClaudeBot/1.0; +claudebot@anthropic.com)" 219 **0/219386**
57.141.14.90 - - [26/Mar/2026:05:48:30 -0700] "GET /shopdetail/3275354551.phtml?fileloc=//bin/mariadb-plugin&path=//bin HTTP/1.1" 200 12250 "-" "meta-externalagent/1.1 (+https://developers.facebook.com/docs/sharing/webmasters/crawler)" 198 **0/198930**
57.141.14.52 - - [26/Mar/2026:05:48:30 -0700] "GET /shopdetail/802050690.phtml?fileloc=//usr/lib/firmware/ar3k/ramps_0x41020000_40.dfu&path=//usr/lib/firmware/ar3k HTTP/1.1" 200 12408 "-" "meta-externalagent/1.1 (+https://developers.facebook.com/docs/sharing/webmasters/crawler)" 217 **0/217130**
74.7.242.2 - - [26/Mar/2026:05:48:31 -0700] "GET /shopdetail/1729553138.phtml?path=/home/nhqyemt2u0zd/public_html/wp-content/plugins/bidatasion-fasttypescriptor HTTP/1.1" 200 3192 "http://customcabinetsmass.com/shopdetail/1729553138.phtml?path=/home/nhqyemt2u0zd/public_html/wp-content/plugins" "Mozilla/5.0 AppleWebKit/537.36 (KHTML, like Gecko; compatible; GPTBot/1.3; +https://openai.com/gptbot)" 178 **0/178840**
51.75.128.89 - - [26/Mar/2026:05:48:31 -0700] "GET /exploring-the-psychological-impact-of-instant/?fileloc=//bin/infocmp&path=//bin HTTP/1.1" 200 2246 "-" "Mozilla/5.0 (compatible; MJ12bot/v1.4.8; http://mj12bot.com/)" 180 **0/180290**
57.141.14.36 - - [26/Mar/2026:05:48:31 -0700] "GET /shopdetail/2022688933.phtml?fileloc=/home/nhqyemt2u0zd/www/wp-content/themes/twentyseventeen/template-parts/footer/site-info.php&path=/home/nhqyemt2u0zd/www/wp-content/themes/twentyseventeen/template-parts/footer HTTP/1.1" 200 13510 "-" "meta-externalagent/1.1 (+https://developers.facebook.com/docs/sharing/webmasters/crawler)" 189 **0/189802**
57.141.14.76 - - [26/Mar/2026:05:48:31 -0700] "GET /shopdetail/532933553.phtml?fileloc=//lib/python3.6/site-packages/urllib3/filepost.py&path=//lib/python3.6/site-packages/urllib3 HTTP/1.1" 200 15011 "-" "meta-externalagent/1.1 (+https://developers.facebook.com/docs/sharing/webmasters/crawler)" 183 **0/183989**
57.141.14.102 - - [26/Mar/2026:05:48:33 -0700] "GET /shopdetail/3275354551.phtml?fileloc=//lib64/libtomcrypt.so.1&path=//lib64 HTTP/1.1" 200 12258 "-" "meta-externalagent/1.1 (+https://developers.facebook.com/docs/sharing/webmasters/crawler)" 181 **0/181653**
57.141.14.68 - - [26/Mar/2026:05:48:34 -0700] "GET /shopdetail/3275354551.phtml?fileloc=//lib64/libcriu.so.1.0&path=//lib64 HTTP/1.1" 200 12256 "-" "meta-externalagent/1.1 (+https://developers.facebook.com/docs/sharing/webmasters/crawler)" 175 **0/175721**
74.7.242.2 - - [26/Mar/2026:05:48:34 -0700] "GET /shopdetail/1729553138.phtml?fileloc=/home/nhqyemt2u0zd/public_html/wp-content/plugins/upload-in-widget-order/.htaccess&path=/home/nhqyemt2u0zd/public_html/wp-content/plugins/upload-in-widget-order HTTP/1.1" 200 2391 "http://customcabinetsmass.com/shopdetail/1729553138.phtml?path=/home/nhqyemt2u0zd/public_html/wp-content/plugins/upload-in-widget-order" "Mozilla/5.0 AppleWebKit/537.36 (KHTML, like Gecko; compatible; GPTBot/1.3; +https://openai.com/gptbot)" 175 **0/175636**
51.75.128.89 - - [26/Mar/2026:05:48:35 -0700] "GET /exploring-the-psychological-impact-of-instant/?fileloc=//bin/infotocap&path=//bin HTTP/1.1" 200 2248 "-" "Mozilla/5.0 (compatible; MJ12bot/v1.4.8; http://mj12bot.com/)" 185 **0/185385**
216.73.216.1 - - [26/Mar/2026:05:48:35 -0700] "GET /online-casino-uden-mitid-sdan-spiller-du-sikkert?fileloc=%2F%2Flib%2Fmodules%2F4.18.0-553.54.1.lve.el8.x86_64%2Fkernel%2Fdrivers%2Fblock%2Fpktcdvd.ko.xz&path=%2F%2Flib%2Fmodules%2F4.18.0-553.54.1.lve.el8.x86_64%2Fkernel%2Fdrivers%2Fblock HTTP/1.1" 403 3580 "-" "Mozilla/5.0 AppleWebKit/537.36 (KHTML, like Gecko; compatible; ClaudeBot/1.0; +claudebot@anthropic.com)" 186 **0/186068**
57.141.14.109 - - [26/Mar/2026:05:48:35 -0700] "GET /shopdetail/4007600688.phtml?fileloc=//lib/python2.7/site-packages/pip/__main__.pyc&path=//lib/python2.7/site-packages/pip HTTP/1.1" 200 12444 "-" "meta-externalagent/1.1 (+https://developers.facebook.com/docs/sharing/webmasters/crawler)" 165 **0/165514**
57.141.14.24 - - [26/Mar/2026:05:48:35 -0700] "GET /shopdetail/2022688933.phtml?fileloc=//opt/alt/python38/lib64/python3.8/xml/etree/ElementPath.py&path=//opt/alt/python38/lib64/python3.8/xml/etree HTTP/1.1" 200 26363 "-" "meta-externalagent/1.1 (+https://developers.facebook.com/docs/sharing/webmasters/crawler)" 159 **0/159749**
74.7.242.2 - - [26/Mar/2026:05:48:37 -0700] "GET /shopdetail/1345997509.phtml?fileloc=/home/nhqyemt2u0zd/public_html/wp-content/plugins/upload-in-widget-order/.htaccess&path=/home/nhqyemt2u0zd/public_html/wp-content/plugins/upload-in-widget-order HTTP/1.1" 200 2391 "http://customcabinetsmass.com/shopdetail/1345997509.phtml?path=/home/nhqyemt2u0zd/public_html/wp-content/plugins/upload-in-widget-order" "Mozilla/5.0 AppleWebKit/537.36 (KHTML, like Gecko; compatible; GPTBot/1.3; +https://openai.com/gptbot)" 177 **0/177121**
57.141.14.56 - - [26/Mar/2026:05:48:37 -0700] "GET /shopdetail/3275354551.phtml?fileloc=//lib64/libnssutil3.so&path=//lib64 HTTP/1.1" 200 12256 "-" "meta-externalagent/1.1 (+https://developers.facebook.com/docs/sharing/webmasters/crawler)" 178 **0/178930**
216.73.216.1 - - [26/Mar/2026:05:48:38 -0700] "GET /kupit-diplom-igu-na-blanke-goznak?fileloc=%2Fhome%2Fnhqyemt2u0zd%2Fwww%2Fwp-content%2Fplugins%2Fvibes%2Flicense.txt&path=%2Fhome%2Fnhqyemt2u0zd%2Fwww%2Fwp-content%2Fplugins%2Fvibes HTTP/1.1" 403 3580 "-" "Mozilla/5.0 AppleWebKit/537.36 (KHTML, like Gecko; compatible; ClaudeBot/1.0; +claudebot@anthropic.com)" 180 **0/180037**
51.75.128.89 - - [26/Mar/2026:05:48:38 -0700] "GET /exploring-the-psychological-impact-of-instant/?fileloc=//bin/install&path=//bin HTTP/1.1" 200 2246 "-" "Mozilla/5.0 (compatible; MJ12bot/v1.4.8; http://mj12bot.com/)" 166 **0/166068**
57.141.14.108 - - [26/Mar/2026:05:48:39 -0700] "GET /shopdetail/2022688933.phtml?fileloc=//opt/alt/python38/lib64/python3.8/asyncio/__pycache__/base_events.cpython-38.pyc&path=//opt/alt/python38/lib64/python3.8/asyncio/__pycache__ HTTP/1.1" 200 12667 "-" "meta-externalagent/1.1 (+https://developers.facebook.com/docs/sharing/webmasters/crawler)" 199 **0/199126**
57.141.14.52 - - [26/Mar/2026:05:48:40 -0700] "GET /shopdetail/3915778426.phtml?fileloc=//opt/python38/lib/python3.8/ctypes/test/test_prototypes.py&path=//opt/python38/lib/python3.8/ctypes/test HTTP/1.1" 200 19991 "-" "meta-externalagent/1.1 (+https://developers.facebook.com/docs/sharing/webmasters/crawler)" 169 **0/169966**
57.141.14.17 - - [26/Mar/2026:05:48:40 -0700] "GET /shopdetail/4007600688.phtml?fileloc=//lib64/ImageMagick-6.9.13/modules-Q16/coders/braille.so&path=//lib64/ImageMagick-6.9.13/modules-Q16/coders HTTP/1.1" 200 12500 "-" "meta-externalagent/1.1 (+https://developers.facebook.com/docs/sharing/webmasters/crawler)" 178 **0/178930**
74.7.242.2 - - [26/Mar/2026:05:48:40 -0700] "GET /shopdetail/1998973450.phtml?fileloc=/home/nhqyemt2u0zd/public_html/wp-content/plugins/upload-in-widget-order/.htaccess&path=/home/nhqyemt2u0zd/public_html/wp-content/plugins/upload-in-widget-order HTTP/1.1" 200 2391 "http://customcabinetsmass.com/shopdetail/1998973450.phtml?path=/home/nhqyemt2u0zd/public_html/wp-content/plugins/upload-in-widget-order" "Mozilla/5.0 AppleWebKit/537.36 (KHTML, like Gecko; compatible; GPTBot/1.3; +https://openai.com/gptbot)" 171 **0/171886**
