23.27.214.19 - - [26/Mar/2026:05:26:17 -0700] "POST /xmlrpc.php HTTP/1.1" 200 64163 "-" "Mozilla/5.0 (X11; Linux i686) AppleWebKit/537.36 (KHTML, like Gecko) Chrome/114.0.0.0 Safari/537.36 Vivaldi/5.3.2679.68" 65 **0/65425**
23.27.214.19 - - [26/Mar/2026:05:26:18 -0700] "POST /xmlrpc.php HTTP/1.1" 200 64163 "-" "Mozilla/5.0 (X11; Linux i686) AppleWebKit/537.36 (KHTML, like Gecko) Chrome/114.0.0.0 Safari/537.36 Vivaldi/5.3.2679.68" 61 **0/61275**
57.141.14.110 - - [26/Mar/2026:05:26:17 -0700] "GET /shopdetail/3275354551.phtml?path=//lib64/nss HTTP/1.1" 200 15359 "-" "meta-externalagent/1.1 (+https://developers.facebook.com/docs/sharing/webmasters/crawler)" 155 **0/155589**
23.27.214.19 - - [26/Mar/2026:05:26:18 -0700] "POST /xmlrpc.php HTTP/1.1" 200 64163 "-" "Mozilla/5.0 (X11; Linux i686) AppleWebKit/537.36 (KHTML, like Gecko) Chrome/114.0.0.0 Safari/537.36 Vivaldi/5.3.2679.68" 75 **0/75675**
74.7.242.2 - - [26/Mar/2026:05:26:18 -0700] "GET /shopdetail/3847079756.phtml?fileloc=/home/nhqyemt2u0zd/public_html/wp-content/plugins/w3-total-cache/Extension_NewRelic_Widget_View.js&path=/home/nhqyemt2u0zd/public_html/wp-content/plugins/w3-total-cache HTTP/1.1" 200 2898 "http://customcabinetsmass.com/shopdetail/3847079756.phtml?path=/home/nhqyemt2u0zd/public_html/wp-content/plugins/w3-total-cache" "Mozilla/5.0 AppleWebKit/537.36 (KHTML, like Gecko; compatible; GPTBot/1.3; +https://openai.com/gptbot)" 165 **0/165571**
23.27.214.19 - - [26/Mar/2026:05:26:18 -0700] "POST /xmlrpc.php HTTP/1.1" 200 64163 "-" "Mozilla/5.0 (X11; Linux i686) AppleWebKit/537.36 (KHTML, like Gecko) Chrome/114.0.0.0 Safari/537.36 Vivaldi/5.3.2679.68" 58 **0/58851**
57.141.14.98 - - [26/Mar/2026:05:26:19 -0700] "GET /shopdetail/3915778426.phtml?fileloc=//opt/python38/lib/python3.8/unittest/__pycache__/main.cpython-38.opt-1.pyc&path=//opt/python38/lib/python3.8/unittest/__pycache__ HTTP/1.1" 200 12600 "-" "meta-externalagent/1.1 (+https://developers.facebook.com/docs/sharing/webmasters/crawler)" 159 **0/159944**
57.141.14.59 - - [26/Mar/2026:05:26:20 -0700] "GET /shopdetail/4007600688.phtml?fileloc=//lib/python2.7/site-packages/chardet/cp949prober.py&path=//lib/python2.7/site-packages/chardet HTTP/1.1" 200 14333 "-" "meta-externalagent/1.1 (+https://developers.facebook.com/docs/sharing/webmasters/crawler)" 166 **0/166497**
74.7.242.2 - - [26/Mar/2026:05:26:21 -0700] "GET /shopdetail/3847079756.phtml?fileloc=/home/nhqyemt2u0zd/public_html/wp-content/plugins/w3-total-cache/Cdn_RackSpaceCloudFiles_Page_View.js&path=/home/nhqyemt2u0zd/public_html/wp-content/plugins/w3-total-cache HTTP/1.1" 200 2609 "http://customcabinetsmass.com/shopdetail/3847079756.phtml?path=/home/nhqyemt2u0zd/public_html/wp-content/plugins/w3-total-cache" "Mozilla/5.0 AppleWebKit/537.36 (KHTML, like Gecko; compatible; GPTBot/1.3; +https://openai.com/gptbot)" 157 **0/157209**
57.141.14.60 - - [26/Mar/2026:05:26:22 -0700] "GET /shopdetail/2598100328.phtml?fileloc=//opt/alt/libwebp/lib64/libwebpdecoder.so.3.2.0&path=//opt/alt/libwebp/lib64 HTTP/1.1" 200 12407 "-" "meta-externalagent/1.1 (+https://developers.facebook.com/docs/sharing/webmasters/crawler)" 152 **0/152225**
74.7.242.2 - - [26/Mar/2026:05:26:24 -0700] "GET /shopdetail/3847079756.phtml?fileloc=/home/nhqyemt2u0zd/public_html/wp-content/plugins/w3-total-cache/Extension_CloudFlare_View_Comments.js&path=/home/nhqyemt2u0zd/public_html/wp-content/plugins/w3-total-cache HTTP/1.1" 200 2911 "http://customcabinetsmass.com/shopdetail/3847079756.phtml?path=/home/nhqyemt2u0zd/public_html/wp-content/plugins/w3-total-cache" "Mozilla/5.0 AppleWebKit/537.36 (KHTML, like Gecko; compatible; GPTBot/1.3; +https://openai.com/gptbot)" 152 **0/152894**
57.141.14.5 - - [26/Mar/2026:05:26:27 -0700] "GET /shopdetail/3275354551.phtml?fileloc=//lib64/libunbound.so.2.7.18&path=//lib64 HTTP/1.1" 200 12262 "-" "meta-externalagent/1.1 (+https://developers.facebook.com/docs/sharing/webmasters/crawler)" 158 **0/158951**
74.7.242.2 - - [26/Mar/2026:05:26:28 -0700] "GET /shopdetail/3847079756.phtml?fileloc=/home/nhqyemt2u0zd/public_html/wp-content/plugins/w3-total-cache/PgCache_Page_CookieGroups_View.js&path=/home/nhqyemt2u0zd/public_html/wp-content/plugins/w3-total-cache HTTP/1.1" 200 3327 "http://customcabinetsmass.com/shopdetail/3847079756.phtml?path=/home/nhqyemt2u0zd/public_html/wp-content/plugins/w3-total-cache" "Mozilla/5.0 AppleWebKit/537.36 (KHTML, like Gecko; compatible; GPTBot/1.3; +https://openai.com/gptbot)" 150 **0/150520**
57.141.14.52 - - [26/Mar/2026:05:26:28 -0700] "GET /shopdetail/3614653283.phtml?fileloc=/home/nhqyemt2u0zd/www/wp-content/plugins/mailchimp-for-wp/languages/mailchimp-for-wp-sk_SK.po&path=/home/nhqyemt2u0zd/www/wp-content/plugins/mailchimp-for-wp/languages HTTP/1.1" 200 112395 "-" "meta-externalagent/1.1 (+https://developers.facebook.com/docs/sharing/webmasters/crawler)" 174 **0/174275**
57.141.14.64 - - [26/Mar/2026:05:26:30 -0700] "GET /shopdetail/532933553.phtml?fileloc=//lib/python3.6/site-packages/serial/aio.py&path=//lib/python3.6/site-packages/serial HTTP/1.1" 200 28448 "-" "meta-externalagent/1.1 (+https://developers.facebook.com/docs/sharing/webmasters/crawler)" 158 **0/158008**
57.141.14.28 - - [26/Mar/2026:05:26:30 -0700] "GET /shopdetail/532933553.phtml?fileloc=//usr/include/sepol/policydb/polcaps.h&path=//usr/include/sepol/policydb HTTP/1.1" 200 13145 "-" "meta-externalagent/1.1 (+https://developers.facebook.com/docs/sharing/webmasters/crawler)" 155 **0/155783**
57.141.14.44 - - [26/Mar/2026:05:26:31 -0700] "GET /shopdetail/3275354551.phtml?fileloc=//proc/dma&path=//proc HTTP/1.1" 200 12242 "-" "meta-externalagent/1.1 (+https://developers.facebook.com/docs/sharing/webmasters/crawler)" 147 **0/147273**
74.7.242.2 - - [26/Mar/2026:05:26:31 -0700] "GET /shopdetail/3847079756.phtml?fileloc=/home/nhqyemt2u0zd/public_html/wp-content/plugins/w3-total-cache/lib/NetDNA/NetDNAPresentation.php&path=/home/nhqyemt2u0zd/public_html/wp-content/plugins/w3-total-cache/lib/NetDNA HTTP/1.1" 200 2926 "http://customcabinetsmass.com/shopdetail/3847079756.phtml?path=/home/nhqyemt2u0zd/public_html/wp-content/plugins/w3-total-cache/lib/NetDNA" "Mozilla/5.0 AppleWebKit/537.36 (KHTML, like Gecko; compatible; GPTBot/1.3; +https://openai.com/gptbot)" 155 **0/155124**
57.141.14.99 - - [26/Mar/2026:05:26:31 -0700] "GET /shopdetail/802050690.phtml?fileloc=//usr/lib/firmware/radeon/RS690_cp.bin&path=//usr/lib/firmware/radeon HTTP/1.1" 200 12403 "-" "meta-externalagent/1.1 (+https://developers.facebook.com/docs/sharing/webmasters/crawler)" 151 **0/151859**
57.141.14.52 - - [26/Mar/2026:05:26:33 -0700] "GET /shopdetail/532933553.phtml?path=//usr/lib/python3.6/site-packages/chardet-3.0.4-py3.6.egg-info HTTP/1.1" 200 21086 "-" "meta-externalagent/1.1 (+https://developers.facebook.com/docs/sharing/webmasters/crawler)" 151 **0/151830**
57.141.14.9 - - [26/Mar/2026:05:26:33 -0700] "GET /shopdetail/532933553.phtml?path=//usr/lib/python3.6/site-packages/setuptools-39.2.0.dist-info HTTP/1.1" 200 27471 "-" "meta-externalagent/1.1 (+https://developers.facebook.com/docs/sharing/webmasters/crawler)" 168 **0/168274**
74.7.242.2 - - [26/Mar/2026:05:26:34 -0700] "GET /shopdetail/3847079756.phtml?fileloc=/home/nhqyemt2u0zd/public_html/wp-content/plugins/w3-total-cache/lib/NewRelic/NewRelicAPI.php&path=/home/nhqyemt2u0zd/public_html/wp-content/plugins/w3-total-cache/lib/NewRelic HTTP/1.1" 200 4029 "http://customcabinetsmass.com/shopdetail/3847079756.phtml?path=/home/nhqyemt2u0zd/public_html/wp-content/plugins/w3-total-cache/lib/NewRelic" "Mozilla/5.0 AppleWebKit/537.36 (KHTML, like Gecko; compatible; GPTBot/1.3; +https://openai.com/gptbot)" 161 **0/161847**
57.141.14.90 - - [26/Mar/2026:05:26:35 -0700] "GET /shopdetail/802050690.phtml?fileloc=//usr/lib/firmware/cirrus/cs35l56-b0-dsp1-misc-17aa3838-spkid1-ampl.bin&path=//usr/lib/firmware/cirrus HTTP/1.1" 200 12436 "-" "meta-externalagent/1.1 (+https://developers.facebook.com/docs/sharing/webmasters/crawler)" 162 **0/162142**
216.73.216.1 - - [26/Mar/2026:05:26:35 -0700] "GET /online-casino-uden-mitid-sdan-spiller-du-sikkert?fileloc=%2F%2Fproc%2Fthread-self%2Froot%2Fusr%2Fbin%2Fshred&path=%2F%2Fproc%2Fthread-self%2Froot%2Fusr%2Fbin HTTP/1.1" 200 2291 "-" "Mozilla/5.0 AppleWebKit/537.36 (KHTML, like Gecko; compatible; ClaudeBot/1.0; +claudebot@anthropic.com)" 157 **0/157832**
57.141.14.36 - - [26/Mar/2026:05:26:36 -0700] "GET /shopdetail/3421897134.phtml?fileloc=//lib/firmware/ath11k/IPQ8074/hw2.0/q6_fw.mdt&path=//lib/firmware/ath11k/IPQ8074/hw2.0 HTTP/1.1" 200 12488 "-" "meta-externalagent/1.1 (+https://developers.facebook.com/docs/sharing/webmasters/crawler)" 172 **0/172027**
74.7.242.2 - - [26/Mar/2026:05:26:37 -0700] "GET /shopdetail/3847079756.phtml?fileloc=/home/nhqyemt2u0zd/public_html/wp-content/plugins/w3-total-cache/lib/CSSTidy/class.csstidy_optimise.php&path=/home/nhqyemt2u0zd/public_html/wp-content/plugins/w3-total-cache/lib/CSSTidy HTTP/1.1" 200 9388 "http://customcabinetsmass.com/shopdetail/3847079756.phtml?path=/home/nhqyemt2u0zd/public_html/wp-content/plugins/w3-total-cache/lib/CSSTidy" "Mozilla/5.0 AppleWebKit/537.36 (KHTML, like Gecko; compatible; GPTBot/1.3; +https://openai.com/gptbot)" 156 **0/156897**
57.141.14.17 - - [26/Mar/2026:05:26:38 -0700] "GET /shopdetail/802050690.phtml?fileloc=//usr/lib/firmware/cirrus/cs35l57-b2-dsp1-misc-10280db4-spkid1-l3u1.bin&path=//usr/lib/firmware/cirrus HTTP/1.1" 200 12436 "-" "meta-externalagent/1.1 (+https://developers.facebook.com/docs/sharing/webmasters/crawler)" 168 **0/168103**
216.73.216.1 - - [26/Mar/2026:05:26:38 -0700] "GET /online-casino-uden-mitid-sdan-spiller-du-sikkert?fileloc=%2F%2Fproc%2Fthread-self%2Froot%2Fusr%2Fbin%2Fperl5.26.3&path=%2F%2Fproc%2Fthread-self%2Froot%2Fusr%2Fbin HTTP/1.1" 403 3580 "-" "Mozilla/5.0 AppleWebKit/537.36 (KHTML, like Gecko; compatible; ClaudeBot/1.0; +claudebot@anthropic.com)" 152 **0/152458**
57.141.14.52 - - [26/Mar/2026:05:26:40 -0700] "GET /shopdetail/802050690.phtml?fileloc=//usr/lib/firmware/cirrus/cs35l41-dsp1-spk-prot-103c8b63-l0.bin&path=//usr/lib/firmware/cirrus HTTP/1.1" 200 12428 "-" "meta-externalagent/1.1 (+https://developers.facebook.com/docs/sharing/webmasters/crawler)" 157 **0/157399**
74.7.242.2 - - [26/Mar/2026:05:26:40 -0700] "GET /shopdetail/3847079756.phtml?fileloc=/home/nhqyemt2u0zd/public_html/wp-content/plugins/w3-total-cache/lib/CSSTidy/class.csstidy_print.php&path=/home/nhqyemt2u0zd/public_html/wp-content/plugins/w3-total-cache/lib/CSSTidy HTTP/1.1" 200 6141 "http://customcabinetsmass.com/shopdetail/3847079756.phtml?path=/home/nhqyemt2u0zd/public_html/wp-content/plugins/w3-total-cache/lib/CSSTidy" "Mozilla/5.0 AppleWebKit/537.36 (KHTML, like Gecko; compatible; GPTBot/1.3; +https://openai.com/gptbot)" 156 **0/156653**
57.141.14.110 - - [26/Mar/2026:05:26:41 -0700] "GET /shopdetail/3275354551.phtml?fileloc=//bin/composite&path=//bin HTTP/1.1" 200 12245 "-" "meta-externalagent/1.1 (+https://developers.facebook.com/docs/sharing/webmasters/crawler)" 159 **0/159667**
216.73.216.1 - - [26/Mar/2026:05:26:41 -0700] "GET /online-casino-uden-mitid-sdan-spiller-du-sikkert?fileloc=%2F%2Fproc%2Fthread-self%2Froot%2Fusr%2Fbin%2Frnano&path=%2F%2Fproc%2Fthread-self%2Froot%2Fusr%2Fbin HTTP/1.1" 403 3580 "-" "Mozilla/5.0 AppleWebKit/537.36 (KHTML, like Gecko; compatible; ClaudeBot/1.0; +claudebot@anthropic.com)" 150 **0/150732**
57.141.14.79 - - [26/Mar/2026:05:26:42 -0700] "GET /shopdetail/3614653283.phtml?fileloc=/home/nhqyemt2u0zd/www/wp-content/plugins/laravel-janet/sources/nanoapping-pentaapiable.txt&path=/home/nhqyemt2u0zd/www/wp-content/plugins/laravel-janet/sources HTTP/1.1" 200 14019 "-" "meta-externalagent/1.1 (+https://developers.facebook.com/docs/sharing/webmasters/crawler)" 150 **0/150783**
74.7.242.2 - - [26/Mar/2026:05:26:43 -0700] "GET /shopdetail/3847079756.phtml?path=/home/nhqyemt2u0zd/public_html/wp-content/plugins/yoast-test-helper/assets/css HTTP/1.1" 200 2636 "http://customcabinetsmass.com/shopdetail/3847079756.phtml?path=/home/nhqyemt2u0zd/public_html/wp-content/plugins/yoast-test-helper/assets" "Mozilla/5.0 AppleWebKit/537.36 (KHTML, like Gecko; compatible; GPTBot/1.3; +https://openai.com/gptbot)" 156 **0/156623**
57.141.14.80 - - [26/Mar/2026:05:26:44 -0700] "GET /shopdetail/802050690.phtml?fileloc=//usr/lib/firmware/cirrus/cs35l56-b0-dsp1-misc-10431c63-spkid1.wmfw&path=//usr/lib/firmware/cirrus HTTP/1.1" 403 64163 "-" "meta-externalagent/1.1 (+https://developers.facebook.com/docs/sharing/webmasters/crawler)" 152 **0/152733**
216.73.216.1 - - [26/Mar/2026:05:26:44 -0700] "GET /online-casino-uden-mitid-sdan-spiller-du-sikkert?fileloc=%2F%2Fproc%2Fthread-self%2Froot%2Fusr%2Fbin%2Flibnetcfg&path=%2F%2Fproc%2Fthread-self%2Froot%2Fusr%2Fbin HTTP/1.1" 403 3580 "-" "Mozilla/5.0 AppleWebKit/537.36 (KHTML, like Gecko; compatible; ClaudeBot/1.0; +claudebot@anthropic.com)" 153 **0/153864**
57.141.14.110 - - [26/Mar/2026:05:26:45 -0700] "GET /shopdetail/802050690.phtml?fileloc=//usr/lib/firmware/ar3k/AthrBT_0x01020001.dfu&path=//usr/lib/firmware/ar3k HTTP/1.1" 403 64163 "-" "meta-externalagent/1.1 (+https://developers.facebook.com/docs/sharing/webmasters/crawler)" 152 **0/152335**
57.141.14.51 - - [26/Mar/2026:05:26:45 -0700] "GET /shopdetail/3275354551.phtml?path=//opt/suphp HTTP/1.1" 403 64163 "-" "meta-externalagent/1.1 (+https://developers.facebook.com/docs/sharing/webmasters/crawler)" 143 **0/143734**
57.141.14.5 - - [26/Mar/2026:05:26:46 -0700] "GET /shopdetail/3275354551.phtml?fileloc=//lib64/libgdk_pixbuf-2.0.so.0&path=//lib64 HTTP/1.1" 403 64163 "-" "meta-externalagent/1.1 (+https://developers.facebook.com/docs/sharing/webmasters/crawler)" 158 **0/158266**
57.141.14.111 - - [26/Mar/2026:05:26:46 -0700] "GET /shopdetail/802050690.phtml?fileloc=//usr/lib/firmware/cirrus/cs35l41-dsp1-spk-prot-17aa38c7-spkid0-r1.bin&path=//usr/lib/firmware/cirrus HTTP/1.1" 403 64163 "-" "meta-externalagent/1.1 (+https://developers.facebook.com/docs/sharing/webmasters/crawler)" 143 **0/143840**
74.7.242.2 - - [26/Mar/2026:05:26:46 -0700] "GET /shopdetail/3847079756.phtml?fileloc=/home/nhqyemt2u0zd/public_html/wp-content/plugins/w3-total-cache/lib/NetDNA/NetDNA.php&path=/home/nhqyemt2u0zd/public_html/wp-content/plugins/w3-total-cache/lib/NetDNA HTTP/1.1" 200 5045 "http://customcabinetsmass.com/shopdetail/3847079756.phtml?path=/home/nhqyemt2u0zd/public_html/wp-content/plugins/w3-total-cache/lib/NetDNA" "Mozilla/5.0 AppleWebKit/537.36 (KHTML, like Gecko; compatible; GPTBot/1.3; +https://openai.com/gptbot)" 150 **0/150415**
216.73.216.1 - - [26/Mar/2026:05:26:47 -0700] "GET /online-casino-uden-mitid-sdan-spiller-du-sikkert?fileloc=%2F%2Fproc%2Fthread-self%2Froot%2Fusr%2Finclude%2Fselinux%2Frestorecon.h&path=%2F%2Fproc%2Fthread-self%2Froot%2Fusr%2Finclude%2Fselinux HTTP/1.1" 403 3580 "-" "Mozilla/5.0 AppleWebKit/537.36 (KHTML, like Gecko; compatible; ClaudeBot/1.0; +claudebot@anthropic.com)" 151 **0/151097**
74.7.242.2 - - [26/Mar/2026:05:26:50 -0700] "GET /shopdetail/3847079756.phtml?fileloc=/home/nhqyemt2u0zd/public_html/wp-content/plugins/w3-total-cache/lib/CSSTidy/class.csstidy.php&path=/home/nhqyemt2u0zd/public_html/wp-content/plugins/w3-total-cache/lib/CSSTidy HTTP/1.1" 200 11546 "http://customcabinetsmass.com/shopdetail/3847079756.phtml?path=/home/nhqyemt2u0zd/public_html/wp-content/plugins/w3-total-cache/lib/CSSTidy" "Mozilla/5.0 AppleWebKit/537.36 (KHTML, like Gecko; compatible; GPTBot/1.3; +https://openai.com/gptbot)" 172 **0/172576**
57.141.14.89 - - [26/Mar/2026:05:26:50 -0700] "GET /shopdetail/3275354551.phtml?fileloc=//lib64/libsz.so.2&path=//lib64 HTTP/1.1" 403 64163 "-" "meta-externalagent/1.1 (+https://developers.facebook.com/docs/sharing/webmasters/crawler)" 146 **0/146464**
216.73.216.1 - - [26/Mar/2026:05:26:50 -0700] "GET /online-casino-uden-mitid-sdan-spiller-du-sikkert?path=%2F%2Fproc%2Fthread-self%2Froot%2Flib%2FNetworkManager%2FVPN HTTP/1.1" 403 3580 "-" "Mozilla/5.0 AppleWebKit/537.36 (KHTML, like Gecko; compatible; ClaudeBot/1.0; +claudebot@anthropic.com)" 160 **0/160090**
57.141.14.110 - - [26/Mar/2026:05:26:51 -0700] "GET /shopdetail/3275354551.phtml?fileloc=//lib64/libndp.so.0&path=//lib64 HTTP/1.1" 403 64163 "-" "meta-externalagent/1.1 (+https://developers.facebook.com/docs/sharing/webmasters/crawler)" 152 **0/152985**
74.7.242.2 - - [26/Mar/2026:05:26:53 -0700] "GET /shopdetail/3847079756.phtml?fileloc=/home/nhqyemt2u0zd/public_html/wp-content/plugins/w3-total-cache/lib/CSSTidy/index.html&path=/home/nhqyemt2u0zd/public_html/wp-content/plugins/w3-total-cache/lib/CSSTidy HTTP/1.1" 200 2320 "http://customcabinetsmass.com/shopdetail/3847079756.phtml?path=/home/nhqyemt2u0zd/public_html/wp-content/plugins/w3-total-cache/lib/CSSTidy" "Mozilla/5.0 AppleWebKit/537.36 (KHTML, like Gecko; compatible; GPTBot/1.3; +https://openai.com/gptbot)" 151 **0/151184**
57.141.14.24 - - [26/Mar/2026:05:26:53 -0700] "GET /shopdetail/3614653283.phtml?fileloc=/home/nhqyemt2u0zd/www/wp-content/plugins/mailchimp-for-wp/languages/mailchimp-for-wp.pot&path=/home/nhqyemt2u0zd/www/wp-content/plugins/mailchimp-for-wp/languages HTTP/1.1" 403 64163 "-" "meta-externalagent/1.1 (+https://developers.facebook.com/docs/sharing/webmasters/crawler)" 156 **0/156448**
57.141.14.60 - - [26/Mar/2026:05:26:54 -0700] "GET /shopdetail/3614653283.phtml?fileloc=/home/nhqyemt2u0zd/www/wp-content/plugins/mailchimp-for-wp/languages/mailchimp-for-wp-zh_CN.mo&path=/home/nhqyemt2u0zd/www/wp-content/plugins/mailchimp-for-wp/languages HTTP/1.1" 403 64163 "-" "meta-externalagent/1.1 (+https://developers.facebook.com/docs/sharing/webmasters/crawler)" 150 **0/150817**
74.7.242.2 - - [26/Mar/2026:05:26:56 -0700] "GET /shopdetail/3847079756.phtml?fileloc=/home/nhqyemt2u0zd/public_html/wp-content/plugins/w3-total-cache/Extension_CloudFlare_Widget_Logo.png&path=/home/nhqyemt2u0zd/public_html/wp-content/plugins/w3-total-cache HTTP/1.1" 200 2322 "http://customcabinetsmass.com/shopdetail/3847079756.phtml?path=/home/nhqyemt2u0zd/public_html/wp-content/plugins/w3-total-cache" "Mozilla/5.0 AppleWebKit/537.36 (KHTML, like Gecko; compatible; GPTBot/1.3; +https://openai.com/gptbot)" 155 **0/155824**
57.141.14.52 - - [26/Mar/2026:05:26:56 -0700] "GET /shopdetail/4007600688.phtml?fileloc=//lib64/ImageMagick-6.9.13/modules-Q16/coders/tga.so&path=//lib64/ImageMagick-6.9.13/modules-Q16/coders HTTP/1.1" 403 64163 "-" "meta-externalagent/1.1 (+https://developers.facebook.com/docs/sharing/webmasters/crawler)" 149 **0/149474**
216.73.216.1 - - [26/Mar/2026:05:26:56 -0700] "GET /online-casino-uden-mitid-sdan-spiller-du-sikkert?path=%2F%2Fproc%2Fthread-self%2Froot%2Flib%2F.build-id%2F39 HTTP/1.1" 403 3580 "-" "Mozilla/5.0 AppleWebKit/537.36 (KHTML, like Gecko; compatible; ClaudeBot/1.0; +claudebot@anthropic.com)" 172 **0/172609**
57.141.14.68 - - [26/Mar/2026:05:26:56 -0700] "GET /shopdetail/802050690.phtml?fileloc=//usr/lib/firmware/cirrus/cs35l41-dsp1-spk-prot-103c898f.bin&path=//usr/lib/firmware/cirrus HTTP/1.1" 403 64163 "-" "meta-externalagent/1.1 (+https://developers.facebook.com/docs/sharing/webmasters/crawler)" 156 **0/156677**
57.141.14.112 - - [26/Mar/2026:05:26:58 -0700] "GET /shopdetail/3212480623.phtml?path=//var/lib/spamassassin/compiled HTTP/1.1" 403 64163 "-" "meta-externalagent/1.1 (+https://developers.facebook.com/docs/sharing/webmasters/crawler)" 148 **0/148415**
216.73.216.1 - - [26/Mar/2026:05:26:59 -0700] "GET /online-casino-uden-mitid-sdan-spiller-du-sikkert?path=%2F%2Fproc%2Fthread-self%2Froot%2Flib%2F.build-id%2F91 HTTP/1.1" 403 3580 "-" "Mozilla/5.0 AppleWebKit/537.36 (KHTML, like Gecko; compatible; ClaudeBot/1.0; +claudebot@anthropic.com)" 159 **0/159979**
57.141.14.61 - - [26/Mar/2026:05:26:59 -0700] "GET /shopdetail/3275354551.phtml?fileloc=//bin/arpaname&path=//bin HTTP/1.1" 403 64163 "-" "meta-externalagent/1.1 (+https://developers.facebook.com/docs/sharing/webmasters/crawler)" 169 **0/169939**
74.7.242.2 - - [26/Mar/2026:05:26:59 -0700] "GET /shopdetail/4163698538.phtml?path=/home/nhqyemt2u0zd/public_html/wp-content/upgrade/wp_script_loader_cache HTTP/1.1" 200 2684 "http://customcabinetsmass.com/shopdetail/4163698538.phtml?path=/home/nhqyemt2u0zd/public_html/wp-content/upgrade" "Mozilla/5.0 AppleWebKit/537.36 (KHTML, like Gecko; compatible; GPTBot/1.3; +https://openai.com/gptbot)" 175 **0/175528**
57.141.14.33 - - [26/Mar/2026:05:27:01 -0700] "GET /shopdetail/3275354551.phtml?fileloc=//bin/gpgsplit&path=//bin HTTP/1.1" 403 64163 "-" "meta-externalagent/1.1 (+https://developers.facebook.com/docs/sharing/webmasters/crawler)" 157 **0/157323**
57.141.14.62 - - [26/Mar/2026:05:27:01 -0700] "GET /shopdetail/3275354551.phtml?fileloc=//bin/splain&path=//bin HTTP/1.1" 403 64163 "-" "meta-externalagent/1.1 (+https://developers.facebook.com/docs/sharing/webmasters/crawler)" 231 **0/231099**
216.73.216.1 - - [26/Mar/2026:05:27:02 -0700] "GET /online-casino-uden-mitid-sdan-spiller-du-sikkert?path=%2F%2Fproc%2Fthread-self%2Froot%2Flib%2F.build-id%2Fe8 HTTP/1.1" 403 3580 "-" "Mozilla/5.0 AppleWebKit/537.36 (KHTML, like Gecko; compatible; ClaudeBot/1.0; +claudebot@anthropic.com)" 201 **0/201479**
74.7.242.2 - - [26/Mar/2026:05:27:02 -0700] "GET /shopdetail/3847079756.phtml?path=/home/nhqyemt2u0zd/public_html/wp-content/upgrade/wp_script_loader_cache HTTP/1.1" 200 2684 "http://customcabinetsmass.com/shopdetail/3847079756.phtml?path=/home/nhqyemt2u0zd/public_html/wp-content/upgrade" "Mozilla/5.0 AppleWebKit/537.36 (KHTML, like Gecko; compatible; GPTBot/1.3; +https://openai.com/gptbot)" 167 **0/167127**
57.141.14.98 - - [26/Mar/2026:05:27:03 -0700] "GET /shopdetail/3275354551.phtml?fileloc=//lib64/libfdisk.so.1&path=//lib64 HTTP/1.1" 403 64163 "-" "meta-externalagent/1.1 (+https://developers.facebook.com/docs/sharing/webmasters/crawler)" 168 **0/168170**
216.73.216.1 - - [26/Mar/2026:05:27:05 -0700] "GET /online-casino-uden-mitid-sdan-spiller-du-sikkert?path=%2F%2Fproc%2Fthread-self%2Froot%2Flib%2F.build-id%2F58 HTTP/1.1" 403 3580 "-" "Mozilla/5.0 AppleWebKit/537.36 (KHTML, like Gecko; compatible; ClaudeBot/1.0; +claudebot@anthropic.com)" 177 **0/177386**
74.7.242.2 - - [26/Mar/2026:05:27:05 -0700] "GET /shopdetail/4183986671.phtml?path=/home/nhqyemt2u0zd/public_html/wp-content/upgrade/wp_script_loader_cache HTTP/1.1" 200 2684 "http://customcabinetsmass.com/shopdetail/4183986671.phtml?path=/home/nhqyemt2u0zd/public_html/wp-content/upgrade" "Mozilla/5.0 AppleWebKit/537.36 (KHTML, like Gecko; compatible; GPTBot/1.3; +https://openai.com/gptbot)" 155 **0/155568**
57.141.14.6 - - [26/Mar/2026:05:27:06 -0700] "GET /shopdetail/3614653283.phtml?fileloc=/home/nhqyemt2u0zd/www/wp-content/plugins/gallery-1773206074/templates/index.php&path=/home/nhqyemt2u0zd/www/wp-content/plugins/gallery-1773206074/templates HTTP/1.1" 403 64163 "-" "meta-externalagent/1.1 (+https://developers.facebook.com/docs/sharing/webmasters/crawler)" 158 **0/158937**
216.73.216.1 - - [26/Mar/2026:05:27:08 -0700] "GET /online-casino-uden-mitid-sdan-spiller-du-sikkert?path=%2F%2Fproc%2Fthread-self%2Froot%2Flib%2F.build-id%2F12 HTTP/1.1" 403 3580 "-" "Mozilla/5.0 AppleWebKit/537.36 (KHTML, like Gecko; compatible; ClaudeBot/1.0; +claudebot@anthropic.com)" 163 **0/163940**
74.7.242.2 - - [26/Mar/2026:05:27:08 -0700] "GET /shopdetail/3847079756.phtml?fileloc=/home/nhqyemt2u0zd/public_html/wp-content/plugins/w3-total-cache/Cdnfsd_StackPath2_Popup_View_Intro.php&path=/home/nhqyemt2u0zd/public_html/wp-content/plugins/w3-total-cache HTTP/1.1" 200 2860 "http://customcabinetsmass.com/shopdetail/3847079756.phtml?path=/home/nhqyemt2u0zd/public_html/wp-content/plugins/w3-total-cache" "Mozilla/5.0 AppleWebKit/537.36 (KHTML, like Gecko; compatible; GPTBot/1.3; +https://openai.com/gptbot)" 155 **0/155888**
57.141.14.76 - - [26/Mar/2026:05:27:09 -0700] "GET /shopdetail/3915778426.phtml?path=//usr/lib/firmware/qcom/sm8250/Thundercomm/RB5 HTTP/1.1" 403 64163 "-" "meta-externalagent/1.1 (+https://developers.facebook.com/docs/sharing/webmasters/crawler)" 263 **0/263857**
57.141.14.80 - - [26/Mar/2026:05:27:10 -0700] "GET /shopdetail/802050690.phtml?fileloc=//usr/lib/firmware/cirrus/cs35l41-dsp1-spk-prot-103c8c16-spkid0-r0.bin&path=//usr/lib/firmware/cirrus HTTP/1.1" 403 64163 "-" "meta-externalagent/1.1 (+https://developers.facebook.com/docs/sharing/webmasters/crawler)" 152 **0/152200**
57.141.14.107 - - [26/Mar/2026:05:27:10 -0700] "GET /shopdetail/3275354551.phtml?fileloc=//bin/gunzip&path=//bin HTTP/1.1" 403 64163 "-" "meta-externalagent/1.1 (+https://developers.facebook.com/docs/sharing/webmasters/crawler)" 152 **0/152496**
216.73.216.1 - - [26/Mar/2026:05:27:11 -0700] "GET /online-casino-uden-mitid-sdan-spiller-du-sikkert?path=%2F%2Fproc%2Fthread-self%2Froot%2Flib%2F.build-id%2F62 HTTP/1.1" 403 3580 "-" "Mozilla/5.0 AppleWebKit/537.36 (KHTML, like Gecko; compatible; ClaudeBot/1.0; +claudebot@anthropic.com)" 160 **0/160608**
57.141.14.63 - - [26/Mar/2026:05:27:11 -0700] "GET /shopdetail/3275354551.phtml?fileloc=//lib64/libcroco-0.6.so.3&path=//lib64 HTTP/1.1" 403 64163 "-" "meta-externalagent/1.1 (+https://developers.facebook.com/docs/sharing/webmasters/crawler)" 152 **0/152022**
74.7.242.2 - - [26/Mar/2026:05:27:12 -0700] "GET /shopdetail/3847079756.phtml?fileloc=/home/nhqyemt2u0zd/public_html/wp-content/plugins/w3-total-cache/Cdn_RackSpaceCdn_Popup_View_Intro.php&path=/home/nhqyemt2u0zd/public_html/wp-content/plugins/w3-total-cache HTTP/1.1" 200 2822 "http://customcabinetsmass.com/shopdetail/3847079756.phtml?path=/home/nhqyemt2u0zd/public_html/wp-content/plugins/w3-total-cache" "Mozilla/5.0 AppleWebKit/537.36 (KHTML, like Gecko; compatible; GPTBot/1.3; +https://openai.com/gptbot)" 154 **0/154996**
57.141.14.19 - - [26/Mar/2026:05:27:13 -0700] "GET /shopdetail/3275354551.phtml?fileloc=//lib64/libbasicobjects.so.0.1.0&path=//lib64 HTTP/1.1" 403 64163 "-" "meta-externalagent/1.1 (+https://developers.facebook.com/docs/sharing/webmasters/crawler)" 168 **0/168183**
216.73.216.1 - - [26/Mar/2026:05:27:14 -0700] "GET /bc-game-787650231?fileloc=%2F%2Fproc%2Fsys%2Fnet%2Fipv4%2Ftcp_allowed_congestion_control&path=%2F%2Fproc%2Fsys%2Fnet%2Fipv4 HTTP/1.1" 403 3580 "-" "Mozilla/5.0 AppleWebKit/537.36 (KHTML, like Gecko; compatible; ClaudeBot/1.0; +claudebot@anthropic.com)" 154 **0/154156**
57.141.14.11 - - [26/Mar/2026:05:27:15 -0700] "GET /shopdetail/532933553.phtml?fileloc=//lib/python3.6/site-packages/cloudinit/log.py&path=//lib/python3.6/site-packages/cloudinit HTTP/1.1" 403 64163 "-" "meta-externalagent/1.1 (+https://developers.facebook.com/docs/sharing/webmasters/crawler)" 145 **0/145620**
74.7.242.2 - - [26/Mar/2026:05:27:15 -0700] "GET /shopdetail/3847079756.phtml?fileloc=/home/nhqyemt2u0zd/public_html/wp-content/plugins/w3-total-cache/Extension_NewRelic_Page_View_Apm.php&path=/home/nhqyemt2u0zd/public_html/wp-content/plugins/w3-total-cache HTTP/1.1" 200 4747 "http://customcabinetsmass.com/shopdetail/3847079756.phtml?path=/home/nhqyemt2u0zd/public_html/wp-content/plugins/w3-total-cache" "Mozilla/5.0 AppleWebKit/537.36 (KHTML, like Gecko; compatible; GPTBot/1.3; +https://openai.com/gptbot)" 152 **0/152606**
57.141.14.56 - - [26/Mar/2026:05:27:16 -0700] "GET /shopdetail/4007600688.phtml?fileloc=//lib/python2.7/site-packages/chardet/compat.pyo&path=//lib/python2.7/site-packages/chardet HTTP/1.1" 403 64163 "-" "meta-externalagent/1.1 (+https://developers.facebook.com/docs/sharing/webmasters/crawler)" 156 **0/156723**
216.73.216.1 - - [26/Mar/2026:05:27:17 -0700] "GET /bc-game-787650231?fileloc=%2F%2Fproc%2Fsys%2Fnet%2Fipv4%2Ftcp_tw_reuse&path=%2F%2Fproc%2Fsys%2Fnet%2Fipv4 HTTP/1.1" 403 3580 "-" "Mozilla/5.0 AppleWebKit/537.36 (KHTML, like Gecko; compatible; ClaudeBot/1.0; +claudebot@anthropic.com)" 162 **0/162897**
57.141.14.41 - - [26/Mar/2026:05:27:18 -0700] "GET /shopdetail/2069673203.phtml?fileloc=//lib64/python2.7/Demo/rpc/nfsclient.pyo&path=//lib64/python2.7/Demo/rpc HTTP/1.1" 403 64163 "-" "meta-externalagent/1.1 (+https://developers.facebook.com/docs/sharing/webmasters/crawler)" 149 **0/149304**
74.7.242.2 - - [26/Mar/2026:05:27:18 -0700] "GET /shopdetail/3847079756.phtml?fileloc=/home/nhqyemt2u0zd/public_html/wp-content/plugins/w3-total-cache/Cdnfsd_CloudFront_Page_View.php&path=/home/nhqyemt2u0zd/public_html/wp-content/plugins/w3-total-cache HTTP/1.1" 200 2953 "http://customcabinetsmass.com/shopdetail/3847079756.phtml?path=/home/nhqyemt2u0zd/public_html/wp-content/plugins/w3-total-cache" "Mozilla/5.0 AppleWebKit/537.36 (KHTML, like Gecko; compatible; GPTBot/1.3; +https://openai.com/gptbot)" 164 **0/164259**
216.73.216.1 - - [26/Mar/2026:05:27:20 -0700] "GET /online-casino-uden-mitid-sdan-spiller-du-sikkert?path=%2F%2Fproc%2Fthread-self%2Froot%2Fopt%2Falt%2Ftests%2Falt-php84-pecl-rar_4.2.0-3.el8 HTTP/1.1" 200 2612 "-" "Mozilla/5.0 AppleWebKit/537.36 (KHTML, like Gecko; compatible; ClaudeBot/1.0; +claudebot@anthropic.com)" 155 **0/155690**
74.7.242.2 - - [26/Mar/2026:05:27:21 -0700] "GET /shopdetail/3847079756.phtml?fileloc=/home/nhqyemt2u0zd/public_html/wp-content/plugins/w3-total-cache/Cdnfsd_MaxCdn_Page_View.php&path=/home/nhqyemt2u0zd/public_html/wp-content/plugins/w3-total-cache HTTP/1.1" 200 2945 "http://customcabinetsmass.com/shopdetail/3847079756.phtml?path=/home/nhqyemt2u0zd/public_html/wp-content/plugins/w3-total-cache" "Mozilla/5.0 AppleWebKit/537.36 (KHTML, like Gecko; compatible; GPTBot/1.3; +https://openai.com/gptbot)" 161 **0/161955**
216.73.216.1 - - [26/Mar/2026:05:27:23 -0700] "GET /online-casino-uden-mitid-sdan-spiller-du-sikkert?path=%2F%2Fproc%2Fthread-self%2Froot%2Flib%2F.build-id%2F95 HTTP/1.1" 200 3144 "-" "Mozilla/5.0 AppleWebKit/537.36 (KHTML, like Gecko; compatible; ClaudeBot/1.0; +claudebot@anthropic.com)" 170 **0/170576**
57.141.14.38 - - [26/Mar/2026:05:27:24 -0700] "GET /shopdetail/802050690.phtml?fileloc=//usr/lib/firmware/rtlwifi/rtl8723bu_ap_wowlan.bin&path=//usr/lib/firmware/rtlwifi HTTP/1.1" 403 64163 "-" "meta-externalagent/1.1 (+https://developers.facebook.com/docs/sharing/webmasters/crawler)" 163 **0/163031**
74.7.242.2 - - [26/Mar/2026:05:27:24 -0700] "GET /shopdetail/3847079756.phtml?fileloc=/home/nhqyemt2u0zd/public_html/wp-content/plugins/w3-total-cache/Cdnfsd_StackPath2_Page_View.php&path=/home/nhqyemt2u0zd/public_html/wp-content/plugins/w3-total-cache HTTP/1.1" 200 2945 "http://customcabinetsmass.com/shopdetail/3847079756.phtml?path=/home/nhqyemt2u0zd/public_html/wp-content/plugins/w3-total-cache" "Mozilla/5.0 AppleWebKit/537.36 (KHTML, like Gecko; compatible; GPTBot/1.3; +https://openai.com/gptbot)" 165 **0/165768**
57.141.14.36 - - [26/Mar/2026:05:27:24 -0700] "GET /shopdetail/3275354551.phtml?fileloc=//lib64/libxtables.so.12&path=//lib64 HTTP/1.1" 403 64163 "-" "meta-externalagent/1.1 (+https://developers.facebook.com/docs/sharing/webmasters/crawler)" 189 **0/189591**
216.73.216.1 - - [26/Mar/2026:05:27:26 -0700] "GET /online-casino-uden-mitid-sdan-spiller-du-sikkert?path=%2F%2Fproc%2Fthread-self%2Froot%2Flib%2F.build-id%2F18 HTTP/1.1" 200 3519 "-" "Mozilla/5.0 AppleWebKit/537.36 (KHTML, like Gecko; compatible; ClaudeBot/1.0; +claudebot@anthropic.com)" 156 **0/156511**
57.141.14.52 - - [26/Mar/2026:05:27:26 -0700] "GET /shopdetail/3275354551.phtml?path=//opt/cyberark HTTP/1.1" 403 64163 "-" "meta-externalagent/1.1 (+https://developers.facebook.com/docs/sharing/webmasters/crawler)" 149 **0/149631**
74.7.242.2 - - [26/Mar/2026:05:27:27 -0700] "GET /shopdetail/3847079756.phtml?fileloc=/home/nhqyemt2u0zd/public_html/wp-content/plugins/w3-total-cache/Cdnfsd_MaxCdn_Popup_View_Success.php&path=/home/nhqyemt2u0zd/public_html/wp-content/plugins/w3-total-cache HTTP/1.1" 200 2740 "http://customcabinetsmass.com/shopdetail/3847079756.phtml?path=/home/nhqyemt2u0zd/public_html/wp-content/plugins/w3-total-cache" "Mozilla/5.0 AppleWebKit/537.36 (KHTML, like Gecko; compatible; GPTBot/1.3; +https://openai.com/gptbot)" 155 **0/155939**
216.73.216.1 - - [26/Mar/2026:05:27:29 -0700] "GET /online-casino-uden-mitid-sdan-spiller-du-sikkert?path=%2F%2Fproc%2Fthread-self%2Froot%2Fopt%2Falt%2Ftests%2Falt-php81-pecl-psr_1.2.0-1.el8 HTTP/1.1" 200 2612 "-" "Mozilla/5.0 AppleWebKit/537.36 (KHTML, like Gecko; compatible; ClaudeBot/1.0; +claudebot@anthropic.com)" 168 **0/168344**
57.141.14.29 - - [26/Mar/2026:05:27:30 -0700] "GET /shopdetail/3275354551.phtml?fileloc=//bin/patch&path=//bin HTTP/1.1" 403 64163 "-" "meta-externalagent/1.1 (+https://developers.facebook.com/docs/sharing/webmasters/crawler)" 161 **0/161244**
57.141.14.52 - - [26/Mar/2026:05:27:30 -0700] "GET /shopdetail/802050690.phtml?fileloc=//usr/lib/firmware/cirrus/cs35l41-dsp1-spk-prot-17aa2318-r0.bin&path=//usr/lib/firmware/cirrus HTTP/1.1" 403 64163 "-" "meta-externalagent/1.1 (+https://developers.facebook.com/docs/sharing/webmasters/crawler)" 168 **0/168272**
57.141.14.52 - - [26/Mar/2026:05:27:30 -0700] "GET /shopdetail/3915778426.phtml?path=//opt/python38/lib/python3.8/ctypes/macholib/__pycache__ HTTP/1.1" 403 64163 "-" "meta-externalagent/1.1 (+https://developers.facebook.com/docs/sharing/webmasters/crawler)" 173 **0/173932**
74.7.242.2 - - [26/Mar/2026:05:27:30 -0700] "GET /shopdetail/3847079756.phtml?fileloc=/home/nhqyemt2u0zd/public_html/wp-content/plugins/w3-total-cache/Extension_NewRelic_Widget_View_Apm.php&path=/home/nhqyemt2u0zd/public_html/wp-content/plugins/w3-total-cache HTTP/1.1" 200 3030 "http://customcabinetsmass.com/shopdetail/3847079756.phtml?path=/home/nhqyemt2u0zd/public_html/wp-content/plugins/w3-total-cache" "Mozilla/5.0 AppleWebKit/537.36 (KHTML, like Gecko; compatible; GPTBot/1.3; +https://openai.com/gptbot)" 158 **0/158042**
57.141.14.36 - - [26/Mar/2026:05:27:32 -0700] "GET /shopdetail/802050690.phtml?fileloc=//usr/lib/firmware/cirrus/cs35l56-b0-dsp1-misc-10280ce3-spkid3-ampr.bin&path=//usr/lib/firmware/cirrus HTTP/1.1" 403 64163 "-" "meta-externalagent/1.1 (+https://developers.facebook.com/docs/sharing/webmasters/crawler)" 161 **0/161319**
216.73.216.1 - - [26/Mar/2026:05:27:32 -0700] "GET /online-casino-uden-mitid-sdan-spiller-du-sikkert?fileloc=%2F%2Fproc%2Fthread-self%2Froot%2Flib%2Fgrub%2Fi386-pc%2Fgmodule.pl&path=%2F%2Fproc%2Fthread-self%2Froot%2Flib%2Fgrub%2Fi386-pc HTTP/1.1" 200 2680 "-" "Mozilla/5.0 AppleWebKit/537.36 (KHTML, like Gecko; compatible; ClaudeBot/1.0; +claudebot@anthropic.com)" 163 **0/163753**
74.7.242.2 - - [26/Mar/2026:05:27:34 -0700] "GET /shopdetail/3847079756.phtml?fileloc=/home/nhqyemt2u0zd/public_html/wp-content/plugins/w3-total-cache/Cdn_MaxCdn_Popup_View_Success.php&path=/home/nhqyemt2u0zd/public_html/wp-content/plugins/w3-total-cache HTTP/1.1" 200 2588 "http://customcabinetsmass.com/shopdetail/3847079756.phtml?path=/home/nhqyemt2u0zd/public_html/wp-content/plugins/w3-total-cache" "Mozilla/5.0 AppleWebKit/537.36 (KHTML, like Gecko; compatible; GPTBot/1.3; +https://openai.com/gptbot)" 153 **0/153307**
57.141.14.54 - - [26/Mar/2026:05:27:34 -0700] "GET /shopdetail/2069673203.phtml?fileloc=//opt/cpanel/ea-brotli/lib64/libbrotlidec.so.1&path=//opt/cpanel/ea-brotli/lib64 HTTP/1.1" 403 64163 "-" "meta-externalagent/1.1 (+https://developers.facebook.com/docs/sharing/webmasters/crawler)" 173 **0/173224**
216.73.216.1 - - [26/Mar/2026:05:27:35 -0700] "GET /online-casino-uden-mitid-sdan-spiller-du-sikkert?path=%2F%2Fproc%2Fthread-self%2Froot%2Fopt%2Falt%2Ftests%2Falt-php84-pecl-amqp_2.1.2-1.el8 HTTP/1.1" 200 2615 "-" "Mozilla/5.0 AppleWebKit/537.36 (KHTML, like Gecko; compatible; ClaudeBot/1.0; +claudebot@anthropic.com)" 161 **0/161875**
57.141.14.52 - - [26/Mar/2026:05:27:35 -0700] "GET /shopdetail/4007600688.phtml?fileloc=//lib/python2.7/site-packages/idna/uts46data.pyc&path=//lib/python2.7/site-packages/idna HTTP/1.1" 403 64163 "-" "meta-externalagent/1.1 (+https://developers.facebook.com/docs/sharing/webmasters/crawler)" 157 **0/157144**
74.7.242.2 - - [26/Mar/2026:05:27:37 -0700] "GET /shopdetail/3847079756.phtml?fileloc=/home/nhqyemt2u0zd/public_html/wp-content/plugins/w3-total-cache/Cdnfsd_StackPath_Popup_View_Intro.php&path=/home/nhqyemt2u0zd/public_html/wp-content/plugins/w3-total-cache HTTP/1.1" 200 2841 "http://customcabinetsmass.com/shopdetail/3847079756.phtml?path=/home/nhqyemt2u0zd/public_html/wp-content/plugins/w3-total-cache" "Mozilla/5.0 AppleWebKit/537.36 (KHTML, like Gecko; compatible; GPTBot/1.3; +https://openai.com/gptbot)" 182 **0/182922**
57.141.14.80 - - [26/Mar/2026:05:27:37 -0700] "GET /shopdetail/4007600688.phtml?fileloc=//lib64/ImageMagick-6.9.13/modules-Q16/coders/xcf.so&path=//lib64/ImageMagick-6.9.13/modules-Q16/coders HTTP/1.1" 403 64163 "-" "meta-externalagent/1.1 (+https://developers.facebook.com/docs/sharing/webmasters/crawler)" 168 **0/168627**
216.73.216.1 - - [26/Mar/2026:05:27:38 -0700] "GET /online-casino-uden-mitid-sdan-spiller-du-sikkert?path=%2F%2Fproc%2Fthread-self%2Froot%2Flib%2F.build-id%2F23 HTTP/1.1" 200 3538 "-" "Mozilla/5.0 AppleWebKit/537.36 (KHTML, like Gecko; compatible; ClaudeBot/1.0; +claudebot@anthropic.com)" 171 **0/171200**
57.141.14.5 - - [26/Mar/2026:05:27:40 -0700] "GET /shopdetail/2069673203.phtml?fileloc=//lib64/python2.7/Demo/pdist/mac.pyc&path=//lib64/python2.7/Demo/pdist HTTP/1.1" 403 64163 "-" "meta-externalagent/1.1 (+https://developers.facebook.com/docs/sharing/webmasters/crawler)" 167 **0/167488**
74.7.242.2 - - [26/Mar/2026:05:27:40 -0700] "GET /shopdetail/3847079756.phtml?fileloc=/home/nhqyemt2u0zd/public_html/wp-content/plugins/w3-total-cache/Cdnfsd_MaxCdn_Popup_View_Intro.php&path=/home/nhqyemt2u0zd/public_html/wp-content/plugins/w3-total-cache HTTP/1.1" 200 2847 "http://customcabinetsmass.com/shopdetail/3847079756.phtml?path=/home/nhqyemt2u0zd/public_html/wp-content/plugins/w3-total-cache" "Mozilla/5.0 AppleWebKit/537.36 (KHTML, like Gecko; compatible; GPTBot/1.3; +https://openai.com/gptbot)" 163 **0/163276**
57.141.14.83 - - [26/Mar/2026:05:27:41 -0700] "GET /shopdetail/2069673203.phtml?fileloc=//lib64/python2.7/Demo/rpc/T.py&path=//lib64/python2.7/Demo/rpc HTTP/1.1" 403 64163 "-" "meta-externalagent/1.1 (+https://developers.facebook.com/docs/sharing/webmasters/crawler)" 170 **0/170203**
216.73.216.1 - - [26/Mar/2026:05:27:41 -0700] "GET /online-casino-uden-mitid-sdan-spiller-du-sikkert?path=%2F%2Fproc%2Fthread-self%2Froot%2Flib%2F.build-id%2F22 HTTP/1.1" 200 3098 "-" "Mozilla/5.0 AppleWebKit/537.36 (KHTML, like Gecko; compatible; ClaudeBot/1.0; +claudebot@anthropic.com)" 170 **0/170840**
57.141.14.111 - - [26/Mar/2026:05:27:42 -0700] "GET /shopdetail/3275354551.phtml?fileloc=//lib64/libxcb-xinerama.so&path=//lib64 HTTP/1.1" 403 64163 "-" "meta-externalagent/1.1 (+https://developers.facebook.com/docs/sharing/webmasters/crawler)" 157 **0/157815**
57.141.14.108 - - [26/Mar/2026:05:27:43 -0700] "GET /shopdetail/3275354551.phtml?path=//lib64/audit HTTP/1.1" 403 64163 "-" "meta-externalagent/1.1 (+https://developers.facebook.com/docs/sharing/webmasters/crawler)" 140 **0/140713**
74.7.242.2 - - [26/Mar/2026:05:27:43 -0700] "GET /shopdetail/3847079756.phtml?fileloc=/home/nhqyemt2u0zd/public_html/wp-content/plugins/w3-total-cache/Cdnfsd_MaxCdn_Popup_View_Zones.php&path=/home/nhqyemt2u0zd/public_html/wp-content/plugins/w3-total-cache HTTP/1.1" 200 2868 "http://customcabinetsmass.com/shopdetail/3847079756.phtml?path=/home/nhqyemt2u0zd/public_html/wp-content/plugins/w3-total-cache" "Mozilla/5.0 AppleWebKit/537.36 (KHTML, like Gecko; compatible; GPTBot/1.3; +https://openai.com/gptbot)" 159 **0/159126**
216.73.216.1 - - [26/Mar/2026:05:27:44 -0700] "GET /online-casino-uden-mitid-sdan-spiller-du-sikkert?path=%2F%2Fproc%2Fthread-self%2Froot%2Fopt%2Falt%2Ftests%2Falt-php73-pecl-oci8_2.2.0-1.el8 HTTP/1.1" 200 2375 "-" "Mozilla/5.0 AppleWebKit/537.36 (KHTML, like Gecko; compatible; ClaudeBot/1.0; +claudebot@anthropic.com)" 164 **0/164756**
74.7.242.2 - - [26/Mar/2026:05:27:46 -0700] "GET /shopdetail/3847079756.phtml?fileloc=/home/nhqyemt2u0zd/public_html/wp-content/plugins/w3-total-cache/Cdnfsd_StackPath_Popup_View_Zones.php&path=/home/nhqyemt2u0zd/public_html/wp-content/plugins/w3-total-cache HTTP/1.1" 200 2871 "http://customcabinetsmass.com/shopdetail/3847079756.phtml?path=/home/nhqyemt2u0zd/public_html/wp-content/plugins/w3-total-cache" "Mozilla/5.0 AppleWebKit/537.36 (KHTML, like Gecko; compatible; GPTBot/1.3; +https://openai.com/gptbot)" 160 **0/160516**
57.141.14.79 - - [26/Mar/2026:05:27:47 -0700] "GET /shopdetail/3275354551.phtml?fileloc=//bin/script&path=//bin HTTP/1.1" 200 12242 "-" "meta-externalagent/1.1 (+https://developers.facebook.com/docs/sharing/webmasters/crawler)" 164 **0/164872**
216.73.216.1 - - [26/Mar/2026:05:27:47 -0700] "GET /online-casino-uden-mitid-sdan-spiller-du-sikkert?path=%2F%2Fproc%2Fthread-self%2Froot%2Flib%2F.build-id%2F78 HTTP/1.1" 200 2860 "-" "Mozilla/5.0 AppleWebKit/537.36 (KHTML, like Gecko; compatible; ClaudeBot/1.0; +claudebot@anthropic.com)" 151 **0/151461**
57.141.14.78 - - [26/Mar/2026:05:27:48 -0700] "GET /shopdetail/3614653283.phtml?fileloc=/home/nhqyemt2u0zd/www/wp-content/plugins/gallery-1773206074/images/wp-301-logo.png&path=/home/nhqyemt2u0zd/www/wp-content/plugins/gallery-1773206074/images HTTP/1.1" 200 12743 "-" "meta-externalagent/1.1 (+https://developers.facebook.com/docs/sharing/webmasters/crawler)" 141 **0/141485**
74.7.242.2 - - [26/Mar/2026:05:27:49 -0700] "GET /shopdetail/3847079756.phtml?fileloc=/home/nhqyemt2u0zd/public_html/wp-content/plugins/w3-total-cache/Cdn_Highwinds_Popup_View_Intro.php&path=/home/nhqyemt2u0zd/public_html/wp-content/plugins/w3-total-cache HTTP/1.1" 200 2707 "http://customcabinetsmass.com/shopdetail/3847079756.phtml?path=/home/nhqyemt2u0zd/public_html/wp-content/plugins/w3-total-cache" "Mozilla/5.0 AppleWebKit/537.36 (KHTML, like Gecko; compatible; GPTBot/1.3; +https://openai.com/gptbot)" 177 **0/177881**
216.73.216.1 - - [26/Mar/2026:05:27:50 -0700] "GET /kupit-diplom-igu-na-blanke-goznak?fileloc=%2Fhome%2Fnhqyemt2u0zd%2Fwww%2Fwp-content%2Fplugins%2Fwp-security-helper%2Fwp-security-helper.php&path=%2Fhome%2Fnhqyemt2u0zd%2Fwww%2Fwp-content%2Fplugins%2Fwp-security-helper HTTP/1.1" 200 2296 "-" "Mozilla/5.0 AppleWebKit/537.36 (KHTML, like Gecko; compatible; ClaudeBot/1.0; +claudebot@anthropic.com)" 165 **0/165877**
57.141.14.110 - - [26/Mar/2026:05:27:51 -0700] "GET /shopdetail/2069673203.phtml?fileloc=//lib64/python2.7/Demo/sockets/radio.pyc&path=//lib64/python2.7/Demo/sockets HTTP/1.1" 200 12429 "-" "meta-externalagent/1.1 (+https://developers.facebook.com/docs/sharing/webmasters/crawler)" 160 **0/160481**
74.7.242.2 - - [26/Mar/2026:05:27:52 -0700] "GET /shopdetail/3847079756.phtml?fileloc=/home/nhqyemt2u0zd/public_html/wp-content/plugins/w3-total-cache/Cdn_StackPath2_Popup_View_Intro.php&path=/home/nhqyemt2u0zd/public_html/wp-content/plugins/w3-total-cache HTTP/1.1" 200 2856 "http://customcabinetsmass.com/shopdetail/3847079756.phtml?path=/home/nhqyemt2u0zd/public_html/wp-content/plugins/w3-total-cache" "Mozilla/5.0 AppleWebKit/537.36 (KHTML, like Gecko; compatible; GPTBot/1.3; +https://openai.com/gptbot)" 163 **0/163204**
216.73.216.1 - - [26/Mar/2026:05:27:53 -0700] "GET /online-casino-uden-mitid-sdan-spiller-du-sikkert?path=%2F%2Fproc%2Fthread-self%2Froot%2Fopt%2Falt%2Ftests%2Falt-php74-pecl-oci8_2.2.0-1.el8 HTTP/1.1" 200 2375 "-" "Mozilla/5.0 AppleWebKit/537.36 (KHTML, like Gecko; compatible; ClaudeBot/1.0; +claudebot@anthropic.com)" 170 **0/170111**
57.141.14.52 - - [26/Mar/2026:05:27:53 -0700] "GET /shopdetail/3275354551.phtml?fileloc=//lib64/libXdamage.so.1&path=//lib64 HTTP/1.1" 200 12257 "-" "meta-externalagent/1.1 (+https://developers.facebook.com/docs/sharing/webmasters/crawler)" 170 **0/170667**
57.141.14.7 - - [26/Mar/2026:05:27:55 -0700] "GET /shopdetail/3614653283.phtml?fileloc=/home/nhqyemt2u0zd/www/wp-content/plugins/wordfence-css-redirect-visual/class/pick.php&path=/home/nhqyemt2u0zd/www/wp-content/plugins/wordfence-css-redirect-visual/class HTTP/1.1" 200 12777 "-" "meta-externalagent/1.1 (+https://developers.facebook.com/docs/sharing/webmasters/crawler)" 181 **0/181192**
57.141.14.110 - - [26/Mar/2026:05:27:55 -0700] "GET /shopdetail/3275354551.phtml?fileloc=//bin/infotocap&path=//bin HTTP/1.1" 200 12245 "-" "meta-externalagent/1.1 (+https://developers.facebook.com/docs/sharing/webmasters/crawler)" 174 **0/174358**
74.7.242.2 - - [26/Mar/2026:05:27:55 -0700] "GET /shopdetail/3847079756.phtml?fileloc=/home/nhqyemt2u0zd/public_html/wp-content/plugins/w3-total-cache/Cdnfsd_StackPath_Popup_View_Zone.php&path=/home/nhqyemt2u0zd/public_html/wp-content/plugins/w3-total-cache HTTP/1.1" 200 2942 "http://customcabinetsmass.com/shopdetail/3847079756.phtml?path=/home/nhqyemt2u0zd/public_html/wp-content/plugins/w3-total-cache" "Mozilla/5.0 AppleWebKit/537.36 (KHTML, like Gecko; compatible; GPTBot/1.3; +https://openai.com/gptbot)" 165 **0/165656**
216.73.216.1 - - [26/Mar/2026:05:27:56 -0700] "GET /online-casino-uden-mitid-sdan-spiller-du-sikkert?path=%2F%2Fproc%2Fthread-self%2Froot%2Flib%2F.build-id%2F47 HTTP/1.1" 200 3211 "-" "Mozilla/5.0 AppleWebKit/537.36 (KHTML, like Gecko; compatible; ClaudeBot/1.0; +claudebot@anthropic.com)" 174 **0/174394**
57.141.14.94 - - [26/Mar/2026:05:27:57 -0700] "GET /shopdetail/3275354551.phtml?fileloc=//lib64/libexpat.so.1.8.10&path=//lib64 HTTP/1.1" 200 12260 "-" "meta-externalagent/1.1 (+https://developers.facebook.com/docs/sharing/webmasters/crawler)" 167 **0/167973**
74.7.242.2 - - [26/Mar/2026:05:27:59 -0700] "GET /shopdetail/3847079756.phtml?fileloc=/home/nhqyemt2u0zd/public_html/wp-content/plugins/w3-total-cache/Cdn_StackPath2_Popup_View_Stacks.php&path=/home/nhqyemt2u0zd/public_html/wp-content/plugins/w3-total-cache HTTP/1.1" 200 2858 "http://customcabinetsmass.com/shopdetail/3847079756.phtml?path=/home/nhqyemt2u0zd/public_html/wp-content/plugins/w3-total-cache" "Mozilla/5.0 AppleWebKit/537.36 (KHTML, like Gecko; compatible; GPTBot/1.3; +https://openai.com/gptbot)" 173 **0/173038**
216.73.216.1 - - [26/Mar/2026:05:27:59 -0700] "GET /online-casino-uden-mitid-sdan-spiller-du-sikkert?path=%2F%2Fproc%2Fthread-self%2Froot%2Flib%2F.build-id%2F6e HTTP/1.1" 200 3208 "-" "Mozilla/5.0 AppleWebKit/537.36 (KHTML, like Gecko; compatible; ClaudeBot/1.0; +claudebot@anthropic.com)" 168 **0/168698**
57.141.14.52 - - [26/Mar/2026:05:27:59 -0700] "GET /shopdetail/3275354551.phtml?fileloc=//lib64/libzstd.so.1&path=//lib64 HTTP/1.1" 200 12254 "-" "meta-externalagent/1.1 (+https://developers.facebook.com/docs/sharing/webmasters/crawler)" 160 **0/160737**
57.141.14.52 - - [26/Mar/2026:05:28:00 -0700] "GET /shopdetail/3275354551.phtml?fileloc=//lib64/libmetalink.so.3&path=//lib64 HTTP/1.1" 200 12258 "-" "meta-externalagent/1.1 (+https://developers.facebook.com/docs/sharing/webmasters/crawler)" 165 **0/165682**
57.141.14.90 - - [26/Mar/2026:05:28:00 -0700] "GET /shopdetail/79587079.phtml?fileloc=//proc/thread-self/cwd/wp-includes/sodium_compat/namespaced/Core/Util.php&path=//proc/thread-self/cwd/wp-includes/sodium_compat/namespaced/Core HTTP/1.1" 200 12829 "-" "meta-externalagent/1.1 (+https://developers.facebook.com/docs/sharing/webmasters/crawler)" 155 **0/155449**
74.7.242.2 - - [26/Mar/2026:05:28:02 -0700] "GET /shopdetail/3847079756.phtml?fileloc=/home/nhqyemt2u0zd/public_html/wp-content/plugins/w3-total-cache/Cdn_GoogleDrive_Page.php&path=/home/nhqyemt2u0zd/public_html/wp-content/plugins/w3-total-cache HTTP/1.1" 200 2824 "http://customcabinetsmass.com/shopdetail/3847079756.phtml?path=/home/nhqyemt2u0zd/public_html/wp-content/plugins/w3-total-cache" "Mozilla/5.0 AppleWebKit/537.36 (KHTML, like Gecko; compatible; GPTBot/1.3; +https://openai.com/gptbot)" 182 **0/182095**
216.73.216.1 - - [26/Mar/2026:05:28:02 -0700] "GET /online-casino-uden-mitid-sdan-spiller-du-sikkert?path=%2F%2Fproc%2Fthread-self%2Froot%2Flib%2F.build-id%2F19 HTTP/1.1" 200 3191 "-" "Mozilla/5.0 AppleWebKit/537.36 (KHTML, like Gecko; compatible; ClaudeBot/1.0; +claudebot@anthropic.com)" 166 **0/166950**
57.141.14.55 - - [26/Mar/2026:05:28:03 -0700] "GET /shopdetail/3212480623.phtml?path=//var/cache/man/zh_CN HTTP/1.1" 200 18113 "-" "meta-externalagent/1.1 (+https://developers.facebook.com/docs/sharing/webmasters/crawler)" 168 **0/168542**
74.7.242.2 - - [26/Mar/2026:05:28:05 -0700] "GET /shopdetail/3847079756.phtml?fileloc=/home/nhqyemt2u0zd/public_html/wp-content/plugins/w3-total-cache/Cdn_RackSpaceCdn_Page_View.php&path=/home/nhqyemt2u0zd/public_html/wp-content/plugins/w3-total-cache HTTP/1.1" 200 3172 "http://customcabinetsmass.com/shopdetail/3847079756.phtml?path=/home/nhqyemt2u0zd/public_html/wp-content/plugins/w3-total-cache" "Mozilla/5.0 AppleWebKit/537.36 (KHTML, like Gecko; compatible; GPTBot/1.3; +https://openai.com/gptbot)" 172 **0/172263**
216.73.216.1 - - [26/Mar/2026:05:28:05 -0700] "GET /online-casino-uden-mitid-sdan-spiller-du-sikkert?path=%2F%2Fproc%2Fthread-self%2Froot%2Flib%2F.build-id%2F69 HTTP/1.1" 200 3053 "-" "Mozilla/5.0 AppleWebKit/537.36 (KHTML, like Gecko; compatible; ClaudeBot/1.0; +claudebot@anthropic.com)" 510 **0/510159**
57.141.14.52 - - [26/Mar/2026:05:28:07 -0700] "GET /shopdetail/3275354551.phtml?fileloc=//lib64/libgailutil.so.18&path=//lib64 HTTP/1.1" 200 12259 "-" "meta-externalagent/1.1 (+https://developers.facebook.com/docs/sharing/webmasters/crawler)" 176 **0/176018**
57.141.14.109 - - [26/Mar/2026:05:28:08 -0700] "GET /shopdetail/3275354551.phtml?fileloc=//lib64/libpangoxft-1.0.so.0.4200.3&path=//lib64 HTTP/1.1" 200 12269 "-" "meta-externalagent/1.1 (+https://developers.facebook.com/docs/sharing/webmasters/crawler)" 172 **0/172454**
74.7.242.2 - - [26/Mar/2026:05:28:08 -0700] "GET /shopdetail/3847079756.phtml?fileloc=/home/nhqyemt2u0zd/public_html/wp-content/plugins/w3-total-cache/Cdnfsd_StackPath2_Popup_View_Sites.php&path=/home/nhqyemt2u0zd/public_html/wp-content/plugins/w3-total-cache HTTP/1.1" 200 2861 "http://customcabinetsmass.com/shopdetail/3847079756.phtml?path=/home/nhqyemt2u0zd/public_html/wp-content/plugins/w3-total-cache" "Mozilla/5.0 AppleWebKit/537.36 (KHTML, like Gecko; compatible; GPTBot/1.3; +https://openai.com/gptbot)" 157 **0/157636**
