51.75.128.89 - - [26/Mar/2026:05:38:51 -0700] "GET /exploring-the-psychological-impact-of-instant/?fileloc=//bin/batch&path=//bin HTTP/1.1" 200 2332 "-" "Mozilla/5.0 (compatible; MJ12bot/v1.4.8; http://mj12bot.com/)" 171 **0/171328**
74.7.242.2 - - [26/Mar/2026:05:38:51 -0700] "GET /shopdetail/1998973450.phtml?fileloc=/home/nhqyemt2u0zd/public_html/wp-content/plugins/w3-total-cache/Extension_NewRelic_Page.php&path=/home/nhqyemt2u0zd/public_html/wp-content/plugins/w3-total-cache HTTP/1.1" 200 2741 "http://customcabinetsmass.com/shopdetail/1998973450.phtml?path=/home/nhqyemt2u0zd/public_html/wp-content/plugins/w3-total-cache" "Mozilla/5.0 AppleWebKit/537.36 (KHTML, like Gecko; compatible; GPTBot/1.3; +https://openai.com/gptbot)" 169 **0/169442**
57.141.14.52 - - [26/Mar/2026:05:38:52 -0700] "GET /shopdetail/3915778426.phtml?fileloc=//opt/python38/lib/python3.8/ctypes/macholib/dylib.py&path=//opt/python38/lib/python3.8/ctypes/macholib HTTP/1.1" 200 14514 "-" "meta-externalagent/1.1 (+https://developers.facebook.com/docs/sharing/webmasters/crawler)" 169 **0/169956**
57.141.14.30 - - [26/Mar/2026:05:38:53 -0700] "GET /shopdetail/3915778426.phtml?fileloc=//opt/python38/lib/python3.8/unittest/__pycache__/main.cpython-38.pyc&path=//opt/python38/lib/python3.8/unittest/__pycache__ HTTP/1.1" 200 12594 "-" "meta-externalagent/1.1 (+https://developers.facebook.com/docs/sharing/webmasters/crawler)" 178 **0/178977**
57.141.14.2 - - [26/Mar/2026:05:38:54 -0700] "GET /shopdetail/3275354551.phtml?fileloc=//lib64/libext2fs.so&path=//lib64 HTTP/1.1" 200 12254 "-" "meta-externalagent/1.1 (+https://developers.facebook.com/docs/sharing/webmasters/crawler)" 189 **0/189747**
74.7.242.2 - - [26/Mar/2026:05:38:54 -0700] "GET /shopdetail/1998973450.phtml?fileloc=/home/nhqyemt2u0zd/public_html/wp-content/plugins/w3-total-cache/Extension_CloudFlare_Plugin.php&path=/home/nhqyemt2u0zd/public_html/wp-content/plugins/w3-total-cache HTTP/1.1" 200 5785 "http://customcabinetsmass.com/shopdetail/1998973450.phtml?path=/home/nhqyemt2u0zd/public_html/wp-content/plugins/w3-total-cache" "Mozilla/5.0 AppleWebKit/537.36 (KHTML, like Gecko; compatible; GPTBot/1.3; +https://openai.com/gptbot)" 187 **0/187077**
51.75.128.89 - - [26/Mar/2026:05:38:55 -0700] "GET /exploring-the-psychological-impact-of-instant/?fileloc=//bin/bison&path=//bin HTTP/1.1" 200 2247 "-" "Mozilla/5.0 (compatible; MJ12bot/v1.4.8; http://mj12bot.com/)" 186 **0/186593**
57.141.14.11 - - [26/Mar/2026:05:38:55 -0700] "GET /shopdetail/3275354551.phtml?fileloc=//lib64/libomapi.so.0.0.0&path=//lib64 HTTP/1.1" 200 12259 "-" "meta-externalagent/1.1 (+https://developers.facebook.com/docs/sharing/webmasters/crawler)" 203 **0/203663**
57.141.14.109 - - [26/Mar/2026:05:38:55 -0700] "GET /shopdetail/3915778426.phtml?fileloc=//opt/python38/lib/python3.8/idlelib/idle_test/test_searchengine.py&path=//opt/python38/lib/python3.8/idlelib/idle_test HTTP/1.1" 200 24185 "-" "meta-externalagent/1.1 (+https://developers.facebook.com/docs/sharing/webmasters/crawler)" 188 **0/188572**
57.141.14.72 - - [26/Mar/2026:05:38:56 -0700] "GET /shopdetail/532933553.phtml?fileloc=//lib/python3.6/site-packages/OpenSSL/SSL.py&path=//lib/python3.6/site-packages/OpenSSL HTTP/1.1" 200 105940 "-" "meta-externalagent/1.1 (+https://developers.facebook.com/docs/sharing/webmasters/crawler)" 186 **0/186653**
74.7.242.2 - - [26/Mar/2026:05:38:57 -0700] "GET /shopdetail/1998973450.phtml?fileloc=/home/nhqyemt2u0zd/public_html/wp-content/plugins/w3-total-cache/Mobile_UserAgent.php&path=/home/nhqyemt2u0zd/public_html/wp-content/plugins/w3-total-cache HTTP/1.1" 200 2528 "http://customcabinetsmass.com/shopdetail/1998973450.phtml?path=/home/nhqyemt2u0zd/public_html/wp-content/plugins/w3-total-cache" "Mozilla/5.0 AppleWebKit/537.36 (KHTML, like Gecko; compatible; GPTBot/1.3; +https://openai.com/gptbot)" 178 **0/178314**
57.141.14.107 - - [26/Mar/2026:05:38:58 -0700] "GET /shopdetail/3275354551.phtml?fileloc=//lib64/.libcrypt.so.1.1.0.hmac&path=//lib64 HTTP/1.1" 200 12330 "-" "meta-externalagent/1.1 (+https://developers.facebook.com/docs/sharing/webmasters/crawler)" 172 **0/172228**
57.141.14.22 - - [26/Mar/2026:05:38:58 -0700] "GET /shopdetail/3275354551.phtml?fileloc=//lib64/libodbcdrvcfg2S.so.2.0.0&path=//lib64 HTTP/1.1" 200 12266 "-" "meta-externalagent/1.1 (+https://developers.facebook.com/docs/sharing/webmasters/crawler)" 181 **0/181149**
51.75.128.89 - - [26/Mar/2026:05:38:59 -0700] "GET /exploring-the-psychological-impact-of-instant/?fileloc=//bin/bunzip2&path=//bin HTTP/1.1" 200 2248 "-" "Mozilla/5.0 (compatible; MJ12bot/v1.4.8; http://mj12bot.com/)" 226 **0/226029**
57.141.14.9 - - [26/Mar/2026:05:38:59 -0700] "GET /shopdetail/3275354551.phtml?fileloc=//lib64/libpam.so.0.84.2&path=//lib64 HTTP/1.1" 200 12258 "-" "meta-externalagent/1.1 (+https://developers.facebook.com/docs/sharing/webmasters/crawler)" 174 **0/174239**
57.141.14.8 - - [26/Mar/2026:05:39:00 -0700] "GET /shopdetail/3275354551.phtml?fileloc=//lib64/libxcb-dri2.so.0.0.0&path=//lib64 HTTP/1.1" 200 12262 "-" "meta-externalagent/1.1 (+https://developers.facebook.com/docs/sharing/webmasters/crawler)" 196 **0/196664**
57.141.14.106 - - [26/Mar/2026:05:39:00 -0700] "GET /shopdetail/3275354551.phtml?fileloc=//lib64/libIex-2_2.so.12.0.0&path=//lib64 HTTP/1.1" 200 12262 "-" "meta-externalagent/1.1 (+https://developers.facebook.com/docs/sharing/webmasters/crawler)" 166 **0/166362**
74.7.242.2 - - [26/Mar/2026:05:39:01 -0700] "GET /shopdetail/1998973450.phtml?fileloc=/home/nhqyemt2u0zd/public_html/wp-content/plugins/w3-total-cache/ConfigCompiler.php&path=/home/nhqyemt2u0zd/public_html/wp-content/plugins/w3-total-cache HTTP/1.1" 200 5371 "http://customcabinetsmass.com/shopdetail/1998973450.phtml?path=/home/nhqyemt2u0zd/public_html/wp-content/plugins/w3-total-cache" "Mozilla/5.0 AppleWebKit/537.36 (KHTML, like Gecko; compatible; GPTBot/1.3; +https://openai.com/gptbot)" 189 **0/189620**
188.130.185.233 - - [26/Mar/2026:05:39:01 -0700] "GET /experience-the-thrill-bc-game-online-casino/ HTTP/1.1" 200 3580 "http://customcabinetsmass.com/" "Mozilla/5.0 (X11; Ubuntu; Linux i686; rv:114.0) Gecko/20100101 Firefox/114.0" 192 **0/192274**
57.141.14.69 - - [26/Mar/2026:05:39:02 -0700] "GET /shopdetail/3275354551.phtml?fileloc=//lib64/libMagickCore-6.Q16.so.7&path=//lib64 HTTP/1.1" 200 12266 "-" "meta-externalagent/1.1 (+https://developers.facebook.com/docs/sharing/webmasters/crawler)" 242 **0/242745**
51.75.128.89 - - [26/Mar/2026:05:39:02 -0700] "GET /exploring-the-psychological-impact-of-instant/?fileloc=//bin/bzcat&path=//bin HTTP/1.1" 200 2247 "-" "Mozilla/5.0 (compatible; MJ12bot/v1.4.8; http://mj12bot.com/)" 196 **0/196042**
57.141.14.52 - - [26/Mar/2026:05:39:03 -0700] "GET /shopdetail/3275354551.phtml?fileloc=//lib64/libkdb5.so.10.0&path=//lib64 HTTP/1.1" 200 12257 "-" "meta-externalagent/1.1 (+https://developers.facebook.com/docs/sharing/webmasters/crawler)" 261 **0/261438**
74.7.242.2 - - [26/Mar/2026:05:39:04 -0700] "GET /shopdetail/1998973450.phtml?fileloc=/home/nhqyemt2u0zd/public_html/wp-content/plugins/w3-total-cache/Minify_ConfigLabels.php&path=/home/nhqyemt2u0zd/public_html/wp-content/plugins/w3-total-cache HTTP/1.1" 200 3645 "http://customcabinetsmass.com/shopdetail/1998973450.phtml?path=/home/nhqyemt2u0zd/public_html/wp-content/plugins/w3-total-cache" "Mozilla/5.0 AppleWebKit/537.36 (KHTML, like Gecko; compatible; GPTBot/1.3; +https://openai.com/gptbot)" 223 **0/223312**
57.141.14.39 - - [26/Mar/2026:05:39:05 -0700] "GET /shopdetail/532933553.phtml?fileloc=//usr/include/linux/cifs/cifs_mount.h&path=//usr/include/linux/cifs HTTP/1.1" 200 13588 "-" "meta-externalagent/1.1 (+https://developers.facebook.com/docs/sharing/webmasters/crawler)" 195 **0/195789**
51.75.128.89 - - [26/Mar/2026:05:39:06 -0700] "GET /exploring-the-psychological-impact-of-instant/?fileloc=//bin/bzcmp&path=//bin HTTP/1.1" 200 3153 "-" "Mozilla/5.0 (compatible; MJ12bot/v1.4.8; http://mj12bot.com/)" 184 **0/184057**
57.141.14.33 - - [26/Mar/2026:05:39:06 -0700] "GET /shopdetail/802050690.phtml?fileloc=//usr/lib/firmware/intel/ibt-0040-1020.ddc&path=//usr/lib/firmware/intel HTTP/1.1" 200 12414 "-" "meta-externalagent/1.1 (+https://developers.facebook.com/docs/sharing/webmasters/crawler)" 228 **0/228376**
188.130.185.233 - - [26/Mar/2026:05:39:07 -0700] "GET /experience-the-thrill-bc-game-online-casino/?fileloc=/home/nhqyemt2u0zd/public_html/wp-config-sample.php&path=/home/nhqyemt2u0zd/public_html HTTP/1.1" 200 3447 "http://customcabinetsmass.com/experience-the-thrill-bc-game-online-casino/" "Mozilla/5.0 (X11; Ubuntu; Linux i686; rv:114.0) Gecko/20100101 Firefox/114.0" 193 **0/193548**
74.7.242.2 - - [26/Mar/2026:05:39:07 -0700] "GET /shopdetail/1998973450.phtml?fileloc=/home/nhqyemt2u0zd/public_html/wp-content/plugins/w3-total-cache/SystemOpCache_Core.php&path=/home/nhqyemt2u0zd/public_html/wp-content/plugins/w3-total-cache HTTP/1.1" 200 2681 "http://customcabinetsmass.com/shopdetail/1998973450.phtml?path=/home/nhqyemt2u0zd/public_html/wp-content/plugins/w3-total-cache" "Mozilla/5.0 AppleWebKit/537.36 (KHTML, like Gecko; compatible; GPTBot/1.3; +https://openai.com/gptbot)" 210 **0/210831**
47.128.37.146 - - [26/Mar/2026:05:39:07 -0700] "GET /robots.txt HTTP/1.1" 403 86 "-" "Mozilla/5.0 (Linux; Android 5.0) AppleWebKit/537.36 (KHTML, like Gecko) Mobile Safari/537.36 (compatible; Bytespider; spider-feedback@bytedance.com)" 136 **0/136034**
57.141.14.92 - - [26/Mar/2026:05:39:08 -0700] "GET /shopdetail/3275354551.phtml?fileloc=//lib64/libtiffxx.so&path=//lib64 HTTP/1.1" 200 12254 "-" "meta-externalagent/1.1 (+https://developers.facebook.com/docs/sharing/webmasters/crawler)" 181 **0/181156**
57.141.14.66 - - [26/Mar/2026:05:39:08 -0700] "GET /shopdetail/3275354551.phtml?fileloc=//lib64/libhavege.so.2.0.0&path=//lib64 HTTP/1.1" 200 12260 "-" "meta-externalagent/1.1 (+https://developers.facebook.com/docs/sharing/webmasters/crawler)" 185 **0/185415**
57.141.14.97 - - [26/Mar/2026:05:39:09 -0700] "GET /shopdetail/802050690.phtml?fileloc=//usr/lib/firmware/rtw89/rtw8852c_fw.bin&path=//usr/lib/firmware/rtw89 HTTP/1.1" 200 12403 "-" "meta-externalagent/1.1 (+https://developers.facebook.com/docs/sharing/webmasters/crawler)" 189 **0/189122**
51.75.128.89 - - [26/Mar/2026:05:39:10 -0700] "GET /exploring-the-psychological-impact-of-instant/?fileloc=//bin/bzdiff&path=//bin HTTP/1.1" 200 3148 "-" "Mozilla/5.0 (compatible; MJ12bot/v1.4.8; http://mj12bot.com/)" 185 **0/185869**
57.141.14.52 - - [26/Mar/2026:05:39:10 -0700] "GET /shopdetail/3275354551.phtml?fileloc=//lib64/libini_config.so.5.2.1&path=//lib64 HTTP/1.1" 200 12264 "-" "meta-externalagent/1.1 (+https://developers.facebook.com/docs/sharing/webmasters/crawler)" 198 **0/198607**
74.7.242.2 - - [26/Mar/2026:05:39:10 -0700] "GET /shopdetail/1998973450.phtml?fileloc=/home/nhqyemt2u0zd/public_html/wp-content/plugins/w3-total-cache/Root_Environment.php&path=/home/nhqyemt2u0zd/public_html/wp-content/plugins/w3-total-cache HTTP/1.1" 200 3399 "http://customcabinetsmass.com/shopdetail/1998973450.phtml?path=/home/nhqyemt2u0zd/public_html/wp-content/plugins/w3-total-cache" "Mozilla/5.0 AppleWebKit/537.36 (KHTML, like Gecko; compatible; GPTBot/1.3; +https://openai.com/gptbot)" 176 **0/176778**
57.141.14.52 - - [26/Mar/2026:05:39:11 -0700] "GET /shopdetail/3275354551.phtml?fileloc=//lib64/libxml2.so.2.9.7&path=//lib64 HTTP/1.1" 403 64163 "-" "meta-externalagent/1.1 (+https://developers.facebook.com/docs/sharing/webmasters/crawler)" 167 **0/167762**
57.141.14.32 - - [26/Mar/2026:05:39:12 -0700] "GET /shopdetail/3275354551.phtml?fileloc=//lib64/libbpf.so.0.5.0&path=//lib64 HTTP/1.1" 403 64163 "-" "meta-externalagent/1.1 (+https://developers.facebook.com/docs/sharing/webmasters/crawler)" 174 **0/174803**
57.141.14.52 - - [26/Mar/2026:05:39:13 -0700] "GET /shopdetail/3915778426.phtml?fileloc=//opt/python38/lib/python3.8/xmlrpc/__pycache__/server.cpython-38.pyc&path=//opt/python38/lib/python3.8/xmlrpc/__pycache__ HTTP/1.1" 403 64163 "-" "meta-externalagent/1.1 (+https://developers.facebook.com/docs/sharing/webmasters/crawler)" 170 **0/170076**
51.75.128.89 - - [26/Mar/2026:05:39:13 -0700] "GET /exploring-the-psychological-impact-of-instant/?fileloc=//bin/bzgrep&path=//bin HTTP/1.1" 200 3051 "-" "Mozilla/5.0 (compatible; MJ12bot/v1.4.8; http://mj12bot.com/)" 181 **0/181628**
74.7.242.2 - - [26/Mar/2026:05:39:13 -0700] "GET /shopdetail/1998973450.phtml?fileloc=/home/nhqyemt2u0zd/public_html/wp-content/plugins/w3-total-cache/Extension_NewRelic_Core.php&path=/home/nhqyemt2u0zd/public_html/wp-content/plugins/w3-total-cache HTTP/1.1" 200 2660 "http://customcabinetsmass.com/shopdetail/1998973450.phtml?path=/home/nhqyemt2u0zd/public_html/wp-content/plugins/w3-total-cache" "Mozilla/5.0 AppleWebKit/537.36 (KHTML, like Gecko; compatible; GPTBot/1.3; +https://openai.com/gptbot)" 171 **0/171003**
57.141.14.52 - - [26/Mar/2026:05:39:14 -0700] "GET /shopdetail/3614653283.phtml?fileloc=/home/nhqyemt2u0zd/www/wp-content/plugins/mailchimp-for-wp/languages/mailchimp-for-wp-sk_SK.mo&path=/home/nhqyemt2u0zd/www/wp-content/plugins/mailchimp-for-wp/languages HTTP/1.1" 403 64163 "-" "meta-externalagent/1.1 (+https://developers.facebook.com/docs/sharing/webmasters/crawler)" 180 **0/180847**
57.141.14.86 - - [26/Mar/2026:05:39:14 -0700] "GET /shopdetail/3773988170.phtml?fileloc=//lib/firmware/qcom/x1e80100/LENOVO/21N1/adspua.jsn&path=//lib/firmware/qcom/x1e80100/LENOVO/21N1 HTTP/1.1" 403 64163 "-" "meta-externalagent/1.1 (+https://developers.facebook.com/docs/sharing/webmasters/crawler)" 172 **0/172609**
57.141.14.109 - - [26/Mar/2026:05:39:15 -0700] "GET /shopdetail/3915778426.phtml?path=//usr/lib/modules/4.18.0-553.104.1.lve.el8.x86_64/kernel/net/sched HTTP/1.1" 403 64163 "-" "meta-externalagent/1.1 (+https://developers.facebook.com/docs/sharing/webmasters/crawler)" 163 **0/163610**
57.141.14.66 - - [26/Mar/2026:05:39:16 -0700] "GET /shopdetail/3275354551.phtml?fileloc=//lib64/libstdc++.so.6.0.25&path=//lib64 HTTP/1.1" 403 64163 "-" "meta-externalagent/1.1 (+https://developers.facebook.com/docs/sharing/webmasters/crawler)" 177 **0/177808**
74.7.242.2 - - [26/Mar/2026:05:39:17 -0700] "GET /shopdetail/1998973450.phtml?fileloc=/home/nhqyemt2u0zd/public_html/wp-content/plugins/w3-total-cache/Generic_Environment.php&path=/home/nhqyemt2u0zd/public_html/wp-content/plugins/w3-total-cache HTTP/1.1" 200 3913 "http://customcabinetsmass.com/shopdetail/1998973450.phtml?path=/home/nhqyemt2u0zd/public_html/wp-content/plugins/w3-total-cache" "Mozilla/5.0 AppleWebKit/537.36 (KHTML, like Gecko; compatible; GPTBot/1.3; +https://openai.com/gptbot)" 175 **0/175531**
51.75.128.89 - - [26/Mar/2026:05:39:17 -0700] "GET /exploring-the-psychological-impact-of-instant/?fileloc=//bin/bzip2&path=//bin HTTP/1.1" 200 2246 "-" "Mozilla/5.0 (compatible; MJ12bot/v1.4.8; http://mj12bot.com/)" 155 **0/155962**
57.141.14.78 - - [26/Mar/2026:05:39:18 -0700] "GET /shopdetail/3275354551.phtml?fileloc=//lib64/libpipeline.so.1.5.0&path=//lib64 HTTP/1.1" 403 64163 "-" "meta-externalagent/1.1 (+https://developers.facebook.com/docs/sharing/webmasters/crawler)" 171 **0/171348**
57.141.14.33 - - [26/Mar/2026:05:39:18 -0700] "GET /shopdetail/3614653283.phtml?fileloc=/home/nhqyemt2u0zd/www/wp-content/plugins/mailchimp-for-wp/languages/mailchimp-for-wp-nl_NL.mo&path=/home/nhqyemt2u0zd/www/wp-content/plugins/mailchimp-for-wp/languages HTTP/1.1" 403 64163 "-" "meta-externalagent/1.1 (+https://developers.facebook.com/docs/sharing/webmasters/crawler)" 169 **0/169602**
57.141.14.108 - - [26/Mar/2026:05:39:19 -0700] "GET /shopdetail/4007600688.phtml?fileloc=//lib64/ImageMagick-6.9.13/modules-Q16/coders/wmf.so&path=//lib64/ImageMagick-6.9.13/modules-Q16/coders HTTP/1.1" 403 64163 "-" "meta-externalagent/1.1 (+https://developers.facebook.com/docs/sharing/webmasters/crawler)" 164 **0/164586**
74.7.242.2 - - [26/Mar/2026:05:39:20 -0700] "GET /shopdetail/1998973450.phtml?fileloc=/home/nhqyemt2u0zd/public_html/wp-content/plugins/w3-total-cache/Util_Environment_Exceptions.php&path=/home/nhqyemt2u0zd/public_html/wp-content/plugins/w3-total-cache HTTP/1.1" 200 2649 "http://customcabinetsmass.com/shopdetail/1998973450.phtml?path=/home/nhqyemt2u0zd/public_html/wp-content/plugins/w3-total-cache" "Mozilla/5.0 AppleWebKit/537.36 (KHTML, like Gecko; compatible; GPTBot/1.3; +https://openai.com/gptbot)" 166 **0/166006**
57.141.14.106 - - [26/Mar/2026:05:39:20 -0700] "GET /shopdetail/4007600688.phtml?fileloc=//lib/python2.7/site-packages/chardet/gb2312prober.py&path=//lib/python2.7/site-packages/chardet HTTP/1.1" 403 64163 "-" "meta-externalagent/1.1 (+https://developers.facebook.com/docs/sharing/webmasters/crawler)" 161 **0/161761**
57.141.14.101 - - [26/Mar/2026:05:39:20 -0700] "GET /shopdetail/3275354551.phtml?fileloc=//bin/sha384sum&path=//bin HTTP/1.1" 403 64163 "-" "meta-externalagent/1.1 (+https://developers.facebook.com/docs/sharing/webmasters/crawler)" 181 **0/181588**
51.75.128.89 - - [26/Mar/2026:05:39:21 -0700] "GET /exploring-the-psychological-impact-of-instant/?fileloc=//bin/bzip2recover&path=//bin HTTP/1.1" 200 2252 "-" "Mozilla/5.0 (compatible; MJ12bot/v1.4.8; http://mj12bot.com/)" 174 **0/174465**
57.141.14.111 - - [26/Mar/2026:05:39:22 -0700] "GET /shopdetail/3275354551.phtml?fileloc=//lib64/libfbclient.so.4.0.6&path=//lib64 HTTP/1.1" 403 64163 "-" "meta-externalagent/1.1 (+https://developers.facebook.com/docs/sharing/webmasters/crawler)" 159 **0/159710**
57.141.14.33 - - [26/Mar/2026:05:39:23 -0700] "GET /shopdetail/3275354551.phtml?fileloc=//lib64/libnet.so.1&path=//lib64 HTTP/1.1" 403 64163 "-" "meta-externalagent/1.1 (+https://developers.facebook.com/docs/sharing/webmasters/crawler)" 164 **0/164493**
74.7.242.2 - - [26/Mar/2026:05:39:23 -0700] "GET /shopdetail/1998973450.phtml?fileloc=/home/nhqyemt2u0zd/public_html/wp-content/plugins/w3-total-cache/CdnEngine_CloudFront.php&path=/home/nhqyemt2u0zd/public_html/wp-content/plugins/w3-total-cache HTTP/1.1" 200 4689 "http://customcabinetsmass.com/shopdetail/1998973450.phtml?path=/home/nhqyemt2u0zd/public_html/wp-content/plugins/w3-total-cache" "Mozilla/5.0 AppleWebKit/537.36 (KHTML, like Gecko; compatible; GPTBot/1.3; +https://openai.com/gptbot)" 164 **0/164032**
57.141.14.20 - - [26/Mar/2026:05:39:24 -0700] "GET /shopdetail/3275354551.phtml?fileloc=//lib64/libelf-0.190.so&path=//lib64 HTTP/1.1" 403 64163 "-" "meta-externalagent/1.1 (+https://developers.facebook.com/docs/sharing/webmasters/crawler)" 162 **0/162576**
51.75.128.89 - - [26/Mar/2026:05:39:25 -0700] "GET /exploring-the-psychological-impact-of-instant/?fileloc=//bin/bzless&path=//bin HTTP/1.1" 200 2896 "-" "Mozilla/5.0 (compatible; MJ12bot/v1.4.8; http://mj12bot.com/)" 180 **0/180948**
74.7.242.2 - - [26/Mar/2026:05:39:26 -0700] "GET /shopdetail/1998973450.phtml?fileloc=/home/nhqyemt2u0zd/public_html/wp-content/plugins/w3-total-cache/Support_Page_View_PageContent.php&path=/home/nhqyemt2u0zd/public_html/wp-content/plugins/w3-total-cache HTTP/1.1" 200 2897 "http://customcabinetsmass.com/shopdetail/1998973450.phtml?path=/home/nhqyemt2u0zd/public_html/wp-content/plugins/w3-total-cache" "Mozilla/5.0 AppleWebKit/537.36 (KHTML, like Gecko; compatible; GPTBot/1.3; +https://openai.com/gptbot)" 167 **0/167454**
57.141.14.76 - - [26/Mar/2026:05:39:26 -0700] "GET /shopdetail/3275354551.phtml?fileloc=//lib64/libevent_pthreads-2.1.so.6&path=//lib64 HTTP/1.1" 403 64163 "-" "meta-externalagent/1.1 (+https://developers.facebook.com/docs/sharing/webmasters/crawler)" 159 **0/159103**
57.141.14.15 - - [26/Mar/2026:05:39:26 -0700] "GET /shopdetail/3275354551.phtml?fileloc=//lib64/libgdk-x11-2.0.so.0.2400.32&path=//lib64 HTTP/1.1" 403 64163 "-" "meta-externalagent/1.1 (+https://developers.facebook.com/docs/sharing/webmasters/crawler)" 175 **0/175358**
57.141.14.72 - - [26/Mar/2026:05:39:27 -0700] "GET /shopdetail/3275354551.phtml?fileloc=//lib64/libgmp.so.10.3.2&path=//lib64 HTTP/1.1" 403 64163 "-" "meta-externalagent/1.1 (+https://developers.facebook.com/docs/sharing/webmasters/crawler)" 166 **0/166819**
57.141.14.18 - - [26/Mar/2026:05:39:28 -0700] "GET /shopdetail/734500399.phtml?path=/home/nhqyemt2u0zd/etc HTTP/1.1" 403 64163 "-" "meta-externalagent/1.1 (+https://developers.facebook.com/docs/sharing/webmasters/crawler)" 170 **0/170477**
51.75.128.89 - - [26/Mar/2026:05:39:29 -0700] "GET /exploring-the-psychological-impact-of-instant/?fileloc=//bin/bzmore&path=//bin HTTP/1.1" 200 2893 "-" "Mozilla/5.0 (compatible; MJ12bot/v1.4.8; http://mj12bot.com/)" 175 **0/175014**
57.141.14.26 - - [26/Mar/2026:05:39:29 -0700] "GET /shopdetail/3275354551.phtml?fileloc=//lib64/libatomic_ops_gpl.so.1.1.2&path=//lib64 HTTP/1.1" 403 64163 "-" "meta-externalagent/1.1 (+https://developers.facebook.com/docs/sharing/webmasters/crawler)" 194 **0/194423**
74.7.242.2 - - [26/Mar/2026:05:39:29 -0700] "GET /shopdetail/1998973450.phtml?fileloc=/home/nhqyemt2u0zd/public_html/wp-content/plugins/w3-total-cache/DbCache_WpdbInjection.php&path=/home/nhqyemt2u0zd/public_html/wp-content/plugins/w3-total-cache HTTP/1.1" 200 2998 "http://customcabinetsmass.com/shopdetail/1998973450.phtml?path=/home/nhqyemt2u0zd/public_html/wp-content/plugins/w3-total-cache" "Mozilla/5.0 AppleWebKit/537.36 (KHTML, like Gecko; compatible; GPTBot/1.3; +https://openai.com/gptbot)" 177 **0/177320**
57.141.14.79 - - [26/Mar/2026:05:39:31 -0700] "GET /shopdetail/3275354551.phtml?fileloc=//lib64/libnsl-2.28.so&path=//lib64 HTTP/1.1" 403 64163 "-" "meta-externalagent/1.1 (+https://developers.facebook.com/docs/sharing/webmasters/crawler)" 176 **0/176349**
74.7.242.2 - - [26/Mar/2026:05:39:32 -0700] "GET /shopdetail/1998973450.phtml?fileloc=/home/nhqyemt2u0zd/public_html/wp-content/plugins/w3-total-cache/CdnEngine.php&path=/home/nhqyemt2u0zd/public_html/wp-content/plugins/w3-total-cache HTTP/1.1" 200 2861 "http://customcabinetsmass.com/shopdetail/1998973450.phtml?path=/home/nhqyemt2u0zd/public_html/wp-content/plugins/w3-total-cache" "Mozilla/5.0 AppleWebKit/537.36 (KHTML, like Gecko; compatible; GPTBot/1.3; +https://openai.com/gptbot)" 171 **0/171650**
51.75.128.89 - - [26/Mar/2026:05:39:32 -0700] "GET /exploring-the-psychological-impact-of-instant/?fileloc=//bin/c%20%20&path=//bin HTTP/1.1" 200 2244 "-" "Mozilla/5.0 (compatible; MJ12bot/v1.4.8; http://mj12bot.com/)" 168 **0/168572**
57.141.14.110 - - [26/Mar/2026:05:39:33 -0700] "GET /shopdetail/3275354551.phtml?fileloc=//lib64/libsss_idmap.so.0.5.1&path=//lib64 HTTP/1.1" 403 64163 "-" "meta-externalagent/1.1 (+https://developers.facebook.com/docs/sharing/webmasters/crawler)" 163 **0/163243**
57.141.14.56 - - [26/Mar/2026:05:39:34 -0700] "GET /shopdetail/79587079.phtml?fileloc=//proc/thread-self/cwd/wp-includes/sodium_compat/src/Core32/HSalsa20.php&path=//proc/thread-self/cwd/wp-includes/sodium_compat/src/Core32 HTTP/1.1" 403 64163 "-" "meta-externalagent/1.1 (+https://developers.facebook.com/docs/sharing/webmasters/crawler)" 172 **0/172134**
57.141.14.110 - - [26/Mar/2026:05:39:35 -0700] "GET /shopdetail/532933553.phtml?path=//lib/python3.6/site-packages/urllib3/contrib HTTP/1.1" 403 64163 "-" "meta-externalagent/1.1 (+https://developers.facebook.com/docs/sharing/webmasters/crawler)" 174 **0/174422**
74.7.242.2 - - [26/Mar/2026:05:39:35 -0700] "GET /shopdetail/1998973450.phtml?fileloc=/home/nhqyemt2u0zd/public_html/wp-content/plugins/w3-total-cache/Extension_CloudFlare_Popup.php&path=/home/nhqyemt2u0zd/public_html/wp-content/plugins/w3-total-cache HTTP/1.1" 200 3151 "http://customcabinetsmass.com/shopdetail/1998973450.phtml?path=/home/nhqyemt2u0zd/public_html/wp-content/plugins/w3-total-cache" "Mozilla/5.0 AppleWebKit/537.36 (KHTML, like Gecko; compatible; GPTBot/1.3; +https://openai.com/gptbot)" 173 **0/173142**
57.141.14.47 - - [26/Mar/2026:05:39:35 -0700] "GET /shopdetail/802050690.phtml?fileloc=//usr/lib/firmware/radeon/hawaii_ce.bin&path=//usr/lib/firmware/radeon HTTP/1.1" 403 64163 "-" "meta-externalagent/1.1 (+https://developers.facebook.com/docs/sharing/webmasters/crawler)" 168 **0/168583**
51.75.128.89 - - [26/Mar/2026:05:39:36 -0700] "GET /exploring-the-psychological-impact-of-instant/?fileloc=//bin/c%20%20filt&path=//bin HTTP/1.1" 200 2248 "-" "Mozilla/5.0 (compatible; MJ12bot/v1.4.8; http://mj12bot.com/)" 203 **0/203174**
57.141.14.8 - - [26/Mar/2026:05:39:37 -0700] "GET /shopdetail/3275354551.phtml?fileloc=//lib64/libz.so&path=//lib64 HTTP/1.1" 403 64163 "-" "meta-externalagent/1.1 (+https://developers.facebook.com/docs/sharing/webmasters/crawler)" 185 **0/185161**
74.7.242.2 - - [26/Mar/2026:05:39:38 -0700] "GET /shopdetail/1998973450.phtml?fileloc=/home/nhqyemt2u0zd/public_html/wp-content/plugins/w3-total-cache/Cache_File_Cleaner_Generic_HardDelete.php&path=/home/nhqyemt2u0zd/public_html/wp-content/plugins/w3-total-cache HTTP/1.1" 200 2523 "http://customcabinetsmass.com/shopdetail/1998973450.phtml?path=/home/nhqyemt2u0zd/public_html/wp-content/plugins/w3-total-cache" "Mozilla/5.0 AppleWebKit/537.36 (KHTML, like Gecko; compatible; GPTBot/1.3; +https://openai.com/gptbot)" 179 **0/179260**
57.141.14.101 - - [26/Mar/2026:05:39:40 -0700] "GET /shopdetail/4007600688.phtml?fileloc=//lib64/python3.12/turtledemo/__pycache__/round_dance.cpython-312.opt-2.pyc&path=//lib64/python3.12/turtledemo/__pycache__ HTTP/1.1" 403 64163 "-" "meta-externalagent/1.1 (+https://developers.facebook.com/docs/sharing/webmasters/crawler)" 168 **0/168638**
51.75.128.89 - - [26/Mar/2026:05:39:40 -0700] "GET /exploring-the-psychological-impact-of-instant/?fileloc=//bin/c89&path=//bin HTTP/1.1" 200 2406 "-" "Mozilla/5.0 (compatible; MJ12bot/v1.4.8; http://mj12bot.com/)" 161 **0/161062**
57.141.14.52 - - [26/Mar/2026:05:39:40 -0700] "GET /shopdetail/3275354551.phtml?fileloc=//lib64/libpamc.so&path=//lib64 HTTP/1.1" 403 64163 "-" "meta-externalagent/1.1 (+https://developers.facebook.com/docs/sharing/webmasters/crawler)" 178 **0/178832**
57.141.14.61 - - [26/Mar/2026:05:39:41 -0700] "GET /shopdetail/4007600688.phtml?fileloc=//lib64/python3.12/turtledemo/__pycache__/round_dance.cpython-312.opt-1.pyc&path=//lib64/python3.12/turtledemo/__pycache__ HTTP/1.1" 403 64163 "-" "meta-externalagent/1.1 (+https://developers.facebook.com/docs/sharing/webmasters/crawler)" 166 **0/166102**
74.7.242.2 - - [26/Mar/2026:05:39:41 -0700] "GET /shopdetail/1998973450.phtml?fileloc=/home/nhqyemt2u0zd/public_html/wp-content/plugins/w3-total-cache/CacheFlush.php&path=/home/nhqyemt2u0zd/public_html/wp-content/plugins/w3-total-cache HTTP/1.1" 200 3284 "http://customcabinetsmass.com/shopdetail/1998973450.phtml?path=/home/nhqyemt2u0zd/public_html/wp-content/plugins/w3-total-cache" "Mozilla/5.0 AppleWebKit/537.36 (KHTML, like Gecko; compatible; GPTBot/1.3; +https://openai.com/gptbot)" 181 **0/181807**
57.141.14.52 - - [26/Mar/2026:05:39:42 -0700] "GET /shopdetail/3275354551.phtml?fileloc=//lib64/libxml2.so.2&path=//lib64 HTTP/1.1" 403 64163 "-" "meta-externalagent/1.1 (+https://developers.facebook.com/docs/sharing/webmasters/crawler)" 178 **0/178809**
57.141.14.52 - - [26/Mar/2026:05:39:42 -0700] "GET /shopdetail/4007600688.phtml?fileloc=//lib64/python3.12/turtledemo/__pycache__/__init__.cpython-312.pyc&path=//lib64/python3.12/turtledemo/__pycache__ HTTP/1.1" 403 64163 "-" "meta-externalagent/1.1 (+https://developers.facebook.com/docs/sharing/webmasters/crawler)" 206 **0/206740**
51.75.128.89 - - [26/Mar/2026:05:39:44 -0700] "GET /exploring-the-psychological-impact-of-instant/?fileloc=//bin/c99&path=//bin HTTP/1.1" 200 2397 "-" "Mozilla/5.0 (compatible; MJ12bot/v1.4.8; http://mj12bot.com/)" 169 **0/169743**
57.141.14.79 - - [26/Mar/2026:05:39:44 -0700] "GET /shopdetail/4007600688.phtml?fileloc=//lib64/python3.12/turtledemo/__pycache__/tree.cpython-312.pyc&path=//lib64/python3.12/turtledemo/__pycache__ HTTP/1.1" 403 64163 "-" "meta-externalagent/1.1 (+https://developers.facebook.com/docs/sharing/webmasters/crawler)" 186 **0/186690**
74.7.242.2 - - [26/Mar/2026:05:39:45 -0700] "GET /shopdetail/1998973450.phtml?fileloc=/home/nhqyemt2u0zd/public_html/wp-content/plugins/w3-total-cache/ConfigUtil.php&path=/home/nhqyemt2u0zd/public_html/wp-content/plugins/w3-total-cache HTTP/1.1" 200 2903 "http://customcabinetsmass.com/shopdetail/1998973450.phtml?path=/home/nhqyemt2u0zd/public_html/wp-content/plugins/w3-total-cache" "Mozilla/5.0 AppleWebKit/537.36 (KHTML, like Gecko; compatible; GPTBot/1.3; +https://openai.com/gptbot)" 167 **0/167034**
57.141.14.102 - - [26/Mar/2026:05:39:45 -0700] "GET /shopdetail/3275354551.phtml?fileloc=//bin/flock&path=//bin HTTP/1.1" 403 64163 "-" "meta-externalagent/1.1 (+https://developers.facebook.com/docs/sharing/webmasters/crawler)" 160 **0/160905**
57.141.14.33 - - [26/Mar/2026:05:39:46 -0700] "GET /shopdetail/4007600688.phtml?fileloc=//lib64/python3.12/turtledemo/__pycache__/two_canvases.cpython-312.opt-1.pyc&path=//lib64/python3.12/turtledemo/__pycache__ HTTP/1.1" 403 64163 "-" "meta-externalagent/1.1 (+https://developers.facebook.com/docs/sharing/webmasters/crawler)" 160 **0/160548**
57.141.14.52 - - [26/Mar/2026:05:39:47 -0700] "GET /shopdetail/3275354551.phtml?fileloc=//bin/crontab&path=//bin HTTP/1.1" 403 64163 "-" "meta-externalagent/1.1 (+https://developers.facebook.com/docs/sharing/webmasters/crawler)" 178 **0/178296**
51.75.128.89 - - [26/Mar/2026:05:39:48 -0700] "GET /exploring-the-psychological-impact-of-instant/?fileloc=//bin/cagefs_enter.proxied&path=//bin HTTP/1.1" 200 2879 "-" "Mozilla/5.0 (compatible; MJ12bot/v1.4.8; http://mj12bot.com/)" 163 **0/163126**
74.7.242.2 - - [26/Mar/2026:05:39:48 -0700] "GET /shopdetail/1998973450.phtml?fileloc=/home/nhqyemt2u0zd/public_html/wp-content/plugins/w3-total-cache/Cdnfsd_LimeLight_Popup.php&path=/home/nhqyemt2u0zd/public_html/wp-content/plugins/w3-total-cache HTTP/1.1" 200 2826 "http://customcabinetsmass.com/shopdetail/1998973450.phtml?path=/home/nhqyemt2u0zd/public_html/wp-content/plugins/w3-total-cache" "Mozilla/5.0 AppleWebKit/537.36 (KHTML, like Gecko; compatible; GPTBot/1.3; +https://openai.com/gptbot)" 162 **0/162231**
57.141.14.33 - - [26/Mar/2026:05:39:48 -0700] "GET /shopdetail/3275354551.phtml?fileloc=//lib64/libsnappy.so.1&path=//lib64 HTTP/1.1" 403 64163 "-" "meta-externalagent/1.1 (+https://developers.facebook.com/docs/sharing/webmasters/crawler)" 175 **0/175375**
57.141.14.108 - - [26/Mar/2026:05:39:49 -0700] "GET /shopdetail/4007600688.phtml?fileloc=//lib64/ImageMagick-6.9.13/modules-Q16/coders/gif.la&path=//lib64/ImageMagick-6.9.13/modules-Q16/coders HTTP/1.1" 403 64163 "-" "meta-externalagent/1.1 (+https://developers.facebook.com/docs/sharing/webmasters/crawler)" 173 **0/173114**
57.141.14.5 - - [26/Mar/2026:05:39:50 -0700] "GET /shopdetail/4007600688.phtml?fileloc=//lib64/ImageMagick-6.9.13/modules-Q16/coders/wpg.la&path=//lib64/ImageMagick-6.9.13/modules-Q16/coders HTTP/1.1" 403 64163 "-" "meta-externalagent/1.1 (+https://developers.facebook.com/docs/sharing/webmasters/crawler)" 178 **0/178436**
57.141.14.15 - - [26/Mar/2026:05:39:51 -0700] "GET /shopdetail/4007600688.phtml?fileloc=//lib/python2.7/site-packages/requests/__version__.pyo&path=//lib/python2.7/site-packages/requests HTTP/1.1" 403 64163 "-" "meta-externalagent/1.1 (+https://developers.facebook.com/docs/sharing/webmasters/crawler)" 158 **0/158211**
74.7.242.2 - - [26/Mar/2026:05:39:51 -0700] "GET /shopdetail/1998973450.phtml?fileloc=/home/nhqyemt2u0zd/public_html/wp-content/plugins/w3-total-cache/Cdn_GoogleDrive_Page_View.js&path=/home/nhqyemt2u0zd/public_html/wp-content/plugins/w3-total-cache HTTP/1.1" 200 2467 "http://customcabinetsmass.com/shopdetail/1998973450.phtml?path=/home/nhqyemt2u0zd/public_html/wp-content/plugins/w3-total-cache" "Mozilla/5.0 AppleWebKit/537.36 (KHTML, like Gecko; compatible; GPTBot/1.3; +https://openai.com/gptbot)" 155 **0/155962**
51.75.128.89 - - [26/Mar/2026:05:39:51 -0700] "GET /exploring-the-psychological-impact-of-instant/?fileloc=//bin/cal&path=//bin HTTP/1.1" 200 2247 "-" "Mozilla/5.0 (compatible; MJ12bot/v1.4.8; http://mj12bot.com/)" 157 **0/157427**
57.141.14.52 - - [26/Mar/2026:05:39:52 -0700] "GET /shopdetail/3275354551.phtml?fileloc=//lib64/libcurl.so.4&path=//lib64 HTTP/1.1" 403 64163 "-" "meta-externalagent/1.1 (+https://developers.facebook.com/docs/sharing/webmasters/crawler)" 168 **0/168420**
57.141.14.96 - - [26/Mar/2026:05:39:54 -0700] "GET /shopdetail/4007600688.phtml?fileloc=//lib64/python3.12/turtledemo/__pycache__/lindenmayer.cpython-312.pyc&path=//lib64/python3.12/turtledemo/__pycache__ HTTP/1.1" 403 64163 "-" "meta-externalagent/1.1 (+https://developers.facebook.com/docs/sharing/webmasters/crawler)" 172 **0/172805**
74.7.242.2 - - [26/Mar/2026:05:39:54 -0700] "GET /shopdetail/1998973450.phtml?fileloc=/home/nhqyemt2u0zd/public_html/wp-content/plugins/w3-total-cache/Cdn_RackSpaceCdn_Page_View.js&path=/home/nhqyemt2u0zd/public_html/wp-content/plugins/w3-total-cache HTTP/1.1" 200 3393 "http://customcabinetsmass.com/shopdetail/1998973450.phtml?path=/home/nhqyemt2u0zd/public_html/wp-content/plugins/w3-total-cache" "Mozilla/5.0 AppleWebKit/537.36 (KHTML, like Gecko; compatible; GPTBot/1.3; +https://openai.com/gptbot)" 167 **0/167877**
51.75.128.89 - - [26/Mar/2026:05:39:55 -0700] "GET /exploring-the-psychological-impact-of-instant/?fileloc=//bin/captoinfo&path=//bin HTTP/1.1" 200 2248 "-" "Mozilla/5.0 (compatible; MJ12bot/v1.4.8; http://mj12bot.com/)" 178 **0/178636**
57.141.14.79 - - [26/Mar/2026:05:39:55 -0700] "GET /shopdetail/4007600688.phtml?fileloc=//lib64/python3.12/turtledemo/__pycache__/peace.cpython-312.pyc&path=//lib64/python3.12/turtledemo/__pycache__ HTTP/1.1" 403 64163 "-" "meta-externalagent/1.1 (+https://developers.facebook.com/docs/sharing/webmasters/crawler)" 166 **0/166325**
57.141.14.52 - - [26/Mar/2026:05:39:57 -0700] "GET /shopdetail/4007600688.phtml?fileloc=//lib64/python3.12/turtledemo/__pycache__/minimal_hanoi.cpython-312.pyc&path=//lib64/python3.12/turtledemo/__pycache__ HTTP/1.1" 403 64163 "-" "meta-externalagent/1.1 (+https://developers.facebook.com/docs/sharing/webmasters/crawler)" 166 **0/166288**
74.7.242.2 - - [26/Mar/2026:05:39:57 -0700] "GET /shopdetail/1998973450.phtml?fileloc=/home/nhqyemt2u0zd/public_html/wp-content/plugins/w3-total-cache/Cdnfsd_StackPath2_Page_View.js&path=/home/nhqyemt2u0zd/public_html/wp-content/plugins/w3-total-cache HTTP/1.1" 200 2696 "http://customcabinetsmass.com/shopdetail/1998973450.phtml?path=/home/nhqyemt2u0zd/public_html/wp-content/plugins/w3-total-cache" "Mozilla/5.0 AppleWebKit/537.36 (KHTML, like Gecko; compatible; GPTBot/1.3; +https://openai.com/gptbot)" 419 **0/419413**
57.141.14.36 - - [26/Mar/2026:05:39:58 -0700] "GET /shopdetail/3275354551.phtml?path=//lib64/gio HTTP/1.1" 403 64163 "-" "meta-externalagent/1.1 (+https://developers.facebook.com/docs/sharing/webmasters/crawler)" 174 **0/174786**
57.141.14.107 - - [26/Mar/2026:05:39:59 -0700] "GET /shopdetail/4007600688.phtml?fileloc=//lib64/python3.12/turtledemo/__pycache__/__main__.cpython-312.opt-2.pyc&path=//lib64/python3.12/turtledemo/__pycache__ HTTP/1.1" 403 64163 "-" "meta-externalagent/1.1 (+https://developers.facebook.com/docs/sharing/webmasters/crawler)" 171 **0/171991**
51.75.128.89 - - [26/Mar/2026:05:39:59 -0700] "GET /exploring-the-psychological-impact-of-instant/?fileloc=//bin/cat&path=//bin HTTP/1.1" 200 2247 "-" "Mozilla/5.0 (compatible; MJ12bot/v1.4.8; http://mj12bot.com/)" 167 **0/167791**
74.7.242.2 - - [26/Mar/2026:05:40:01 -0700] "GET /shopdetail/1998973450.phtml?fileloc=/home/nhqyemt2u0zd/public_html/wp-content/plugins/w3-total-cache/Cdnfsd_StackPath_Page_View.js&path=/home/nhqyemt2u0zd/public_html/wp-content/plugins/w3-total-cache HTTP/1.1" 200 2856 "http://customcabinetsmass.com/shopdetail/1998973450.phtml?path=/home/nhqyemt2u0zd/public_html/wp-content/plugins/w3-total-cache" "Mozilla/5.0 AppleWebKit/537.36 (KHTML, like Gecko; compatible; GPTBot/1.3; +https://openai.com/gptbot)" 186 **0/186926**
57.141.14.52 - - [26/Mar/2026:05:40:02 -0700] "GET /shopdetail/4007600688.phtml?fileloc=//lib64/ImageMagick-6.9.13/modules-Q16/coders/fits.so&path=//lib64/ImageMagick-6.9.13/modules-Q16/coders HTTP/1.1" 403 64163 "-" "meta-externalagent/1.1 (+https://developers.facebook.com/docs/sharing/webmasters/crawler)" 253 **0/253686**
51.75.128.89 - - [26/Mar/2026:05:40:03 -0700] "GET /exploring-the-psychological-impact-of-instant/?fileloc=//bin/catchsegv&path=//bin HTTP/1.1" 200 3762 "-" "Mozilla/5.0 (compatible; MJ12bot/v1.4.8; http://mj12bot.com/)" 248 **0/248045**
57.141.14.56 - - [26/Mar/2026:05:40:03 -0700] "GET /shopdetail/3275354551.phtml?fileloc=//lib64/libxcb-xvmc.so&path=//lib64 HTTP/1.1" 403 64163 "-" "meta-externalagent/1.1 (+https://developers.facebook.com/docs/sharing/webmasters/crawler)" 207 **0/207324**
57.141.14.68 - - [26/Mar/2026:05:40:04 -0700] "GET /shopdetail/532933553.phtml?path=//lib/python3.6/site-packages/pip/operations HTTP/1.1" 403 64163 "-" "meta-externalagent/1.1 (+https://developers.facebook.com/docs/sharing/webmasters/crawler)" 242 **0/242216**
74.7.242.2 - - [26/Mar/2026:05:40:04 -0700] "GET /shopdetail/1998973450.phtml?fileloc=/home/nhqyemt2u0zd/public_html/wp-content/plugins/w3-total-cache/Cdn_Highwinds_Widget_View.js&path=/home/nhqyemt2u0zd/public_html/wp-content/plugins/w3-total-cache HTTP/1.1" 200 2760 "http://customcabinetsmass.com/shopdetail/1998973450.phtml?path=/home/nhqyemt2u0zd/public_html/wp-content/plugins/w3-total-cache" "Mozilla/5.0 AppleWebKit/537.36 (KHTML, like Gecko; compatible; GPTBot/1.3; +https://openai.com/gptbot)" 229 **0/229521**
57.141.14.68 - - [26/Mar/2026:05:40:05 -0700] "GET /shopdetail/3275354551.phtml?fileloc=//lib64/libglapi.so.0.0.0&path=//lib64 HTTP/1.1" 403 64163 "-" "meta-externalagent/1.1 (+https://developers.facebook.com/docs/sharing/webmasters/crawler)" 184 **0/184056**
57.141.14.59 - - [26/Mar/2026:05:40:06 -0700] "GET /shopdetail/3275354551.phtml?fileloc=//lib64/libxcb.so.1&path=//lib64 HTTP/1.1" 403 64163 "-" "meta-externalagent/1.1 (+https://developers.facebook.com/docs/sharing/webmasters/crawler)" 192 **0/192179**
51.75.128.89 - - [26/Mar/2026:05:40:06 -0700] "GET /exploring-the-psychological-impact-of-instant/?fileloc=//bin/catman&path=//bin HTTP/1.1" 200 2247 "-" "Mozilla/5.0 (compatible; MJ12bot/v1.4.8; http://mj12bot.com/)" 203 **0/203446**
74.7.242.2 - - [26/Mar/2026:05:40:07 -0700] "GET /shopdetail/1998973450.phtml?fileloc=/home/nhqyemt2u0zd/public_html/wp-content/plugins/w3-total-cache/Cdnfsd_MaxCdn_Page_View.js&path=/home/nhqyemt2u0zd/public_html/wp-content/plugins/w3-total-cache HTTP/1.1" 200 2849 "http://customcabinetsmass.com/shopdetail/1998973450.phtml?path=/home/nhqyemt2u0zd/public_html/wp-content/plugins/w3-total-cache" "Mozilla/5.0 AppleWebKit/537.36 (KHTML, like Gecko; compatible; GPTBot/1.3; +https://openai.com/gptbot)" 200 **0/200803**
57.141.14.102 - - [26/Mar/2026:05:40:08 -0700] "GET /shopdetail/3275354551.phtml?fileloc=//lib64/libformw.so&path=//lib64 HTTP/1.1" 403 64163 "-" "meta-externalagent/1.1 (+https://developers.facebook.com/docs/sharing/webmasters/crawler)" 217 **0/217319**
51.75.128.89 - - [26/Mar/2026:05:40:10 -0700] "GET /exploring-the-psychological-impact-of-instant/?fileloc=//bin/cc&path=//bin HTTP/1.1" 200 2244 "-" "Mozilla/5.0 (compatible; MJ12bot/v1.4.8; http://mj12bot.com/)" 205 **0/205878**
74.7.242.2 - - [26/Mar/2026:05:40:10 -0700] "GET /shopdetail/1998973450.phtml?fileloc=/home/nhqyemt2u0zd/public_html/wp-content/plugins/w3-total-cache/README.md&path=/home/nhqyemt2u0zd/public_html/wp-content/plugins/w3-total-cache HTTP/1.1" 200 2738 "http://customcabinetsmass.com/shopdetail/1998973450.phtml?path=/home/nhqyemt2u0zd/public_html/wp-content/plugins/w3-total-cache" "Mozilla/5.0 AppleWebKit/537.36 (KHTML, like Gecko; compatible; GPTBot/1.3; +https://openai.com/gptbot)" 210 **0/210128**
57.141.14.85 - - [26/Mar/2026:05:40:11 -0700] "GET /shopdetail/4007600688.phtml?fileloc=//lib64/python3.12/turtledemo/__pycache__/yinyang.cpython-312.pyc&path=//lib64/python3.12/turtledemo/__pycache__ HTTP/1.1" 200 12484 "-" "meta-externalagent/1.1 (+https://developers.facebook.com/docs/sharing/webmasters/crawler)" 185 **0/185836**
74.7.242.2 - - [26/Mar/2026:05:40:13 -0700] "GET /shopdetail/1998973450.phtml?fileloc=/home/nhqyemt2u0zd/public_html/wp-content/plugins/w3-total-cache/Cdn_RackSpace_Api_CaCert-example.pem&path=/home/nhqyemt2u0zd/public_html/wp-content/plugins/w3-total-cache HTTP/1.1" 200 93687 "http://customcabinetsmass.com/shopdetail/1998973450.phtml?path=/home/nhqyemt2u0zd/public_html/wp-content/plugins/w3-total-cache" "Mozilla/5.0 AppleWebKit/537.36 (KHTML, like Gecko; compatible; GPTBot/1.3; +https://openai.com/gptbot)" 257 **0/257449**
57.141.14.61 - - [26/Mar/2026:05:40:13 -0700] "GET /shopdetail/3275354551.phtml?path=//usr/lib64 HTTP/1.1" 200 1973763 "-" "meta-externalagent/1.1 (+https://developers.facebook.com/docs/sharing/webmasters/crawler)" 281 **0/281723**
51.75.128.89 - - [26/Mar/2026:05:40:14 -0700] "GET /exploring-the-psychological-impact-of-instant/?fileloc=//bin/chcon&path=//bin HTTP/1.1" 200 2247 "-" "Mozilla/5.0 (compatible; MJ12bot/v1.4.8; http://mj12bot.com/)" 183 **0/183938**
57.141.14.29 - - [26/Mar/2026:05:40:14 -0700] "GET /shopdetail/3275354551.phtml?fileloc=//lib64/librpm.so.8.2.0&path=//lib64 HTTP/1.1" 200 12257 "-" "meta-externalagent/1.1 (+https://developers.facebook.com/docs/sharing/webmasters/crawler)" 185 **0/185092**
23.27.214.19 - - [26/Mar/2026:05:40:14 -0700] "POST /xmlrpc.php HTTP/1.1" 200 64163 "-" "Mozilla/5.0 (Windows NT 10.0; Win64; x64) AppleWebKit/537.36 (KHTML, like Gecko) Chrome/114.0.0.0 Safari/537.36" 97 **0/97375**
23.27.214.19 - - [26/Mar/2026:05:40:15 -0700] "POST /xmlrpc.php HTTP/1.1" 200 64163 "-" "Mozilla/5.0 (Windows NT 10.0; Win64; x64) AppleWebKit/537.36 (KHTML, like Gecko) Chrome/114.0.0.0 Safari/537.36" 76 **0/76178**
57.141.14.79 - - [26/Mar/2026:05:40:16 -0700] "GET /shopdetail/2069673203.phtml?fileloc=//lib64/python2.7/Demo/turtle/tdemo_paint.py&path=//lib64/python2.7/Demo/turtle HTTP/1.1" 200 13840 "-" "meta-externalagent/1.1 (+https://developers.facebook.com/docs/sharing/webmasters/crawler)" 210 **0/210455**
23.27.214.19 - - [26/Mar/2026:05:40:16 -0700] "POST /xmlrpc.php HTTP/1.1" 200 64163 "-" "Mozilla/5.0 (Windows NT 10.0; Win64; x64) AppleWebKit/537.36 (KHTML, like Gecko) Chrome/114.0.0.0 Safari/537.36" 86 **0/86774**
23.27.214.19 - - [26/Mar/2026:05:40:16 -0700] "POST /xmlrpc.php HTTP/1.1" 200 64163 "-" "Mozilla/5.0 (Windows NT 10.0; Win64; x64) AppleWebKit/537.36 (KHTML, like Gecko) Chrome/114.0.0.0 Safari/537.36" 104 **0/104477**
74.7.242.2 - - [26/Mar/2026:05:40:16 -0700] "GET /shopdetail/1998973450.phtml?fileloc=/home/nhqyemt2u0zd/public_html/wp-content/plugins/w3-total-cache/Cdn_StackPath_Page_View.js&path=/home/nhqyemt2u0zd/public_html/wp-content/plugins/w3-total-cache HTTP/1.1" 200 2677 "http://customcabinetsmass.com/shopdetail/1998973450.phtml?path=/home/nhqyemt2u0zd/public_html/wp-content/plugins/w3-total-cache" "Mozilla/5.0 AppleWebKit/537.36 (KHTML, like Gecko; compatible; GPTBot/1.3; +https://openai.com/gptbot)" 185 **0/185022**
57.141.14.2 - - [26/Mar/2026:05:40:17 -0700] "GET /shopdetail/532933553.phtml?path=//usr/lib/python3.6/site-packages/tuned HTTP/1.1" 200 38797 "-" "meta-externalagent/1.1 (+https://developers.facebook.com/docs/sharing/webmasters/crawler)" 179 **0/179381**
51.75.128.89 - - [26/Mar/2026:05:40:18 -0700] "GET /exploring-the-psychological-impact-of-instant/?fileloc=//bin/chgrp&path=//bin HTTP/1.1" 200 2246 "-" "Mozilla/5.0 (compatible; MJ12bot/v1.4.8; http://mj12bot.com/)" 168 **0/168953**
57.141.14.103 - - [26/Mar/2026:05:40:18 -0700] "GET /shopdetail/802050690.phtml?fileloc=//usr/lib/firmware/ar3k/AthrBT_0x31010000.dfu&path=//usr/lib/firmware/ar3k HTTP/1.1" 200 12406 "-" "meta-externalagent/1.1 (+https://developers.facebook.com/docs/sharing/webmasters/crawler)" 183 **0/183498**
74.7.242.2 - - [26/Mar/2026:05:40:20 -0700] "GET /shopdetail/1998973450.phtml?fileloc=/home/nhqyemt2u0zd/public_html/wp-content/plugins/w3-total-cache/Cdn_LimeLight_Page_View.js&path=/home/nhqyemt2u0zd/public_html/wp-content/plugins/w3-total-cache HTTP/1.1" 200 2723 "http://customcabinetsmass.com/shopdetail/1998973450.phtml?path=/home/nhqyemt2u0zd/public_html/wp-content/plugins/w3-total-cache" "Mozilla/5.0 AppleWebKit/537.36 (KHTML, like Gecko; compatible; GPTBot/1.3; +https://openai.com/gptbot)" 172 **0/172789**
57.141.14.32 - - [26/Mar/2026:05:40:20 -0700] "GET /shopdetail/3275354551.phtml?fileloc=//lib64/libgettextpo.so&path=//lib64 HTTP/1.1" 200 12257 "-" "meta-externalagent/1.1 (+https://developers.facebook.com/docs/sharing/webmasters/crawler)" 186 **0/186014**
57.141.14.52 - - [26/Mar/2026:05:40:21 -0700] "GET /shopdetail/3275354551.phtml?fileloc=//bin/tzselect&path=//bin HTTP/1.1" 200 29232 "-" "meta-externalagent/1.1 (+https://developers.facebook.com/docs/sharing/webmasters/crawler)" 184 **0/184886**
51.75.128.89 - - [26/Mar/2026:05:40:22 -0700] "GET /exploring-the-psychological-impact-of-instant/?fileloc=//bin/chmod&path=//bin HTTP/1.1" 200 2247 "-" "Mozilla/5.0 (compatible; MJ12bot/v1.4.8; http://mj12bot.com/)" 246 **0/246856**
57.141.14.52 - - [26/Mar/2026:05:40:22 -0700] "GET /shopdetail/3275354551.phtml?path=//usr/selector.etc HTTP/1.1" 200 14137 "-" "meta-externalagent/1.1 (+https://developers.facebook.com/docs/sharing/webmasters/crawler)" 196 **0/196231**
74.7.242.2 - - [26/Mar/2026:05:40:23 -0700] "GET /shopdetail/1998973450.phtml?fileloc=/home/nhqyemt2u0zd/public_html/wp-content/plugins/w3-total-cache/Cdn_Plugin_WidgetMaxCdn_View.js&path=/home/nhqyemt2u0zd/public_html/wp-content/plugins/w3-total-cache HTTP/1.1" 200 3021 "http://customcabinetsmass.com/shopdetail/1998973450.phtml?path=/home/nhqyemt2u0zd/public_html/wp-content/plugins/w3-total-cache" "Mozilla/5.0 AppleWebKit/537.36 (KHTML, like Gecko; compatible; GPTBot/1.3; +https://openai.com/gptbot)" 205 **0/205650**
57.141.14.89 - - [26/Mar/2026:05:40:24 -0700] "GET /shopdetail/2069673203.phtml?fileloc=//lib64/python2.7/Demo/xml/rss2html.pyc&path=//lib64/python2.7/Demo/xml HTTP/1.1" 200 12420 "-" "meta-externalagent/1.1 (+https://developers.facebook.com/docs/sharing/webmasters/crawler)" 191 **0/191757**
57.141.14.94 - - [26/Mar/2026:05:40:25 -0700] "GET /shopdetail/532933553.phtml?fileloc=//lib/python3.6/site-packages/rhn/__init__.py&path=//lib/python3.6/site-packages/rhn HTTP/1.1" 200 12605 "-" "meta-externalagent/1.1 (+https://developers.facebook.com/docs/sharing/webmasters/crawler)" 190 **0/190748**
51.75.128.89 - - [26/Mar/2026:05:40:25 -0700] "GET /exploring-the-psychological-impact-of-instant/?fileloc=//bin/chown&path=//bin HTTP/1.1" 200 2247 "-" "Mozilla/5.0 (compatible; MJ12bot/v1.4.8; http://mj12bot.com/)" 171 **0/171662**
74.7.242.2 - - [26/Mar/2026:05:40:26 -0700] "GET /shopdetail/1998973450.phtml?fileloc=/home/nhqyemt2u0zd/public_html/wp-content/plugins/w3-total-cache/Cdn_Highwinds_Page_View.js&path=/home/nhqyemt2u0zd/public_html/wp-content/plugins/w3-total-cache HTTP/1.1" 200 2868 "http://customcabinetsmass.com/shopdetail/1998973450.phtml?path=/home/nhqyemt2u0zd/public_html/wp-content/plugins/w3-total-cache" "Mozilla/5.0 AppleWebKit/537.36 (KHTML, like Gecko; compatible; GPTBot/1.3; +https://openai.com/gptbot)" 177 **0/177782**
57.141.14.3 - - [26/Mar/2026:05:40:26 -0700] "GET /shopdetail/3915778426.phtml?path=//usr/lib/modules/4.18.0-553.104.1.lve.el8.x86_64/kernel/net/qrtr HTTP/1.1" 200 16376 "-" "meta-externalagent/1.1 (+https://developers.facebook.com/docs/sharing/webmasters/crawler)" 178 **0/178824**
57.141.14.96 - - [26/Mar/2026:05:40:28 -0700] "GET /shopdetail/3275354551.phtml?fileloc=//bin/link&path=//bin HTTP/1.1" 200 12240 "-" "meta-externalagent/1.1 (+https://developers.facebook.com/docs/sharing/webmasters/crawler)" 193 **0/193849**
74.7.242.2 - - [26/Mar/2026:05:40:29 -0700] "GET /shopdetail/1998973450.phtml?fileloc=/home/nhqyemt2u0zd/public_html/wp-content/plugins/w3-total-cache/Cdnfsd_CloudFront_Page_View.js&path=/home/nhqyemt2u0zd/public_html/wp-content/plugins/w3-total-cache HTTP/1.1" 200 2861 "http://customcabinetsmass.com/shopdetail/1998973450.phtml?path=/home/nhqyemt2u0zd/public_html/wp-content/plugins/w3-total-cache" "Mozilla/5.0 AppleWebKit/537.36 (KHTML, like Gecko; compatible; GPTBot/1.3; +https://openai.com/gptbot)" 213 **0/213990**
51.75.128.89 - - [26/Mar/2026:05:40:29 -0700] "GET /exploring-the-psychological-impact-of-instant/?fileloc=//bin/chrt&path=//bin HTTP/1.1" 200 2246 "-" "Mozilla/5.0 (compatible; MJ12bot/v1.4.8; http://mj12bot.com/)" 240 **0/240792**
57.141.14.76 - - [26/Mar/2026:05:40:29 -0700] "GET /shopdetail/2069673203.phtml?fileloc=//lib64/python2.7/Demo/turtle/tdemo_paint.pyo&path=//lib64/python2.7/Demo/turtle HTTP/1.1" 200 12432 "-" "meta-externalagent/1.1 (+https://developers.facebook.com/docs/sharing/webmasters/crawler)" 199 **0/199409**
74.7.242.2 - - [26/Mar/2026:05:40:32 -0700] "GET /shopdetail/1998973450.phtml?fileloc=/home/nhqyemt2u0zd/public_html/wp-content/plugins/w3-total-cache/Cdnfsd_LimeLight_Page_View.js&path=/home/nhqyemt2u0zd/public_html/wp-content/plugins/w3-total-cache HTTP/1.1" 200 2725 "http://customcabinetsmass.com/shopdetail/1998973450.phtml?path=/home/nhqyemt2u0zd/public_html/wp-content/plugins/w3-total-cache" "Mozilla/5.0 AppleWebKit/537.36 (KHTML, like Gecko; compatible; GPTBot/1.3; +https://openai.com/gptbot)" 180 **0/180166**
51.75.128.89 - - [26/Mar/2026:05:40:33 -0700] "GET /exploring-the-psychological-impact-of-instant/?fileloc=//bin/cksum&path=//bin HTTP/1.1" 200 2247 "-" "Mozilla/5.0 (compatible; MJ12bot/v1.4.8; http://mj12bot.com/)" 202 **0/202330**
57.141.14.33 - - [26/Mar/2026:05:40:33 -0700] "GET /shopdetail/3275354551.phtml?fileloc=//lib64/libhistory.so.7.0&path=//lib64 HTTP/1.1" 200 12259 "-" "meta-externalagent/1.1 (+https://developers.facebook.com/docs/sharing/webmasters/crawler)" 240 **0/240208**
57.141.14.83 - - [26/Mar/2026:05:40:35 -0700] "GET /shopdetail/3275354551.phtml?path=//lib/gems HTTP/1.1" 200 13994 "-" "meta-externalagent/1.1 (+https://developers.facebook.com/docs/sharing/webmasters/crawler)" 172 **0/172450**
