136.243.228.194 - - [22/Mar/2026:11:53:52 -0700] "GET /shopdetail/4201419018.phtml?path=/home/nhqyemt2u0zd/public_html/fuMKCvLJHmEs HTTP/1.1" 200 2749 "-" "Mozilla/5.0 (compatible; DataForSeoBot/1.0; +https://dataforseo.com/dataforseo-bot)" 186 **0/186550**
136.243.228.194 - - [22/Mar/2026:11:54:02 -0700] "GET /shopdetail/4201419018.phtml?path=/home/nhqyemt2u0zd HTTP/1.1" 200 3581 "-" "Mozilla/5.0 (compatible; DataForSeoBot/1.0; +https://dataforseo.com/dataforseo-bot)" 216 **0/216763**
136.243.228.194 - - [22/Mar/2026:11:54:11 -0700] "GET /shopdetail/4201419018.phtml?fileloc=/home/nhqyemt2u0zd/public_html/wp-blog-header.php&path=/home/nhqyemt2u0zd/public_html HTTP/1.1" 200 2567 "-" "Mozilla/5.0 (compatible; DataForSeoBot/1.0; +https://dataforseo.com/dataforseo-bot)" 176 **0/176553**
20.212.48.224 - - [22/Mar/2026:11:54:16 -0700] "GET /admin.php HTTP/1.1" 200 3499 "-" "Mozilla/5.0 (Windows NT 10.0; Win64; x64) AppleWebKit/537.36 (KHTML, like Gecko) Chrome/120.0.0.0 Safari/537.36" 172 **0/172231**
136.243.228.194 - - [22/Mar/2026:11:54:23 -0700] "GET /shopdetail/4201419018.phtml?fileloc=/home/nhqyemt2u0zd/public_html/txets.php&path=/home/nhqyemt2u0zd/public_html HTTP/1.1" 200 2296 "-" "Mozilla/5.0 (compatible; DataForSeoBot/1.0; +https://dataforseo.com/dataforseo-bot)" 186 **0/186908**
136.243.228.194 - - [22/Mar/2026:11:54:32 -0700] "GET /shopdetail/4201419018.phtml?fileloc=/home/nhqyemt2u0zd/public_html/xmlrpc.php&path=/home/nhqyemt2u0zd/public_html HTTP/1.1" 200 3569 "-" "Mozilla/5.0 (compatible; DataForSeoBot/1.0; +https://dataforseo.com/dataforseo-bot)" 158 **0/158251**
136.243.228.194 - - [22/Mar/2026:11:54:41 -0700] "GET /shopdetail/4201419018.phtml?fileloc=/home/nhqyemt2u0zd/public_html/wp-config-sample.php&path=/home/nhqyemt2u0zd/public_html HTTP/1.1" 200 3447 "-" "Mozilla/5.0 (compatible; DataForSeoBot/1.0; +https://dataforseo.com/dataforseo-bot)" 164 **0/164153**
149.154.161.235 - - [22/Mar/2026:11:54:44 -0700] "GET /admin.php HTTP/2.0" 200 3499 "-" "TelegramBot (like TwitterBot)" 168 **0/168690**
136.243.228.194 - - [22/Mar/2026:11:54:53 -0700] "GET /shopdetail/4201419018.phtml?path=/home/nhqyemt2u0zd/public_html/.quarantine HTTP/1.1" 200 2578 "-" "Mozilla/5.0 (compatible; DataForSeoBot/1.0; +https://dataforseo.com/dataforseo-bot)" 147 **0/147675**
136.243.228.194 - - [22/Mar/2026:11:55:01 -0700] "GET /shopdetail/4201419018.phtml?path=/home/nhqyemt2u0zd/public_html/VbvyEGHh HTTP/1.1" 200 2620 "-" "Mozilla/5.0 (compatible; DataForSeoBot/1.0; +https://dataforseo.com/dataforseo-bot)" 423 **0/423850**
136.243.228.194 - - [22/Mar/2026:11:55:11 -0700] "GET /shopdetail/4201419018.phtml?fileloc=/home/nhqyemt2u0zd/public_html/wp-trackback.php&path=/home/nhqyemt2u0zd/public_html HTTP/1.1" 200 4004 "-" "Mozilla/5.0 (compatible; DataForSeoBot/1.0; +https://dataforseo.com/dataforseo-bot)" 197 **0/197163**
136.243.228.194 - - [22/Mar/2026:11:55:24 -0700] "GET /shopdetail/4201419018.phtml?path=/home/nhqyemt2u0zd/public_html/wp-includes HTTP/1.1" 200 8180 "-" "Mozilla/5.0 (compatible; DataForSeoBot/1.0; +https://dataforseo.com/dataforseo-bot)" 173 **0/173136**
136.243.228.194 - - [22/Mar/2026:11:55:33 -0700] "GET /shopdetail/4201419018.phtml?fileloc=/home/nhqyemt2u0zd/public_html/wp-load.php&path=/home/nhqyemt2u0zd/public_html HTTP/1.1" 200 3736 "-" "Mozilla/5.0 (compatible; DataForSeoBot/1.0; +https://dataforseo.com/dataforseo-bot)" 169 **0/169574**
136.243.228.194 - - [22/Mar/2026:11:55:42 -0700] "GET /shopdetail/4201419018.phtml?fileloc=/home/nhqyemt2u0zd/public_html/wp-signup.php&path=/home/nhqyemt2u0zd/public_html HTTP/1.1" 200 9352 "-" "Mozilla/5.0 (compatible; DataForSeoBot/1.0; +https://dataforseo.com/dataforseo-bot)" 169 **0/169014**
45.66.208.43 - - [22/Mar/2026:11:55:53 -0700] "POST /xmlrpc.php HTTP/1.1" 200 58195 "-" "Mozilla/5.0 (X11; Linux x86_64) AppleWebKit/537.36 (KHTML, like Gecko) Chrome/114.0.0.0 Safari/537.36 OPR/89.0.4447.51" 61 **0/61454**
136.243.228.194 - - [22/Mar/2026:11:55:54 -0700] "GET /shopdetail/4201419018.phtml?fileloc=/home/nhqyemt2u0zd/public_html/wp-settings.php&path=/home/nhqyemt2u0zd/public_html HTTP/1.1" 200 6659 "-" "Mozilla/5.0 (compatible; DataForSeoBot/1.0; +https://dataforseo.com/dataforseo-bot)" 156 **0/156972**
136.243.228.194 - - [22/Mar/2026:11:56:04 -0700] "GET /shopdetail/4201419018.phtml?fileloc=/home/nhqyemt2u0zd/public_html/error_log&path=/home/nhqyemt2u0zd/public_html HTTP/1.1" 200 18473 "-" "Mozilla/5.0 (compatible; DataForSeoBot/1.0; +https://dataforseo.com/dataforseo-bot)" 309 **0/309488**
136.243.228.194 - - [22/Mar/2026:11:56:12 -0700] "GET /shopdetail/4201419018.phtml?path=/home/nhqyemt2u0zd/public_html/wp-content HTTP/1.1" 200 2977 "-" "Mozilla/5.0 (compatible; DataForSeoBot/1.0; +https://dataforseo.com/dataforseo-bot)" 173 **0/173452**
136.243.228.194 - - [22/Mar/2026:11:56:26 -0700] "GET /shopdetail/4201419018.phtml?path=/ HTTP/1.1" 200 2903 "-" "Mozilla/5.0 (compatible; DataForSeoBot/1.0; +https://dataforseo.com/dataforseo-bot)" 166 **0/166446**
136.243.228.194 - - [22/Mar/2026:11:56:35 -0700] "GET /shopdetail/4201419018.phtml?fileloc=/home/nhqyemt2u0zd/public_html/.htaccess&path=/home/nhqyemt2u0zd/public_html HTTP/1.1" 200 3031 "-" "Mozilla/5.0 (compatible; DataForSeoBot/1.0; +https://dataforseo.com/dataforseo-bot)" 163 **0/163535**
45.66.208.43 - - [22/Mar/2026:11:56:41 -0700] "POST /xmlrpc.php HTTP/1.1" 200 58195 "-" "Mozilla/5.0 (X11; Linux x86_64) AppleWebKit/537.36 (KHTML, like Gecko) Chrome/114.0.0.0 Safari/537.36 OPR/89.0.4447.51" 52 **0/52068**
136.243.228.194 - - [22/Mar/2026:11:56:46 -0700] "GET /shopdetail/4201419018.phtml?fileloc=/home/nhqyemt2u0zd/public_html/license.txt&path=/home/nhqyemt2u0zd/public_html HTTP/1.1" 200 9315 "-" "Mozilla/5.0 (compatible; DataForSeoBot/1.0; +https://dataforseo.com/dataforseo-bot)" 167 **0/167993**
136.243.228.194 - - [22/Mar/2026:11:56:58 -0700] "GET /shopdetail/4201419018.phtml?path=/home/nhqyemt2u0zd/public_html HTTP/1.1" 200 3499 "-" "Mozilla/5.0 (compatible; DataForSeoBot/1.0; +https://dataforseo.com/dataforseo-bot)" 150 **0/150505**
157.22.100.50 - - [22/Mar/2026:11:56:52 -0700] "POST /xmlrpc.php HTTP/1.1" 200 58195 "-" "Mozilla/5.0 (X11; Linux x86_64) AppleWebKit/537.36 (KHTML, like Gecko) Chrome/114.0.0.0 Safari/537.36 OPR/89.0.4447.51" 9932 **9/9932833**
157.22.100.50 - - [22/Mar/2026:11:57:03 -0700] "POST /xmlrpc.php HTTP/1.1" 200 58195 "-" "Mozilla/5.0 (X11; Linux x86_64) AppleWebKit/537.36 (KHTML, like Gecko) Chrome/114.0.0.0 Safari/537.36 OPR/89.0.4447.51" 63 **0/63041**
136.243.228.194 - - [22/Mar/2026:11:57:07 -0700] "GET /shopdetail/4201419018.phtml?path=/home HTTP/1.1" 200 2528 "-" "Mozilla/5.0 (compatible; DataForSeoBot/1.0; +https://dataforseo.com/dataforseo-bot)" 160 **0/160437**
136.243.228.194 - - [22/Mar/2026:11:57:16 -0700] "GET /shopdetail/854078780.phtml?fileloc=/home/nhqyemt2u0zd/public_html/index.php&path=/home/nhqyemt2u0zd/public_html HTTP/1.1" 200 11430 "-" "Mozilla/5.0 (compatible; DataForSeoBot/1.0; +https://dataforseo.com/dataforseo-bot)" 155 **0/155970**
136.243.228.194 - - [22/Mar/2026:11:57:28 -0700] "GET /shopdetail/854078780.phtml?path=/home/nhqyemt2u0zd/public_html HTTP/1.1" 200 3499 "-" "Mozilla/5.0 (compatible; DataForSeoBot/1.0; +https://dataforseo.com/dataforseo-bot)" 168 **0/168833**
136.243.228.194 - - [22/Mar/2026:11:57:36 -0700] "GET /shopdetail/854078780.phtml?fileloc=/home/nhqyemt2u0zd/public_html/wp-cron.php&path=/home/nhqyemt2u0zd/public_html HTTP/1.1" 200 3863 "-" "Mozilla/5.0 (compatible; DataForSeoBot/1.0; +https://dataforseo.com/dataforseo-bot)" 161 **0/161406**
136.243.228.194 - - [22/Mar/2026:11:57:44 -0700] "GET /shopdetail/854078780.phtml?path=/home/nhqyemt2u0zd/public_html/VbvyEGHh HTTP/1.1" 200 2620 "-" "Mozilla/5.0 (compatible; DataForSeoBot/1.0; +https://dataforseo.com/dataforseo-bot)" 168 **0/168157**
136.243.228.194 - - [22/Mar/2026:11:57:58 -0700] "GET /shopdetail/854078780.phtml?fileloc=/home/nhqyemt2u0zd/public_html/wp-signup.php&path=/home/nhqyemt2u0zd/public_html HTTP/1.1" 200 9352 "-" "Mozilla/5.0 (compatible; DataForSeoBot/1.0; +https://dataforseo.com/dataforseo-bot)" 168 **0/168299**
136.243.228.194 - - [22/Mar/2026:11:58:06 -0700] "GET /shopdetail/854078780.phtml?fileloc=/home/nhqyemt2u0zd/public_html/wp-config.php&path=/home/nhqyemt2u0zd/public_html HTTP/1.1" 200 3972 "-" "Mozilla/5.0 (compatible; DataForSeoBot/1.0; +https://dataforseo.com/dataforseo-bot)" 165 **0/165779**
136.243.228.194 - - [22/Mar/2026:11:58:16 -0700] "GET /shopdetail/854078780.phtml?fileloc=/home/nhqyemt2u0zd/public_html/wp-activate.php&path=/home/nhqyemt2u0zd/public_html HTTP/1.1" 200 4541 "-" "Mozilla/5.0 (compatible; DataForSeoBot/1.0; +https://dataforseo.com/dataforseo-bot)" 163 **0/163399**
136.243.228.194 - - [22/Mar/2026:11:58:29 -0700] "GET /shopdetail/854078780.phtml?path=/home/nhqyemt2u0zd/public_html/wp-content HTTP/1.1" 200 2977 "-" "Mozilla/5.0 (compatible; DataForSeoBot/1.0; +https://dataforseo.com/dataforseo-bot)" 156 **0/156446**
47.128.37.13 - - [22/Mar/2026:11:58:29 -0700] "GET /top-sitios-en-2025/?fileloc=%2Fhome%2Fnhqyemt2u0zd%2Fpublic_html%2Fhome.html&path=%2Fhome%2Fnhqyemt2u0zd%2Fpublic_html HTTP/2.0" 403 3499 "-" "Mozilla/5.0 (Linux; Android 5.0) AppleWebKit/537.36 (KHTML, like Gecko) Mobile Safari/537.36 (compatible; Bytespider; spider-feedback@bytedance.com)" 165 **0/165561**
136.243.228.194 - - [22/Mar/2026:11:58:38 -0700] "GET /shopdetail/3323810064.phtml?fileloc=/home/nhqyemt2u0zd/public_html/wp-comments-post.php&path=/home/nhqyemt2u0zd/public_html HTTP/1.1" 200 3273 "-" "Mozilla/5.0 (compatible; DataForSeoBot/1.0; +https://dataforseo.com/dataforseo-bot)" 156 **0/156276**
136.243.228.194 - - [22/Mar/2026:11:58:48 -0700] "GET /shopdetail/854078780.phtml?path=/home/nhqyemt2u0zd/public_html/fuMKCvLJHmEs HTTP/1.1" 200 2749 "-" "Mozilla/5.0 (compatible; DataForSeoBot/1.0; +https://dataforseo.com/dataforseo-bot)" 149 **0/149280**
136.243.228.194 - - [22/Mar/2026:11:58:59 -0700] "GET /shopdetail/854078780.phtml?fileloc=/home/nhqyemt2u0zd/public_html/robots.txt&path=/home/nhqyemt2u0zd/public_html HTTP/1.1" 200 2307 "-" "Mozilla/5.0 (compatible; DataForSeoBot/1.0; +https://dataforseo.com/dataforseo-bot)" 171 **0/171232**
136.243.228.194 - - [22/Mar/2026:11:59:09 -0700] "GET /shopdetail/854078780.phtml?path=/home/nhqyemt2u0zd/public_html/wp-includes HTTP/1.1" 200 8180 "-" "Mozilla/5.0 (compatible; DataForSeoBot/1.0; +https://dataforseo.com/dataforseo-bot)" 177 **0/177093**
192.42.116.14 - - [22/Mar/2026:11:59:14 -0700] "GET /wp-login.php HTTP/2.0" 200 3499 "-" "Mozilla/5.0 (Macintosh; Intel Mac OS X 13_5) AppleWebKit/605.1.15 (KHTML, like Gecko) Version/17.5 Safari/605.1.15" 64 **0/64895**
136.243.228.194 - - [22/Mar/2026:11:59:18 -0700] "GET /shopdetail/854078780.phtml?fileloc=/home/nhqyemt2u0zd/public_html/wp-trackback.php&path=/home/nhqyemt2u0zd/public_html HTTP/1.1" 200 4004 "-" "Mozilla/5.0 (compatible; DataForSeoBot/1.0; +https://dataforseo.com/dataforseo-bot)" 158 **0/158848**
176.125.231.183 - - [22/Mar/2026:11:59:26 -0700] "POST /xmlrpc.php HTTP/2.0" 200 3499 "-" "Mozilla/5.0 (Macintosh; Intel Mac OS X 13_5) AppleWebKit/605.1.15 (KHTML, like Gecko) Version/17.5 Safari/605.1.15" 62 **0/62711**
136.243.228.194 - - [22/Mar/2026:11:59:30 -0700] "GET /shopdetail/854078780.phtml?fileloc=/home/nhqyemt2u0zd/public_html/wp-settings.php&path=/home/nhqyemt2u0zd/public_html HTTP/1.1" 200 6659 "-" "Mozilla/5.0 (compatible; DataForSeoBot/1.0; +https://dataforseo.com/dataforseo-bot)" 166 **0/166297**
136.243.228.194 - - [22/Mar/2026:11:59:39 -0700] "GET /shopdetail/854078780.phtml?path=/home/nhqyemt2u0zd/public_html/images HTTP/1.1" 200 2687 "-" "Mozilla/5.0 (compatible; DataForSeoBot/1.0; +https://dataforseo.com/dataforseo-bot)" 167 **0/167918**
136.243.228.194 - - [22/Mar/2026:11:59:47 -0700] "GET /shopdetail/854078780.phtml?fileloc=/home/nhqyemt2u0zd/public_html/license.txt&path=/home/nhqyemt2u0zd/public_html HTTP/1.1" 200 9315 "-" "Mozilla/5.0 (compatible; DataForSeoBot/1.0; +https://dataforseo.com/dataforseo-bot)" 165 **0/165952**
136.243.228.194 - - [22/Mar/2026:12:00:00 -0700] "GET /shopdetail/854078780.phtml?path=/ HTTP/1.1" 200 2903 "-" "Mozilla/5.0 (compatible; DataForSeoBot/1.0; +https://dataforseo.com/dataforseo-bot)" 183 **0/183592**
136.243.228.194 - - [22/Mar/2026:12:00:10 -0700] "GET /shopdetail/854078780.phtml?fileloc=/home/nhqyemt2u0zd/public_html/xmlrpc.php&path=/home/nhqyemt2u0zd/public_html HTTP/1.1" 200 3569 "-" "Mozilla/5.0 (compatible; DataForSeoBot/1.0; +https://dataforseo.com/dataforseo-bot)" 177 **0/177043**
136.243.228.194 - - [22/Mar/2026:12:00:21 -0700] "GET /shopdetail/854078780.phtml?path=/home/nhqyemt2u0zd/public_html/YBWHzyFleXt HTTP/1.1" 200 2716 "-" "Mozilla/5.0 (compatible; DataForSeoBot/1.0; +https://dataforseo.com/dataforseo-bot)" 4135 **4/4135495**
154.47.16.233 - - [22/Mar/2026:12:00:32 -0700] "POST /xmlrpc.php HTTP/2.0" 200 3499 "-" "Mozilla/5.0 (Macintosh; Intel Mac OS X 13_5) AppleWebKit/605.1.15 (KHTML, like Gecko) Version/17.5 Safari/605.1.15" 85 **0/85651**
151.241.122.83 - - [22/Mar/2026:12:00:33 -0700] "POST /xmlrpc.php HTTP/2.0" 200 3499 "-" "Mozilla/5.0 (Macintosh; Intel Mac OS X 13_5) AppleWebKit/605.1.15 (KHTML, like Gecko) Version/17.5 Safari/605.1.15" 87 **0/87504**
136.243.228.194 - - [22/Mar/2026:12:00:33 -0700] "GET /shopdetail/854078780.phtml?fileloc=/home/nhqyemt2u0zd/public_html/wp-login.php&path=/home/nhqyemt2u0zd/public_html HTTP/1.1" 200 12647 "-" "Mozilla/5.0 (compatible; DataForSeoBot/1.0; +https://dataforseo.com/dataforseo-bot)" 202 **0/202276**
136.243.228.194 - - [22/Mar/2026:12:00:41 -0700] "GET /shopdetail/854078780.phtml?path=/home/nhqyemt2u0zd HTTP/1.1" 200 3581 "-" "Mozilla/5.0 (compatible; DataForSeoBot/1.0; +https://dataforseo.com/dataforseo-bot)" 160 **0/160929**
84.17.35.34 - - [22/Mar/2026:12:00:42 -0700] "GET /wp-login.php HTTP/2.0" 200 3499 "-" "Mozilla/5.0 (Macintosh; Intel Mac OS X 13_5) AppleWebKit/605.1.15 (KHTML, like Gecko) Version/17.5 Safari/605.1.15" 66 **0/66459**
103.215.229.119 - - [22/Mar/2026:12:00:47 -0700] "GET /explore-the-thrill-of-online-casino-slotit-uk/ HTTP/1.1" 200 3499 "https://customcabinetsmass.com/" "Mozilla/5.0 (Windows NT 10.0; Win64; x64; Xbox; Xbox One) AppleWebKit/537.36 (KHTML, like Gecko) Chrome/114.0.0.0 Safari/537.36 Edge/44.18363.8131" 179 **0/179532**
103.215.229.119 - - [22/Mar/2026:12:00:48 -0700] "GET /explore-the-thrill-of-online-casino-slotit-uk/?fileloc=/home/nhqyemt2u0zd/public_html/wp-config-sample.php&path=/home/nhqyemt2u0zd/public_html HTTP/1.1" 200 3447 "https://customcabinetsmass.com/explore-the-thrill-of-online-casino-slotit-uk/" "Mozilla/5.0 (Windows NT 10.0; Win64; x64; Xbox; Xbox One) AppleWebKit/537.36 (KHTML, like Gecko) Chrome/114.0.0.0 Safari/537.36 Edge/44.18363.8131" 168 **0/168098**
136.243.228.194 - - [22/Mar/2026:12:00:50 -0700] "GET /shopdetail/854078780.phtml?fileloc=/home/nhqyemt2u0zd/public_html/txets.php&path=/home/nhqyemt2u0zd/public_html HTTP/1.1" 200 2296 "-" "Mozilla/5.0 (compatible; DataForSeoBot/1.0; +https://dataforseo.com/dataforseo-bot)" 192 **0/192522**
136.243.228.194 - - [22/Mar/2026:12:01:02 -0700] "GET /shopdetail/854078780.phtml?fileloc=/home/nhqyemt2u0zd/public_html/wp-comments-post.php&path=/home/nhqyemt2u0zd/public_html HTTP/1.1" 200 3273 "-" "Mozilla/5.0 (compatible; DataForSeoBot/1.0; +https://dataforseo.com/dataforseo-bot)" 186 **0/186599**
45.141.215.110 - - [22/Mar/2026:12:01:05 -0700] "POST /xmlrpc.php HTTP/2.0" 200 3499 "-" "Mozilla/5.0 (Macintosh; Intel Mac OS X 13_5) AppleWebKit/605.1.15 (KHTML, like Gecko) Version/17.5 Safari/605.1.15" 77 **0/77311**
136.243.228.194 - - [22/Mar/2026:12:01:11 -0700] "GET /shopdetail/854078780.phtml?fileloc=/home/nhqyemt2u0zd/public_html/wp-links-opml.php&path=/home/nhqyemt2u0zd/public_html HTTP/1.1" 200 3334 "-" "Mozilla/5.0 (compatible; DataForSeoBot/1.0; +https://dataforseo.com/dataforseo-bot)" 175 **0/175811**
158.173.155.243 - - [22/Mar/2026:12:01:17 -0700] "POST /xmlrpc.php HTTP/2.0" 200 3499 "-" "Mozilla/5.0 (Macintosh; Intel Mac OS X 13_5) AppleWebKit/605.1.15 (KHTML, like Gecko) Version/17.5 Safari/605.1.15" 75 **0/75366**
136.243.228.194 - - [22/Mar/2026:12:01:21 -0700] "GET /shopdetail/854078780.phtml?fileloc=/home/nhqyemt2u0zd/public_html/wp-config-sample.php&path=/home/nhqyemt2u0zd/public_html HTTP/1.1" 200 3447 "-" "Mozilla/5.0 (compatible; DataForSeoBot/1.0; +https://dataforseo.com/dataforseo-bot)" 190 **0/190847**
62.12.118.202 - - [22/Mar/2026:12:01:29 -0700] "POST /xmlrpc.php HTTP/2.0" 200 3499 "-" "Mozilla/5.0 (Macintosh; Intel Mac OS X 13_5) AppleWebKit/605.1.15 (KHTML, like Gecko) Version/17.5 Safari/605.1.15" 64 **0/64352**
136.243.228.194 - - [22/Mar/2026:12:01:34 -0700] "GET /shopdetail/854078780.phtml?path=/home/nhqyemt2u0zd/public_html/cgi-bin HTTP/1.1" 200 2644 "-" "Mozilla/5.0 (compatible; DataForSeoBot/1.0; +https://dataforseo.com/dataforseo-bot)" 164 **0/164191**
136.243.228.194 - - [22/Mar/2026:12:01:43 -0700] "GET /shopdetail/854078780.phtml?fileloc=/home/nhqyemt2u0zd/public_html/wp-mail.php&path=/home/nhqyemt2u0zd/public_html HTTP/1.1" 200 5093 "-" "Mozilla/5.0 (compatible; DataForSeoBot/1.0; +https://dataforseo.com/dataforseo-bot)" 171 **0/171375**
136.243.228.194 - - [22/Mar/2026:12:01:52 -0700] "GET /shopdetail/854078780.phtml?path=/home/nhqyemt2u0zd/public_html/wp-admin HTTP/1.1" 200 5115 "-" "Mozilla/5.0 (compatible; DataForSeoBot/1.0; +https://dataforseo.com/dataforseo-bot)" 160 **0/160064**
136.243.228.194 - - [22/Mar/2026:12:02:03 -0700] "GET /shopdetail/854078780.phtml?path=/home HTTP/1.1" 200 2528 "-" "Mozilla/5.0 (compatible; DataForSeoBot/1.0; +https://dataforseo.com/dataforseo-bot)" 172 **0/172817**
23.81.17.35 - - [22/Mar/2026:12:02:12 -0700] "GET /wp-login.php?wp_lang=en_US HTTP/2.0" 200 3499 "-" "Mozilla/5.0 (Windows NT 10.0; Win64; x64) AppleWebKit/537.36 (KHTML, like Gecko) Chrome/124.0.6367.207 Safari/537.36" 68 **0/68775**
136.243.228.194 - - [22/Mar/2026:12:02:12 -0700] "GET /shopdetail/854078780.phtml?fileloc=/home/nhqyemt2u0zd/public_html/error_log&path=/home/nhqyemt2u0zd/public_html HTTP/1.1" 200 18473 "-" "Mozilla/5.0 (compatible; DataForSeoBot/1.0; +https://dataforseo.com/dataforseo-bot)" 283 **0/283544**
136.243.228.194 - - [22/Mar/2026:12:02:23 -0700] "GET /shopdetail/854078780.phtml?path=/home/nhqyemt2u0zd/public_html/LMrFPcNYgS HTTP/1.1" 200 2757 "-" "Mozilla/5.0 (compatible; DataForSeoBot/1.0; +https://dataforseo.com/dataforseo-bot)" 177 **0/177149**
195.86.38.6 - - [22/Mar/2026:12:02:24 -0700] "GET /wp-login.php?wp_lang=en_US HTTP/2.0" 200 3499 "-" "Mozilla/5.0 (Windows NT 10.0; Win64; x64) AppleWebKit/537.36 (KHTML, like Gecko) Chrome/124.0.6367.207 Safari/537.36" 70 **0/70399**
51.210.104.116 - - [22/Mar/2026:12:02:27 -0700] "GET /wp-login.php?wp_lang=en_US HTTP/2.0" 200 3499 "-" "Mozilla/5.0 (Windows NT 10.0; Win64; x64) AppleWebKit/537.36 (KHTML, like Gecko) Chrome/124.0.6367.207 Safari/537.36" 62 **0/62909**
51.210.110.89 - - [22/Mar/2026:12:02:28 -0700] "GET /wp-login.php?wp_lang=en_US HTTP/2.0" 200 3499 "-" "Mozilla/5.0 (Windows NT 10.0; Win64; x64) AppleWebKit/537.36 (KHTML, like Gecko) Chrome/124.0.6367.207 Safari/537.36" 65 **0/65684**
47.128.37.19 - - [22/Mar/2026:12:02:30 -0700] "GET /the-evolution-of-casino-gaming-from-land-based-to-9/?fileloc=%2Fhome%2Fnhqyemt2u0zd%2Fpublic_html%2F.htaccess&path=%2Fhome%2Fnhqyemt2u0zd%2Fpublic_html HTTP/2.0" 403 3499 "-" "Mozilla/5.0 (Linux; Android 5.0) AppleWebKit/537.36 (KHTML, like Gecko) Mobile Safari/537.36 (compatible; Bytespider; spider-feedback@bytedance.com)" 180 **0/180536**
136.243.228.194 - - [22/Mar/2026:12:02:33 -0700] "GET /shopdetail/854078780.phtml?path=/home/nhqyemt2u0zd/public_html/.tmb HTTP/1.1" 200 2730 "-" "Mozilla/5.0 (compatible; DataForSeoBot/1.0; +https://dataforseo.com/dataforseo-bot)" 160 **0/160023**
136.243.228.194 - - [22/Mar/2026:12:02:43 -0700] "GET /shopdetail/854078780.phtml?fileloc=/home/nhqyemt2u0zd/public_html/wp-load.php&path=/home/nhqyemt2u0zd/public_html HTTP/1.1" 200 3736 "-" "Mozilla/5.0 (compatible; DataForSeoBot/1.0; +https://dataforseo.com/dataforseo-bot)" 151 **0/151450**
136.243.228.194 - - [22/Mar/2026:12:02:52 -0700] "GET /shopdetail/854078780.phtml?fileloc=/home/nhqyemt2u0zd/public_html/wp-blog-header.php&path=/home/nhqyemt2u0zd/public_html HTTP/1.1" 200 2567 "-" "Mozilla/5.0 (compatible; DataForSeoBot/1.0; +https://dataforseo.com/dataforseo-bot)" 178 **0/178291**
136.243.228.194 - - [22/Mar/2026:12:03:05 -0700] "GET /shopdetail/854078780.phtml?fileloc=/home/nhqyemt2u0zd/public_html/.htaccess&path=/home/nhqyemt2u0zd/public_html HTTP/1.1" 200 3031 "-" "Mozilla/5.0 (compatible; DataForSeoBot/1.0; +https://dataforseo.com/dataforseo-bot)" 163 **0/163218**
95.181.238.169 - - [22/Mar/2026:12:03:13 -0700] "GET /wp-login.php?wp_lang=en_US HTTP/2.0" 200 3499 "-" "Mozilla/5.0 (Windows NT 10.0; Win64; x64) AppleWebKit/537.36 (KHTML, like Gecko) Chrome/124.0.6367.207 Safari/537.36" 61 **0/61282**
136.243.228.194 - - [22/Mar/2026:12:03:14 -0700] "GET /shopdetail/854078780.phtml?path=/home/nhqyemt2u0zd/public_html/.quarantine HTTP/1.1" 200 2578 "-" "Mozilla/5.0 (compatible; DataForSeoBot/1.0; +https://dataforseo.com/dataforseo-bot)" 177 **0/177639**
185.181.61.201 - - [22/Mar/2026:12:03:14 -0700] "GET /wp-login.php?wp_lang=en_US HTTP/2.0" 200 3499 "-" "Mozilla/5.0 (Windows NT 10.0; Win64; x64) AppleWebKit/537.36 (KHTML, like Gecko) Chrome/124.0.6367.207 Safari/537.36" 66 **0/66715**
87.118.110.27 - - [22/Mar/2026:12:03:22 -0700] "GET /wp-login.php?wp_lang=en_US HTTP/2.0" 200 3499 "-" "Mozilla/5.0 (Windows NT 10.0; Win64; x64) AppleWebKit/537.36 (KHTML, like Gecko) Chrome/124.0.6367.207 Safari/537.36" 61 **0/61080**
136.243.228.194 - - [22/Mar/2026:12:03:23 -0700] "GET /shopdetail/4037521397.phtml?path=/home/nhqyemt2u0zd HTTP/1.1" 200 3581 "-" "Mozilla/5.0 (compatible; DataForSeoBot/1.0; +https://dataforseo.com/dataforseo-bot)" 157 **0/157112**
45.66.35.35 - - [22/Mar/2026:12:03:33 -0700] "GET /wp-login.php?wp_lang=en_US HTTP/2.0" 200 3499 "-" "Mozilla/5.0 (Windows NT 10.0; Win64; x64) AppleWebKit/537.36 (KHTML, like Gecko) Chrome/124.0.6367.207 Safari/537.36" 57 **0/57775**
181.214.153.62 - - [22/Mar/2026:12:03:34 -0700] "GET /wp-login.php?wp_lang=en_US HTTP/2.0" 200 3499 "-" "Mozilla/5.0 (Windows NT 10.0; Win64; x64) AppleWebKit/537.36 (KHTML, like Gecko) Chrome/124.0.6367.207 Safari/537.36" 52 **0/52556**
136.243.228.194 - - [22/Mar/2026:12:03:35 -0700] "GET /shopdetail/4037521397.phtml?path=/home/nhqyemt2u0zd/public_html HTTP/1.1" 200 3499 "-" "Mozilla/5.0 (compatible; DataForSeoBot/1.0; +https://dataforseo.com/dataforseo-bot)" 156 **0/156812**
136.243.228.194 - - [22/Mar/2026:12:03:44 -0700] "GET /shopdetail/4037521397.phtml?fileloc=/home/nhqyemt2u0zd/public_html/wp-trackback.php&path=/home/nhqyemt2u0zd/public_html HTTP/1.1" 200 4004 "-" "Mozilla/5.0 (compatible; DataForSeoBot/1.0; +https://dataforseo.com/dataforseo-bot)" 151 **0/151776**
136.243.228.194 - - [22/Mar/2026:12:03:52 -0700] "GET /shopdetail/4037521397.phtml?fileloc=/home/nhqyemt2u0zd/public_html/wp-config-sample.php&path=/home/nhqyemt2u0zd/public_html HTTP/1.1" 200 3447 "-" "Mozilla/5.0 (compatible; DataForSeoBot/1.0; +https://dataforseo.com/dataforseo-bot)" 157 **0/157197**
136.243.228.194 - - [22/Mar/2026:12:04:05 -0700] "GET /shopdetail/4037521397.phtml?fileloc=/home/nhqyemt2u0zd/public_html/wp-config.php&path=/home/nhqyemt2u0zd/public_html HTTP/1.1" 200 3972 "-" "Mozilla/5.0 (compatible; DataForSeoBot/1.0; +https://dataforseo.com/dataforseo-bot)" 151 **0/151854**
136.243.228.194 - - [22/Mar/2026:12:04:15 -0700] "GET /shopdetail/4037521397.phtml?fileloc=/home/nhqyemt2u0zd/public_html/wp-cron.php&path=/home/nhqyemt2u0zd/public_html HTTP/1.1" 200 3863 "-" "Mozilla/5.0 (compatible; DataForSeoBot/1.0; +https://dataforseo.com/dataforseo-bot)" 155 **0/155627**
136.243.228.194 - - [22/Mar/2026:12:04:25 -0700] "GET /shopdetail/4037521397.phtml?path=/home HTTP/1.1" 200 2528 "-" "Mozilla/5.0 (compatible; DataForSeoBot/1.0; +https://dataforseo.com/dataforseo-bot)" 152 **0/152002**
136.243.228.194 - - [22/Mar/2026:12:04:35 -0700] "GET /shopdetail/4037521397.phtml?fileloc=/home/nhqyemt2u0zd/public_html/wp-comments-post.php&path=/home/nhqyemt2u0zd/public_html HTTP/1.1" 200 3273 "-" "Mozilla/5.0 (compatible; DataForSeoBot/1.0; +https://dataforseo.com/dataforseo-bot)" 165 **0/165475**
45.133.193.145 - - [22/Mar/2026:12:04:41 -0700] "GET /wp-login.php?wp_lang=en_US HTTP/2.0" 200 3499 "-" "Mozilla/5.0 (Windows NT 10.0; Win64; x64) AppleWebKit/537.36 (KHTML, like Gecko) Chrome/124.0.6367.207 Safari/537.36" 51 **0/51430**
136.243.228.194 - - [22/Mar/2026:12:04:44 -0700] "GET /shopdetail/4037521397.phtml?path=/home/nhqyemt2u0zd/public_html/images HTTP/1.1" 200 2687 "-" "Mozilla/5.0 (compatible; DataForSeoBot/1.0; +https://dataforseo.com/dataforseo-bot)" 164 **0/164144**
154.47.16.241 - - [22/Mar/2026:12:04:48 -0700] "GET /wp-login.php?wp_lang=en_US HTTP/2.0" 200 3499 "-" "Mozilla/5.0 (Windows NT 10.0; Win64; x64) AppleWebKit/537.36 (KHTML, like Gecko) Chrome/124.0.6367.207 Safari/537.36" 83 **0/83784**
45.154.155.24 - - [22/Mar/2026:12:04:49 -0700] "GET /wp-login.php?wp_lang=en_US HTTP/2.0" 200 3499 "-" "Mozilla/5.0 (Windows NT 10.0; Win64; x64) AppleWebKit/537.36 (KHTML, like Gecko) Chrome/124.0.6367.207 Safari/537.36" 54 **0/54985**
136.243.228.194 - - [22/Mar/2026:12:04:53 -0700] "GET /shopdetail/4037521397.phtml?fileloc=/home/nhqyemt2u0zd/public_html/wp-mail.php&path=/home/nhqyemt2u0zd/public_html HTTP/1.1" 200 5093 "-" "Mozilla/5.0 (compatible; DataForSeoBot/1.0; +https://dataforseo.com/dataforseo-bot)" 163 **0/163848**
136.243.228.194 - - [22/Mar/2026:12:05:07 -0700] "GET /shopdetail/4037521397.phtml?fileloc=/home/nhqyemt2u0zd/public_html/wp-activate.php&path=/home/nhqyemt2u0zd/public_html HTTP/1.1" 200 4541 "-" "Mozilla/5.0 (compatible; DataForSeoBot/1.0; +https://dataforseo.com/dataforseo-bot)" 179 **0/179350**
136.243.228.194 - - [22/Mar/2026:12:05:17 -0700] "GET /shopdetail/4037521397.phtml?fileloc=/home/nhqyemt2u0zd/public_html/txets.php&path=/home/nhqyemt2u0zd/public_html HTTP/1.1" 200 2296 "-" "Mozilla/5.0 (compatible; DataForSeoBot/1.0; +https://dataforseo.com/dataforseo-bot)" 180 **0/180615**
136.243.228.194 - - [22/Mar/2026:12:05:26 -0700] "GET /shopdetail/4037521397.phtml?fileloc=/home/nhqyemt2u0zd/public_html/wp-links-opml.php&path=/home/nhqyemt2u0zd/public_html HTTP/1.1" 200 3334 "-" "Mozilla/5.0 (compatible; DataForSeoBot/1.0; +https://dataforseo.com/dataforseo-bot)" 163 **0/163184**
46.246.8.66 - - [22/Mar/2026:12:05:34 -0700] "GET /wp-login.php?wp_lang=en_US HTTP/2.0" 200 3499 "-" "Mozilla/5.0 (Windows NT 10.0; Win64; x64) AppleWebKit/537.36 (KHTML, like Gecko) Chrome/124.0.6367.207 Safari/537.36" 60 **0/60690**
149.88.109.142 - - [22/Mar/2026:12:05:35 -0700] "GET /wp-login.php?wp_lang=en_US HTTP/2.0" 200 3499 "-" "Mozilla/5.0 (Windows NT 10.0; Win64; x64) AppleWebKit/537.36 (KHTML, like Gecko) Chrome/124.0.6367.207 Safari/537.36" 57 **0/57929**
136.243.228.194 - - [22/Mar/2026:12:05:37 -0700] "GET /shopdetail/4037521397.phtml?path=/home/nhqyemt2u0zd/public_html/cgi-bin HTTP/1.1" 200 2644 "-" "Mozilla/5.0 (compatible; DataForSeoBot/1.0; +https://dataforseo.com/dataforseo-bot)" 150 **0/150244**
136.243.228.194 - - [22/Mar/2026:12:05:47 -0700] "GET /shopdetail/4037521397.phtml?path=/ HTTP/1.1" 200 2903 "-" "Mozilla/5.0 (compatible; DataForSeoBot/1.0; +https://dataforseo.com/dataforseo-bot)" 171 **0/171337**
136.243.228.194 - - [22/Mar/2026:12:05:55 -0700] "GET /shopdetail/4037521397.phtml?fileloc=/home/nhqyemt2u0zd/public_html/wp-load.php&path=/home/nhqyemt2u0zd/public_html HTTP/1.1" 200 3736 "-" "Mozilla/5.0 (compatible; DataForSeoBot/1.0; +https://dataforseo.com/dataforseo-bot)" 161 **0/161992**
173.244.56.13 - - [22/Mar/2026:12:05:59 -0700] "GET /wp-login.php?wp_lang=en_US HTTP/2.0" 200 3499 "-" "Mozilla/5.0 (Windows NT 10.0; Win64; x64) AppleWebKit/537.36 (KHTML, like Gecko) Chrome/124.0.6367.207 Safari/537.36" 68 **0/68171**
136.243.228.194 - - [22/Mar/2026:12:06:08 -0700] "GET /shopdetail/4037521397.phtml?fileloc=/home/nhqyemt2u0zd/public_html/license.txt&path=/home/nhqyemt2u0zd/public_html HTTP/1.1" 200 9315 "-" "Mozilla/5.0 (compatible; DataForSeoBot/1.0; +https://dataforseo.com/dataforseo-bot)" 166 **0/166375**
136.243.228.194 - - [22/Mar/2026:12:06:18 -0700] "GET /shopdetail/4037521397.phtml?fileloc=/home/nhqyemt2u0zd/public_html/wp-settings.php&path=/home/nhqyemt2u0zd/public_html HTTP/1.1" 200 6659 "-" "Mozilla/5.0 (compatible; DataForSeoBot/1.0; +https://dataforseo.com/dataforseo-bot)" 162 **0/162978**
136.243.228.194 - - [22/Mar/2026:12:06:26 -0700] "GET /shopdetail/4037521397.phtml?path=/home/nhqyemt2u0zd/public_html/YBWHzyFleXt HTTP/1.1" 200 2716 "-" "Mozilla/5.0 (compatible; DataForSeoBot/1.0; +https://dataforseo.com/dataforseo-bot)" 158 **0/158539**
47.128.37.166 - - [22/Mar/2026:12:06:31 -0700] "GET /the-evolution-of-casino-gaming-from-land-based-to-9/?path=%2Fhome%2Fnhqyemt2u0zd%2Fpublic_html%2FVbvyEGHh HTTP/2.0" 403 3499 "-" "Mozilla/5.0 (Linux; Android 5.0) AppleWebKit/537.36 (KHTML, like Gecko) Mobile Safari/537.36 (compatible; Bytespider; spider-feedback@bytedance.com)" 178 **0/178610**
136.243.228.194 - - [22/Mar/2026:12:06:39 -0700] "GET /shopdetail/4037521397.phtml?fileloc=/home/nhqyemt2u0zd/public_html/xmlrpc.php&path=/home/nhqyemt2u0zd/public_html HTTP/1.1" 200 3569 "-" "Mozilla/5.0 (compatible; DataForSeoBot/1.0; +https://dataforseo.com/dataforseo-bot)" 142 **0/142116**
136.243.228.194 - - [22/Mar/2026:12:06:49 -0700] "GET /shopdetail/4037521397.phtml?fileloc=/home/nhqyemt2u0zd/public_html/index.php&path=/home/nhqyemt2u0zd/public_html HTTP/1.1" 200 11430 "-" "Mozilla/5.0 (compatible; DataForSeoBot/1.0; +https://dataforseo.com/dataforseo-bot)" 159 **0/159106**
95.181.234.144 - - [22/Mar/2026:12:06:51 -0700] "GET /wp-login.php?wp_lang=en_US HTTP/2.0" 200 3499 "-" "Mozilla/5.0 (Windows NT 10.0; Win64; x64) AppleWebKit/537.36 (KHTML, like Gecko) Chrome/124.0.6367.207 Safari/537.36" 55 **0/55626**
136.243.228.194 - - [22/Mar/2026:12:06:57 -0700] "GET /shopdetail/4037521397.phtml?path=/home/nhqyemt2u0zd/public_html/wp-admin HTTP/1.1" 200 5115 "-" "Mozilla/5.0 (compatible; DataForSeoBot/1.0; +https://dataforseo.com/dataforseo-bot)" 163 **0/163957**
136.243.228.194 - - [22/Mar/2026:12:07:10 -0700] "GET /shopdetail/4037521397.phtml?path=/home/nhqyemt2u0zd/public_html/wp-content HTTP/1.1" 200 2977 "-" "Mozilla/5.0 (compatible; DataForSeoBot/1.0; +https://dataforseo.com/dataforseo-bot)" 165 **0/165097**
136.243.228.194 - - [22/Mar/2026:12:07:18 -0700] "GET /shopdetail/4037521397.phtml?path=/home/nhqyemt2u0zd/public_html/.tmb HTTP/1.1" 200 2730 "-" "Mozilla/5.0 (compatible; DataForSeoBot/1.0; +https://dataforseo.com/dataforseo-bot)" 154 **0/154099**
136.243.228.194 - - [22/Mar/2026:12:07:27 -0700] "GET /shopdetail/4037521397.phtml?fileloc=/home/nhqyemt2u0zd/public_html/wp-signup.php&path=/home/nhqyemt2u0zd/public_html HTTP/1.1" 200 9352 "-" "Mozilla/5.0 (compatible; DataForSeoBot/1.0; +https://dataforseo.com/dataforseo-bot)" 158 **0/158117**
136.243.228.194 - - [22/Mar/2026:12:07:41 -0700] "GET /shopdetail/4037521397.phtml?path=/home/nhqyemt2u0zd/public_html/VbvyEGHh HTTP/1.1" 200 2620 "-" "Mozilla/5.0 (compatible; DataForSeoBot/1.0; +https://dataforseo.com/dataforseo-bot)" 159 **0/159472**
136.243.228.194 - - [22/Mar/2026:12:07:50 -0700] "GET /shopdetail/4037521397.phtml?fileloc=/home/nhqyemt2u0zd/public_html/error_log&path=/home/nhqyemt2u0zd/public_html HTTP/1.1" 200 18473 "-" "Mozilla/5.0 (compatible; DataForSeoBot/1.0; +https://dataforseo.com/dataforseo-bot)" 288 **0/288452**
136.243.228.194 - - [22/Mar/2026:12:08:00 -0700] "GET /shopdetail/4037521397.phtml?path=/home/nhqyemt2u0zd/public_html/wp-includes HTTP/1.1" 200 8180 "-" "Mozilla/5.0 (compatible; DataForSeoBot/1.0; +https://dataforseo.com/dataforseo-bot)" 187 **0/187616**
136.243.228.194 - - [22/Mar/2026:12:08:12 -0700] "GET /shopdetail/4037521397.phtml?fileloc=/home/nhqyemt2u0zd/public_html/.htaccess&path=/home/nhqyemt2u0zd/public_html HTTP/1.1" 200 3031 "-" "Mozilla/5.0 (compatible; DataForSeoBot/1.0; +https://dataforseo.com/dataforseo-bot)" 165 **0/165920**
136.243.228.194 - - [22/Mar/2026:12:08:22 -0700] "GET /shopdetail/4037521397.phtml?path=/home/nhqyemt2u0zd/public_html/.quarantine HTTP/1.1" 200 2578 "-" "Mozilla/5.0 (compatible; DataForSeoBot/1.0; +https://dataforseo.com/dataforseo-bot)" 158 **0/158903**
136.243.228.194 - - [22/Mar/2026:12:08:30 -0700] "GET /shopdetail/4037521397.phtml?fileloc=/home/nhqyemt2u0zd/public_html/robots.txt&path=/home/nhqyemt2u0zd/public_html HTTP/1.1" 200 2307 "-" "Mozilla/5.0 (compatible; DataForSeoBot/1.0; +https://dataforseo.com/dataforseo-bot)" 165 **0/165103**
136.243.228.194 - - [22/Mar/2026:12:08:42 -0700] "GET /shopdetail/4037521397.phtml?path=/home/nhqyemt2u0zd/public_html/fuMKCvLJHmEs HTTP/1.1" 200 2749 "-" "Mozilla/5.0 (compatible; DataForSeoBot/1.0; +https://dataforseo.com/dataforseo-bot)" 161 **0/161626**
136.243.228.194 - - [22/Mar/2026:12:08:50 -0700] "GET /shopdetail/4037521397.phtml?fileloc=/home/nhqyemt2u0zd/public_html/wp-login.php&path=/home/nhqyemt2u0zd/public_html HTTP/1.1" 200 12647 "-" "Mozilla/5.0 (compatible; DataForSeoBot/1.0; +https://dataforseo.com/dataforseo-bot)" 168 **0/168750**
136.243.228.194 - - [22/Mar/2026:12:08:59 -0700] "GET /shopdetail/4037521397.phtml?path=/home/nhqyemt2u0zd/public_html/LMrFPcNYgS HTTP/1.1" 200 2757 "-" "Mozilla/5.0 (compatible; DataForSeoBot/1.0; +https://dataforseo.com/dataforseo-bot)" 163 **0/163969**
136.243.228.194 - - [22/Mar/2026:12:09:13 -0700] "GET /shopdetail/4037521397.phtml?fileloc=/home/nhqyemt2u0zd/public_html/wp-blog-header.php&path=/home/nhqyemt2u0zd/public_html HTTP/1.1" 200 2567 "-" "Mozilla/5.0 (compatible; DataForSeoBot/1.0; +https://dataforseo.com/dataforseo-bot)" 168 **0/168349**
136.243.228.194 - - [22/Mar/2026:12:09:22 -0700] "GET /shopdetail/923957184.phtml?fileloc=/home/nhqyemt2u0zd/public_html/wp-cron.php&path=/home/nhqyemt2u0zd/public_html HTTP/1.1" 200 3863 "-" "Mozilla/5.0 (compatible; DataForSeoBot/1.0; +https://dataforseo.com/dataforseo-bot)" 178 **0/178707**
136.243.228.194 - - [22/Mar/2026:12:09:31 -0700] "GET /shopdetail/923957184.phtml?path=/home/nhqyemt2u0zd/public_html/wp-includes HTTP/1.1" 200 8180 "-" "Mozilla/5.0 (compatible; DataForSeoBot/1.0; +https://dataforseo.com/dataforseo-bot)" 177 **0/177135**
136.243.228.194 - - [22/Mar/2026:12:09:43 -0700] "GET /shopdetail/923957184.phtml?fileloc=/home/nhqyemt2u0zd/public_html/license.txt&path=/home/nhqyemt2u0zd/public_html HTTP/1.1" 200 9315 "-" "Mozilla/5.0 (compatible; DataForSeoBot/1.0; +https://dataforseo.com/dataforseo-bot)" 173 **0/173052**
136.243.228.194 - - [22/Mar/2026:12:09:52 -0700] "GET /shopdetail/923957184.phtml?path=/home/nhqyemt2u0zd HTTP/1.1" 200 3581 "-" "Mozilla/5.0 (compatible; DataForSeoBot/1.0; +https://dataforseo.com/dataforseo-bot)" 162 **0/162359**
136.243.228.194 - - [22/Mar/2026:12:10:00 -0700] "GET /shopdetail/923957184.phtml?path=/home/nhqyemt2u0zd/public_html/wp-content HTTP/1.1" 200 2977 "-" "Mozilla/5.0 (compatible; DataForSeoBot/1.0; +https://dataforseo.com/dataforseo-bot)" 161 **0/161689**
136.243.228.194 - - [22/Mar/2026:12:10:14 -0700] "GET /shopdetail/923957184.phtml?fileloc=/home/nhqyemt2u0zd/public_html/.htaccess&path=/home/nhqyemt2u0zd/public_html HTTP/1.1" 200 3031 "-" "Mozilla/5.0 (compatible; DataForSeoBot/1.0; +https://dataforseo.com/dataforseo-bot)" 164 **0/164886**
136.243.228.194 - - [22/Mar/2026:12:10:23 -0700] "GET /shopdetail/923957184.phtml?path=/home/nhqyemt2u0zd/public_html/LMrFPcNYgS HTTP/1.1" 200 2757 "-" "Mozilla/5.0 (compatible; DataForSeoBot/1.0; +https://dataforseo.com/dataforseo-bot)" 156 **0/156813**
136.243.228.194 - - [22/Mar/2026:12:10:33 -0700] "GET /shopdetail/923957184.phtml?path=/home/nhqyemt2u0zd/public_html/wp-admin HTTP/1.1" 200 5115 "-" "Mozilla/5.0 (compatible; DataForSeoBot/1.0; +https://dataforseo.com/dataforseo-bot)" 164 **0/164057**
136.243.228.194 - - [22/Mar/2026:12:10:45 -0700] "GET /shopdetail/923957184.phtml?path=/home/nhqyemt2u0zd/public_html HTTP/1.1" 200 3499 "-" "Mozilla/5.0 (compatible; DataForSeoBot/1.0; +https://dataforseo.com/dataforseo-bot)" 162 **0/162030**
136.243.228.194 - - [22/Mar/2026:12:10:54 -0700] "GET /shopdetail/923957184.phtml?path=/home/nhqyemt2u0zd/public_html/YBWHzyFleXt HTTP/1.1" 200 2716 "-" "Mozilla/5.0 (compatible; DataForSeoBot/1.0; +https://dataforseo.com/dataforseo-bot)" 165 **0/165704**
136.243.228.194 - - [22/Mar/2026:12:11:03 -0700] "GET /shopdetail/923957184.phtml?fileloc=/home/nhqyemt2u0zd/public_html/wp-load.php&path=/home/nhqyemt2u0zd/public_html HTTP/1.1" 200 3736 "-" "Mozilla/5.0 (compatible; DataForSeoBot/1.0; +https://dataforseo.com/dataforseo-bot)" 161 **0/161631**
136.243.228.194 - - [22/Mar/2026:12:11:17 -0700] "GET /shopdetail/923957184.phtml?fileloc=/home/nhqyemt2u0zd/public_html/wp-links-opml.php&path=/home/nhqyemt2u0zd/public_html HTTP/1.1" 200 3334 "-" "Mozilla/5.0 (compatible; DataForSeoBot/1.0; +https://dataforseo.com/dataforseo-bot)" 171 **0/171845**
136.243.228.194 - - [22/Mar/2026:12:11:25 -0700] "GET /shopdetail/923957184.phtml?fileloc=/home/nhqyemt2u0zd/public_html/robots.txt&path=/home/nhqyemt2u0zd/public_html HTTP/1.1" 200 2307 "-" "Mozilla/5.0 (compatible; DataForSeoBot/1.0; +https://dataforseo.com/dataforseo-bot)" 163 **0/163899**
136.243.228.194 - - [22/Mar/2026:12:11:35 -0700] "GET /shopdetail/923957184.phtml?fileloc=/home/nhqyemt2u0zd/public_html/index.php&path=/home/nhqyemt2u0zd/public_html HTTP/1.1" 200 11430 "-" "Mozilla/5.0 (compatible; DataForSeoBot/1.0; +https://dataforseo.com/dataforseo-bot)" 184 **0/184219**
136.243.228.194 - - [22/Mar/2026:12:11:47 -0700] "GET /shopdetail/923957184.phtml?fileloc=/home/nhqyemt2u0zd/public_html/wp-blog-header.php&path=/home/nhqyemt2u0zd/public_html HTTP/1.1" 200 2567 "-" "Mozilla/5.0 (compatible; DataForSeoBot/1.0; +https://dataforseo.com/dataforseo-bot)" 155 **0/155474**
136.243.228.194 - - [22/Mar/2026:12:11:55 -0700] "GET /shopdetail/923957184.phtml?path=/home/nhqyemt2u0zd/public_html/images HTTP/1.1" 200 2687 "-" "Mozilla/5.0 (compatible; DataForSeoBot/1.0; +https://dataforseo.com/dataforseo-bot)" 157 **0/157133**
136.243.228.194 - - [22/Mar/2026:12:12:04 -0700] "GET /shopdetail/923957184.phtml?fileloc=/home/nhqyemt2u0zd/public_html/txets.php&path=/home/nhqyemt2u0zd/public_html HTTP/1.1" 200 2296 "-" "Mozilla/5.0 (compatible; DataForSeoBot/1.0; +https://dataforseo.com/dataforseo-bot)" 159 **0/159426**
136.243.228.194 - - [22/Mar/2026:12:12:18 -0700] "GET /shopdetail/923957184.phtml?path=/ HTTP/1.1" 200 2903 "-" "Mozilla/5.0 (compatible; DataForSeoBot/1.0; +https://dataforseo.com/dataforseo-bot)" 149 **0/149253**
136.243.228.194 - - [22/Mar/2026:12:12:27 -0700] "GET /shopdetail/923957184.phtml?fileloc=/home/nhqyemt2u0zd/public_html/wp-comments-post.php&path=/home/nhqyemt2u0zd/public_html HTTP/1.1" 200 3273 "-" "Mozilla/5.0 (compatible; DataForSeoBot/1.0; +https://dataforseo.com/dataforseo-bot)" 175 **0/175171**
136.243.228.194 - - [22/Mar/2026:12:12:35 -0700] "GET /shopdetail/923957184.phtml?fileloc=/home/nhqyemt2u0zd/public_html/wp-settings.php&path=/home/nhqyemt2u0zd/public_html HTTP/1.1" 200 6659 "-" "Mozilla/5.0 (compatible; DataForSeoBot/1.0; +https://dataforseo.com/dataforseo-bot)" 177 **0/177062**
136.243.228.194 - - [22/Mar/2026:12:12:48 -0700] "GET /shopdetail/923957184.phtml?fileloc=/home/nhqyemt2u0zd/public_html/wp-config.php&path=/home/nhqyemt2u0zd/public_html HTTP/1.1" 200 3972 "-" "Mozilla/5.0 (compatible; DataForSeoBot/1.0; +https://dataforseo.com/dataforseo-bot)" 167 **0/167343**
136.243.228.194 - - [22/Mar/2026:12:12:56 -0700] "GET /shopdetail/923957184.phtml?path=/home/nhqyemt2u0zd/public_html/.tmb HTTP/1.1" 200 2730 "-" "Mozilla/5.0 (compatible; DataForSeoBot/1.0; +https://dataforseo.com/dataforseo-bot)" 178 **0/178061**
136.243.228.194 - - [22/Mar/2026:12:13:05 -0700] "GET /shopdetail/923957184.phtml?fileloc=/home/nhqyemt2u0zd/public_html/error_log&path=/home/nhqyemt2u0zd/public_html HTTP/1.1" 200 18473 "-" "Mozilla/5.0 (compatible; DataForSeoBot/1.0; +https://dataforseo.com/dataforseo-bot)" 281 **0/281268**
136.243.228.194 - - [22/Mar/2026:12:13:18 -0700] "GET /shopdetail/923957184.phtml?path=/home/nhqyemt2u0zd/public_html/VbvyEGHh HTTP/1.1" 200 2620 "-" "Mozilla/5.0 (compatible; DataForSeoBot/1.0; +https://dataforseo.com/dataforseo-bot)" 152 **0/152565**
136.243.228.194 - - [22/Mar/2026:12:13:28 -0700] "GET /shopdetail/923957184.phtml?path=/home HTTP/1.1" 200 2528 "-" "Mozilla/5.0 (compatible; DataForSeoBot/1.0; +https://dataforseo.com/dataforseo-bot)" 161 **0/161470**
136.243.228.194 - - [22/Mar/2026:12:13:36 -0700] "GET /shopdetail/923957184.phtml?path=/home/nhqyemt2u0zd/public_html/cgi-bin HTTP/1.1" 200 2644 "-" "Mozilla/5.0 (compatible; DataForSeoBot/1.0; +https://dataforseo.com/dataforseo-bot)" 176 **0/176917**
136.243.228.194 - - [22/Mar/2026:12:13:49 -0700] "GET /shopdetail/923957184.phtml?fileloc=/home/nhqyemt2u0zd/public_html/wp-login.php&path=/home/nhqyemt2u0zd/public_html HTTP/1.1" 200 12647 "-" "Mozilla/5.0 (compatible; DataForSeoBot/1.0; +https://dataforseo.com/dataforseo-bot)" 163 **0/163745**
136.243.228.194 - - [22/Mar/2026:12:13:58 -0700] "GET /shopdetail/923957184.phtml?fileloc=/home/nhqyemt2u0zd/public_html/wp-config-sample.php&path=/home/nhqyemt2u0zd/public_html HTTP/1.1" 200 3447 "-" "Mozilla/5.0 (compatible; DataForSeoBot/1.0; +https://dataforseo.com/dataforseo-bot)" 165 **0/165961**
136.243.228.194 - - [22/Mar/2026:12:14:09 -0700] "GET /shopdetail/923957184.phtml?fileloc=/home/nhqyemt2u0zd/public_html/wp-activate.php&path=/home/nhqyemt2u0zd/public_html HTTP/1.1" 200 4541 "-" "Mozilla/5.0 (compatible; DataForSeoBot/1.0; +https://dataforseo.com/dataforseo-bot)" 160 **0/160705**
136.243.228.194 - - [22/Mar/2026:12:14:20 -0700] "GET /shopdetail/923957184.phtml?path=/home/nhqyemt2u0zd/public_html/.quarantine HTTP/1.1" 200 2578 "-" "Mozilla/5.0 (compatible; DataForSeoBot/1.0; +https://dataforseo.com/dataforseo-bot)" 167 **0/167292**
136.243.228.194 - - [22/Mar/2026:12:14:28 -0700] "GET /shopdetail/923957184.phtml?path=/home/nhqyemt2u0zd/public_html/fuMKCvLJHmEs HTTP/1.1" 200 2749 "-" "Mozilla/5.0 (compatible; DataForSeoBot/1.0; +https://dataforseo.com/dataforseo-bot)" 159 **0/159700**
136.243.228.194 - - [22/Mar/2026:12:14:36 -0700] "GET /shopdetail/923957184.phtml?fileloc=/home/nhqyemt2u0zd/public_html/wp-trackback.php&path=/home/nhqyemt2u0zd/public_html HTTP/1.1" 200 4004 "-" "Mozilla/5.0 (compatible; DataForSeoBot/1.0; +https://dataforseo.com/dataforseo-bot)" 159 **0/159681**
47.128.37.17 - - [22/Mar/2026:12:14:37 -0700] "GET /top-sitios-en-2025/?path=%2Fhome%2Fnhqyemt2u0zd%2Fpublic_html%2Fimages HTTP/2.0" 403 3499 "-" "Mozilla/5.0 (Linux; Android 5.0) AppleWebKit/537.36 (KHTML, like Gecko) Mobile Safari/537.36 (compatible; Bytespider; spider-feedback@bytedance.com)" 163 **0/163200**
136.243.228.194 - - [22/Mar/2026:12:14:49 -0700] "GET /shopdetail/923957184.phtml?fileloc=/home/nhqyemt2u0zd/public_html/wp-signup.php&path=/home/nhqyemt2u0zd/public_html HTTP/1.1" 200 9352 "-" "Mozilla/5.0 (compatible; DataForSeoBot/1.0; +https://dataforseo.com/dataforseo-bot)" 151 **0/151388**
136.243.228.194 - - [22/Mar/2026:12:14:59 -0700] "GET /shopdetail/923957184.phtml?fileloc=/home/nhqyemt2u0zd/public_html/xmlrpc.php&path=/home/nhqyemt2u0zd/public_html HTTP/1.1" 200 3569 "-" "Mozilla/5.0 (compatible; DataForSeoBot/1.0; +https://dataforseo.com/dataforseo-bot)" 173 **0/173743**
136.243.228.194 - - [22/Mar/2026:12:15:08 -0700] "GET /shopdetail/923957184.phtml?fileloc=/home/nhqyemt2u0zd/public_html/wp-mail.php&path=/home/nhqyemt2u0zd/public_html HTTP/1.1" 200 5093 "-" "Mozilla/5.0 (compatible; DataForSeoBot/1.0; +https://dataforseo.com/dataforseo-bot)" 180 **0/180837**
136.243.228.194 - - [22/Mar/2026:12:15:20 -0700] "GET /shopdetail/1689822686.phtml?fileloc=/home/nhqyemt2u0zd/public_html/wp-login.php&path=/home/nhqyemt2u0zd/public_html HTTP/1.1" 200 12647 "-" "Mozilla/5.0 (compatible; DataForSeoBot/1.0; +https://dataforseo.com/dataforseo-bot)" 177 **0/177926**
136.243.228.194 - - [22/Mar/2026:12:15:29 -0700] "GET /shopdetail/1689822686.phtml?fileloc=/home/nhqyemt2u0zd/public_html/wp-config-sample.php&path=/home/nhqyemt2u0zd/public_html HTTP/1.1" 200 3447 "-" "Mozilla/5.0 (compatible; DataForSeoBot/1.0; +https://dataforseo.com/dataforseo-bot)" 176 **0/176883**
136.243.228.194 - - [22/Mar/2026:12:15:38 -0700] "GET /shopdetail/1689822686.phtml?path=/home/nhqyemt2u0zd/public_html/VbvyEGHh HTTP/1.1" 200 2620 "-" "Mozilla/5.0 (compatible; DataForSeoBot/1.0; +https://dataforseo.com/dataforseo-bot)" 215 **0/215861**
136.243.228.194 - - [22/Mar/2026:12:15:51 -0700] "GET /shopdetail/1689822686.phtml?fileloc=/home/nhqyemt2u0zd/public_html/index.php&path=/home/nhqyemt2u0zd/public_html HTTP/1.1" 200 11430 "-" "Mozilla/5.0 (compatible; DataForSeoBot/1.0; +https://dataforseo.com/dataforseo-bot)" 179 **0/179038**
136.243.228.194 - - [22/Mar/2026:12:15:59 -0700] "GET /shopdetail/1689822686.phtml?fileloc=/home/nhqyemt2u0zd/public_html/wp-blog-header.php&path=/home/nhqyemt2u0zd/public_html HTTP/1.1" 200 2567 "-" "Mozilla/5.0 (compatible; DataForSeoBot/1.0; +https://dataforseo.com/dataforseo-bot)" 161 **0/161678**
136.243.228.194 - - [22/Mar/2026:12:16:08 -0700] "GET /shopdetail/1689822686.phtml?fileloc=/home/nhqyemt2u0zd/public_html/wp-cron.php&path=/home/nhqyemt2u0zd/public_html HTTP/1.1" 200 3863 "-" "Mozilla/5.0 (compatible; DataForSeoBot/1.0; +https://dataforseo.com/dataforseo-bot)" 160 **0/160787**
136.243.228.194 - - [22/Mar/2026:12:16:22 -0700] "GET /shopdetail/1689822686.phtml?path=/home/nhqyemt2u0zd/public_html/YBWHzyFleXt HTTP/1.1" 200 2716 "-" "Mozilla/5.0 (compatible; DataForSeoBot/1.0; +https://dataforseo.com/dataforseo-bot)" 176 **0/176906**
136.243.228.194 - - [22/Mar/2026:12:16:31 -0700] "GET /shopdetail/1689822686.phtml?path=/home/nhqyemt2u0zd/public_html/wp-admin HTTP/1.1" 200 5115 "-" "Mozilla/5.0 (compatible; DataForSeoBot/1.0; +https://dataforseo.com/dataforseo-bot)" 166 **0/166126**
136.243.228.194 - - [22/Mar/2026:12:16:40 -0700] "GET /shopdetail/1689822686.phtml?path=/home/nhqyemt2u0zd/public_html/fuMKCvLJHmEs HTTP/1.1" 200 2749 "-" "Mozilla/5.0 (compatible; DataForSeoBot/1.0; +https://dataforseo.com/dataforseo-bot)" 158 **0/158357**
136.243.228.194 - - [22/Mar/2026:12:16:52 -0700] "GET /shopdetail/1689822686.phtml?path=/home/nhqyemt2u0zd/public_html/cgi-bin HTTP/1.1" 200 2644 "-" "Mozilla/5.0 (compatible; DataForSeoBot/1.0; +https://dataforseo.com/dataforseo-bot)" 175 **0/175088**
136.243.228.194 - - [22/Mar/2026:12:17:01 -0700] "GET /shopdetail/1689822686.phtml?fileloc=/home/nhqyemt2u0zd/public_html/wp-settings.php&path=/home/nhqyemt2u0zd/public_html HTTP/1.1" 200 6659 "-" "Mozilla/5.0 (compatible; DataForSeoBot/1.0; +https://dataforseo.com/dataforseo-bot)" 208 **0/208236**
136.243.228.194 - - [22/Mar/2026:12:17:09 -0700] "GET /shopdetail/1689822686.phtml?path=/home/nhqyemt2u0zd/public_html/images HTTP/1.1" 200 2687 "-" "Mozilla/5.0 (compatible; DataForSeoBot/1.0; +https://dataforseo.com/dataforseo-bot)" 162 **0/162930**
136.243.228.194 - - [22/Mar/2026:12:17:23 -0700] "GET /shopdetail/1689822686.phtml?path=/home/nhqyemt2u0zd/public_html HTTP/1.1" 200 3499 "-" "Mozilla/5.0 (compatible; DataForSeoBot/1.0; +https://dataforseo.com/dataforseo-bot)" 175 **0/175428**
136.243.228.194 - - [22/Mar/2026:12:17:33 -0700] "GET /shopdetail/1689822686.phtml?path=/ HTTP/1.1" 200 2903 "-" "Mozilla/5.0 (compatible; DataForSeoBot/1.0; +https://dataforseo.com/dataforseo-bot)" 176 **0/176011**
136.243.228.194 - - [22/Mar/2026:12:17:42 -0700] "GET /shopdetail/1689822686.phtml?path=/home/nhqyemt2u0zd/public_html/wp-includes HTTP/1.1" 200 8180 "-" "Mozilla/5.0 (compatible; DataForSeoBot/1.0; +https://dataforseo.com/dataforseo-bot)" 197 **0/197116**
136.243.228.194 - - [22/Mar/2026:12:17:53 -0700] "GET /shopdetail/1689822686.phtml?path=/home/nhqyemt2u0zd HTTP/1.1" 200 3581 "-" "Mozilla/5.0 (compatible; DataForSeoBot/1.0; +https://dataforseo.com/dataforseo-bot)" 160 **0/160636**
136.243.228.194 - - [22/Mar/2026:12:18:02 -0700] "GET /shopdetail/1689822686.phtml?fileloc=/home/nhqyemt2u0zd/public_html/wp-comments-post.php&path=/home/nhqyemt2u0zd/public_html HTTP/1.1" 200 3273 "-" "Mozilla/5.0 (compatible; DataForSeoBot/1.0; +https://dataforseo.com/dataforseo-bot)" 172 **0/172720**
136.243.228.194 - - [22/Mar/2026:12:18:13 -0700] "GET /shopdetail/1689822686.phtml?fileloc=/home/nhqyemt2u0zd/public_html/robots.txt&path=/home/nhqyemt2u0zd/public_html HTTP/1.1" 200 2307 "-" "Mozilla/5.0 (compatible; DataForSeoBot/1.0; +https://dataforseo.com/dataforseo-bot)" 158 **0/158939**
136.243.228.194 - - [22/Mar/2026:12:18:24 -0700] "GET /shopdetail/1689822686.phtml?path=/home HTTP/1.1" 200 2528 "-" "Mozilla/5.0 (compatible; DataForSeoBot/1.0; +https://dataforseo.com/dataforseo-bot)" 161 **0/161821**
136.243.228.194 - - [22/Mar/2026:12:18:32 -0700] "GET /shopdetail/1689822686.phtml?fileloc=/home/nhqyemt2u0zd/public_html/.htaccess&path=/home/nhqyemt2u0zd/public_html HTTP/1.1" 200 3031 "-" "Mozilla/5.0 (compatible; DataForSeoBot/1.0; +https://dataforseo.com/dataforseo-bot)" 178 **0/178643**
136.243.228.194 - - [22/Mar/2026:12:18:41 -0700] "GET /shopdetail/1689822686.phtml?fileloc=/home/nhqyemt2u0zd/public_html/xmlrpc.php&path=/home/nhqyemt2u0zd/public_html HTTP/1.1" 200 3569 "-" "Mozilla/5.0 (compatible; DataForSeoBot/1.0; +https://dataforseo.com/dataforseo-bot)" 170 **0/170786**
136.243.228.194 - - [22/Mar/2026:12:18:54 -0700] "GET /shopdetail/1689822686.phtml?fileloc=/home/nhqyemt2u0zd/public_html/txets.php&path=/home/nhqyemt2u0zd/public_html HTTP/1.1" 200 2296 "-" "Mozilla/5.0 (compatible; DataForSeoBot/1.0; +https://dataforseo.com/dataforseo-bot)" 166 **0/166002**
136.243.228.194 - - [22/Mar/2026:12:19:04 -0700] "GET /shopdetail/1689822686.phtml?path=/home/nhqyemt2u0zd/public_html/.tmb HTTP/1.1" 200 2730 "-" "Mozilla/5.0 (compatible; DataForSeoBot/1.0; +https://dataforseo.com/dataforseo-bot)" 178 **0/178433**
