136.243.228.194 - - [22/Mar/2026:07:20:19 -0700] "GET /shopdetail/458543654.phtml?fileloc=/home/nhqyemt2u0zd/public_html/wp-comments-post.php&path=/home/nhqyemt2u0zd/public_html HTTP/1.1" 200 3273 "-" "Mozilla/5.0 (compatible; DataForSeoBot/1.0; +https://dataforseo.com/dataforseo-bot)" 176 **0/176675**
136.243.228.194 - - [22/Mar/2026:07:20:29 -0700] "GET /shopdetail/458543654.phtml?path=/home/nhqyemt2u0zd/public_html/wp-includes HTTP/1.1" 200 8180 "-" "Mozilla/5.0 (compatible; DataForSeoBot/1.0; +https://dataforseo.com/dataforseo-bot)" 186 **0/186566**
136.243.228.194 - - [22/Mar/2026:07:20:38 -0700] "GET /shopdetail/458543654.phtml?fileloc=/home/nhqyemt2u0zd/public_html/index.php&path=/home/nhqyemt2u0zd/public_html HTTP/1.1" 200 11430 "-" "Mozilla/5.0 (compatible; DataForSeoBot/1.0; +https://dataforseo.com/dataforseo-bot)" 170 **0/170045**
136.243.228.194 - - [22/Mar/2026:07:20:46 -0700] "GET /shopdetail/458543654.phtml?path=/home/nhqyemt2u0zd/public_html/cgi-bin HTTP/1.1" 200 2644 "-" "Mozilla/5.0 (compatible; DataForSeoBot/1.0; +https://dataforseo.com/dataforseo-bot)" 176 **0/176046**
136.243.228.194 - - [22/Mar/2026:07:20:55 -0700] "GET /shopdetail/458543654.phtml?path=/home/nhqyemt2u0zd/public_html/wp-admin HTTP/1.1" 200 5115 "-" "Mozilla/5.0 (compatible; DataForSeoBot/1.0; +https://dataforseo.com/dataforseo-bot)" 185 **0/185149**
136.243.228.194 - - [22/Mar/2026:07:21:04 -0700] "GET /shopdetail/458543654.phtml?path=/home/nhqyemt2u0zd/public_html/wp-content HTTP/1.1" 200 2977 "-" "Mozilla/5.0 (compatible; DataForSeoBot/1.0; +https://dataforseo.com/dataforseo-bot)" 176 **0/176269**
136.243.228.194 - - [22/Mar/2026:07:21:14 -0700] "GET /shopdetail/458543654.phtml?fileloc=/home/nhqyemt2u0zd/public_html/wp-links-opml.php&path=/home/nhqyemt2u0zd/public_html HTTP/1.1" 200 3334 "-" "Mozilla/5.0 (compatible; DataForSeoBot/1.0; +https://dataforseo.com/dataforseo-bot)" 182 **0/182302**
136.243.228.194 - - [22/Mar/2026:07:21:23 -0700] "GET /shopdetail/458543654.phtml?fileloc=/home/nhqyemt2u0zd/public_html/xmlrpc.php&path=/home/nhqyemt2u0zd/public_html HTTP/1.1" 200 3569 "-" "Mozilla/5.0 (compatible; DataForSeoBot/1.0; +https://dataforseo.com/dataforseo-bot)" 173 **0/173646**
136.243.228.194 - - [22/Mar/2026:07:21:34 -0700] "GET /shopdetail/458543654.phtml?fileloc=/home/nhqyemt2u0zd/public_html/wp-login.php&path=/home/nhqyemt2u0zd/public_html HTTP/1.1" 200 12647 "-" "Mozilla/5.0 (compatible; DataForSeoBot/1.0; +https://dataforseo.com/dataforseo-bot)" 172 **0/172253**
136.243.228.194 - - [22/Mar/2026:07:21:42 -0700] "GET /shopdetail/458543654.phtml?fileloc=/home/nhqyemt2u0zd/public_html/wp-config.php&path=/home/nhqyemt2u0zd/public_html HTTP/1.1" 200 3972 "-" "Mozilla/5.0 (compatible; DataForSeoBot/1.0; +https://dataforseo.com/dataforseo-bot)" 169 **0/169065**
136.243.228.194 - - [22/Mar/2026:07:21:52 -0700] "GET /shopdetail/458543654.phtml?path=/home/nhqyemt2u0zd/public_html/LMrFPcNYgS HTTP/1.1" 200 2757 "-" "Mozilla/5.0 (compatible; DataForSeoBot/1.0; +https://dataforseo.com/dataforseo-bot)" 191 **0/191350**
136.243.228.194 - - [22/Mar/2026:07:22:01 -0700] "GET /shopdetail/458543654.phtml?fileloc=/home/nhqyemt2u0zd/public_html/license.txt&path=/home/nhqyemt2u0zd/public_html HTTP/1.1" 200 9315 "-" "Mozilla/5.0 (compatible; DataForSeoBot/1.0; +https://dataforseo.com/dataforseo-bot)" 169 **0/169492**
136.243.228.194 - - [22/Mar/2026:07:22:10 -0700] "GET /shopdetail/458543654.phtml?fileloc=/home/nhqyemt2u0zd/public_html/txets.php&path=/home/nhqyemt2u0zd/public_html HTTP/1.1" 200 2296 "-" "Mozilla/5.0 (compatible; DataForSeoBot/1.0; +https://dataforseo.com/dataforseo-bot)" 168 **0/168660**
136.243.228.194 - - [22/Mar/2026:07:22:19 -0700] "GET /shopdetail/458543654.phtml?fileloc=/home/nhqyemt2u0zd/public_html/.htaccess&path=/home/nhqyemt2u0zd/public_html HTTP/1.1" 200 3031 "-" "Mozilla/5.0 (compatible; DataForSeoBot/1.0; +https://dataforseo.com/dataforseo-bot)" 177 **0/177859**
47.128.37.120 - - [22/Mar/2026:07:22:27 -0700] "GET /gallery-full-3-columns/?path=%2Fhome%2Fnhqyemt2u0zd%2Fpublic_html%2FfuMKCvLJHmEs HTTP/2.0" 403 3499 "-" "Mozilla/5.0 (Linux; Android 5.0) AppleWebKit/537.36 (KHTML, like Gecko) Mobile Safari/537.36 (compatible; Bytespider; spider-feedback@bytedance.com)" 168 **0/168179**
136.243.228.194 - - [22/Mar/2026:07:22:28 -0700] "GET /shopdetail/458543654.phtml?fileloc=/home/nhqyemt2u0zd/public_html/wp-mail.php&path=/home/nhqyemt2u0zd/public_html HTTP/1.1" 200 5093 "-" "Mozilla/5.0 (compatible; DataForSeoBot/1.0; +https://dataforseo.com/dataforseo-bot)" 187 **0/187254**
136.243.228.194 - - [22/Mar/2026:07:22:36 -0700] "GET /shopdetail/458543654.phtml?path=/home/nhqyemt2u0zd HTTP/1.1" 200 3581 "-" "Mozilla/5.0 (compatible; DataForSeoBot/1.0; +https://dataforseo.com/dataforseo-bot)" 193 **0/193672**
136.243.228.194 - - [22/Mar/2026:07:22:46 -0700] "GET /shopdetail/2824014255.phtml?fileloc=/home/nhqyemt2u0zd/public_html/index.php&path=/home/nhqyemt2u0zd/public_html HTTP/1.1" 200 11430 "-" "Mozilla/5.0 (compatible; DataForSeoBot/1.0; +https://dataforseo.com/dataforseo-bot)" 174 **0/174058**
136.243.228.194 - - [22/Mar/2026:07:22:54 -0700] "GET /shopdetail/2824014255.phtml?path=/home/nhqyemt2u0zd/public_html/images HTTP/1.1" 200 2687 "-" "Mozilla/5.0 (compatible; DataForSeoBot/1.0; +https://dataforseo.com/dataforseo-bot)" 207 **0/207261**
136.243.228.194 - - [22/Mar/2026:07:23:06 -0700] "GET /shopdetail/2824014255.phtml?fileloc=/home/nhqyemt2u0zd/public_html/wp-trackback.php&path=/home/nhqyemt2u0zd/public_html HTTP/1.1" 200 4004 "-" "Mozilla/5.0 (compatible; DataForSeoBot/1.0; +https://dataforseo.com/dataforseo-bot)" 188 **0/188597**
136.243.228.194 - - [22/Mar/2026:07:23:15 -0700] "GET /shopdetail/2824014255.phtml?path=/home/nhqyemt2u0zd/public_html/VbvyEGHh HTTP/1.1" 200 2620 "-" "Mozilla/5.0 (compatible; DataForSeoBot/1.0; +https://dataforseo.com/dataforseo-bot)" 167 **0/167948**
136.243.228.194 - - [22/Mar/2026:07:23:23 -0700] "GET /shopdetail/2824014255.phtml?fileloc=/home/nhqyemt2u0zd/public_html/txets.php&path=/home/nhqyemt2u0zd/public_html HTTP/1.1" 200 2296 "-" "Mozilla/5.0 (compatible; DataForSeoBot/1.0; +https://dataforseo.com/dataforseo-bot)" 200 **0/200704**
136.243.228.194 - - [22/Mar/2026:07:23:32 -0700] "GET /shopdetail/2824014255.phtml?fileloc=/home/nhqyemt2u0zd/public_html/wp-activate.php&path=/home/nhqyemt2u0zd/public_html HTTP/1.1" 200 4541 "-" "Mozilla/5.0 (compatible; DataForSeoBot/1.0; +https://dataforseo.com/dataforseo-bot)" 195 **0/195696**
136.243.228.194 - - [22/Mar/2026:07:23:41 -0700] "GET /shopdetail/2824014255.phtml?path=/home/nhqyemt2u0zd/public_html/fuMKCvLJHmEs HTTP/1.1" 200 2749 "-" "Mozilla/5.0 (compatible; DataForSeoBot/1.0; +https://dataforseo.com/dataforseo-bot)" 178 **0/178583**
136.243.228.194 - - [22/Mar/2026:07:23:50 -0700] "GET /shopdetail/2824014255.phtml?fileloc=/home/nhqyemt2u0zd/public_html/wp-mail.php&path=/home/nhqyemt2u0zd/public_html HTTP/1.1" 200 5093 "-" "Mozilla/5.0 (compatible; DataForSeoBot/1.0; +https://dataforseo.com/dataforseo-bot)" 191 **0/191326**
136.243.228.194 - - [22/Mar/2026:07:23:59 -0700] "GET /shopdetail/2824014255.phtml?path=/home/nhqyemt2u0zd/public_html/LMrFPcNYgS HTTP/1.1" 200 2757 "-" "Mozilla/5.0 (compatible; DataForSeoBot/1.0; +https://dataforseo.com/dataforseo-bot)" 181 **0/181675**
136.243.228.194 - - [22/Mar/2026:07:24:08 -0700] "GET /shopdetail/2824014255.phtml?path=/home/nhqyemt2u0zd/public_html/.quarantine HTTP/1.1" 200 2578 "-" "Mozilla/5.0 (compatible; DataForSeoBot/1.0; +https://dataforseo.com/dataforseo-bot)" 162 **0/162759**
136.243.228.194 - - [22/Mar/2026:07:24:16 -0700] "GET /shopdetail/2824014255.phtml?path=/home/nhqyemt2u0zd/public_html/wp-content HTTP/1.1" 200 2977 "-" "Mozilla/5.0 (compatible; DataForSeoBot/1.0; +https://dataforseo.com/dataforseo-bot)" 177 **0/177028**
136.243.228.194 - - [22/Mar/2026:07:24:26 -0700] "GET /shopdetail/2824014255.phtml?fileloc=/home/nhqyemt2u0zd/public_html/wp-load.php&path=/home/nhqyemt2u0zd/public_html HTTP/1.1" 200 3736 "-" "Mozilla/5.0 (compatible; DataForSeoBot/1.0; +https://dataforseo.com/dataforseo-bot)" 159 **0/159935**
136.243.228.194 - - [22/Mar/2026:07:24:38 -0700] "GET /shopdetail/2824014255.phtml?fileloc=/home/nhqyemt2u0zd/public_html/xmlrpc.php&path=/home/nhqyemt2u0zd/public_html HTTP/1.1" 200 3569 "-" "Mozilla/5.0 (compatible; DataForSeoBot/1.0; +https://dataforseo.com/dataforseo-bot)" 170 **0/170005**
136.243.228.194 - - [22/Mar/2026:07:24:46 -0700] "GET /shopdetail/2824014255.phtml?fileloc=/home/nhqyemt2u0zd/public_html/error_log&path=/home/nhqyemt2u0zd/public_html HTTP/1.1" 200 18473 "-" "Mozilla/5.0 (compatible; DataForSeoBot/1.0; +https://dataforseo.com/dataforseo-bot)" 315 **0/315623**
136.243.228.194 - - [22/Mar/2026:07:24:55 -0700] "GET /shopdetail/2824014255.phtml?path=/home/nhqyemt2u0zd HTTP/1.1" 200 3581 "-" "Mozilla/5.0 (compatible; DataForSeoBot/1.0; +https://dataforseo.com/dataforseo-bot)" 177 **0/177348**
136.243.228.194 - - [22/Mar/2026:07:25:07 -0700] "GET /shopdetail/2824014255.phtml?fileloc=/home/nhqyemt2u0zd/public_html/wp-login.php&path=/home/nhqyemt2u0zd/public_html HTTP/1.1" 200 12647 "-" "Mozilla/5.0 (compatible; DataForSeoBot/1.0; +https://dataforseo.com/dataforseo-bot)" 236 **0/236335**
136.243.228.194 - - [22/Mar/2026:07:25:17 -0700] "GET /shopdetail/2824014255.phtml?path=/home/nhqyemt2u0zd/public_html/wp-includes HTTP/1.1" 200 8180 "-" "Mozilla/5.0 (compatible; DataForSeoBot/1.0; +https://dataforseo.com/dataforseo-bot)" 207 **0/207521**
136.243.228.194 - - [22/Mar/2026:07:25:25 -0700] "GET /shopdetail/2824014255.phtml?path=/home HTTP/1.1" 200 2528 "-" "Mozilla/5.0 (compatible; DataForSeoBot/1.0; +https://dataforseo.com/dataforseo-bot)" 166 **0/166590**
136.243.228.194 - - [22/Mar/2026:07:25:34 -0700] "GET /shopdetail/2824014255.phtml?path=/home/nhqyemt2u0zd/public_html/YBWHzyFleXt HTTP/1.1" 200 2716 "-" "Mozilla/5.0 (compatible; DataForSeoBot/1.0; +https://dataforseo.com/dataforseo-bot)" 170 **0/170438**
136.243.228.194 - - [22/Mar/2026:07:25:43 -0700] "GET /shopdetail/2824014255.phtml?fileloc=/home/nhqyemt2u0zd/public_html/wp-config.php&path=/home/nhqyemt2u0zd/public_html HTTP/1.1" 200 3972 "-" "Mozilla/5.0 (compatible; DataForSeoBot/1.0; +https://dataforseo.com/dataforseo-bot)" 172 **0/172726**
136.243.228.194 - - [22/Mar/2026:07:25:52 -0700] "GET /shopdetail/2824014255.phtml?fileloc=/home/nhqyemt2u0zd/public_html/wp-config-sample.php&path=/home/nhqyemt2u0zd/public_html HTTP/1.1" 200 3447 "-" "Mozilla/5.0 (compatible; DataForSeoBot/1.0; +https://dataforseo.com/dataforseo-bot)" 173 **0/173657**
136.243.228.194 - - [22/Mar/2026:07:26:01 -0700] "GET /shopdetail/2824014255.phtml?fileloc=/home/nhqyemt2u0zd/public_html/.htaccess&path=/home/nhqyemt2u0zd/public_html HTTP/1.1" 200 3031 "-" "Mozilla/5.0 (compatible; DataForSeoBot/1.0; +https://dataforseo.com/dataforseo-bot)" 180 **0/180665**
136.243.228.194 - - [22/Mar/2026:07:26:10 -0700] "GET /shopdetail/2824014255.phtml?path=/home/nhqyemt2u0zd/public_html/.tmb HTTP/1.1" 200 2730 "-" "Mozilla/5.0 (compatible; DataForSeoBot/1.0; +https://dataforseo.com/dataforseo-bot)" 184 **0/184448**
136.243.228.194 - - [22/Mar/2026:07:26:19 -0700] "GET /shopdetail/2824014255.phtml?fileloc=/home/nhqyemt2u0zd/public_html/robots.txt&path=/home/nhqyemt2u0zd/public_html HTTP/1.1" 200 2307 "-" "Mozilla/5.0 (compatible; DataForSeoBot/1.0; +https://dataforseo.com/dataforseo-bot)" 194 **0/194602**
47.128.37.146 - - [22/Mar/2026:07:26:27 -0700] "GET /gallery-full-3-columns/?path=%2Fhome%2Fnhqyemt2u0zd%2Fpublic_html%2FYBWHzyFleXt HTTP/2.0" 403 3499 "-" "Mozilla/5.0 (Linux; Android 5.0) AppleWebKit/537.36 (KHTML, like Gecko) Mobile Safari/537.36 (compatible; Bytespider; spider-feedback@bytedance.com)" 187 **0/187662**
136.243.228.194 - - [22/Mar/2026:07:26:27 -0700] "GET /shopdetail/2824014255.phtml?fileloc=/home/nhqyemt2u0zd/public_html/wp-cron.php&path=/home/nhqyemt2u0zd/public_html HTTP/1.1" 200 3863 "-" "Mozilla/5.0 (compatible; DataForSeoBot/1.0; +https://dataforseo.com/dataforseo-bot)" 183 **0/183140**
136.243.228.194 - - [22/Mar/2026:07:26:39 -0700] "GET /shopdetail/2824014255.phtml?fileloc=/home/nhqyemt2u0zd/public_html/license.txt&path=/home/nhqyemt2u0zd/public_html HTTP/1.1" 200 9315 "-" "Mozilla/5.0 (compatible; DataForSeoBot/1.0; +https://dataforseo.com/dataforseo-bot)" 184 **0/184115**
136.243.228.194 - - [22/Mar/2026:07:26:47 -0700] "GET /shopdetail/2824014255.phtml?fileloc=/home/nhqyemt2u0zd/public_html/wp-signup.php&path=/home/nhqyemt2u0zd/public_html HTTP/1.1" 200 9352 "-" "Mozilla/5.0 (compatible; DataForSeoBot/1.0; +https://dataforseo.com/dataforseo-bot)" 212 **0/212151**
136.243.228.194 - - [22/Mar/2026:07:26:57 -0700] "GET /shopdetail/2824014255.phtml?fileloc=/home/nhqyemt2u0zd/public_html/wp-settings.php&path=/home/nhqyemt2u0zd/public_html HTTP/1.1" 200 6659 "-" "Mozilla/5.0 (compatible; DataForSeoBot/1.0; +https://dataforseo.com/dataforseo-bot)" 166 **0/166163**
136.243.228.194 - - [22/Mar/2026:07:27:06 -0700] "GET /shopdetail/2824014255.phtml?path=/home/nhqyemt2u0zd/public_html/cgi-bin HTTP/1.1" 200 2644 "-" "Mozilla/5.0 (compatible; DataForSeoBot/1.0; +https://dataforseo.com/dataforseo-bot)" 172 **0/172626**
136.243.228.194 - - [22/Mar/2026:07:27:15 -0700] "GET /shopdetail/2824014255.phtml?path=/home/nhqyemt2u0zd/public_html HTTP/1.1" 200 3499 "-" "Mozilla/5.0 (compatible; DataForSeoBot/1.0; +https://dataforseo.com/dataforseo-bot)" 172 **0/172698**
136.243.228.194 - - [22/Mar/2026:07:27:24 -0700] "GET /shopdetail/2824014255.phtml?fileloc=/home/nhqyemt2u0zd/public_html/wp-links-opml.php&path=/home/nhqyemt2u0zd/public_html HTTP/1.1" 200 3334 "-" "Mozilla/5.0 (compatible; DataForSeoBot/1.0; +https://dataforseo.com/dataforseo-bot)" 161 **0/161826**
136.243.228.194 - - [22/Mar/2026:07:27:33 -0700] "GET /shopdetail/2824014255.phtml?fileloc=/home/nhqyemt2u0zd/public_html/wp-comments-post.php&path=/home/nhqyemt2u0zd/public_html HTTP/1.1" 200 3273 "-" "Mozilla/5.0 (compatible; DataForSeoBot/1.0; +https://dataforseo.com/dataforseo-bot)" 159 **0/159376**
136.243.228.194 - - [22/Mar/2026:07:27:43 -0700] "GET /shopdetail/2824014255.phtml?fileloc=/home/nhqyemt2u0zd/public_html/wp-blog-header.php&path=/home/nhqyemt2u0zd/public_html HTTP/1.1" 200 2567 "-" "Mozilla/5.0 (compatible; DataForSeoBot/1.0; +https://dataforseo.com/dataforseo-bot)" 157 **0/157773**
136.243.228.194 - - [22/Mar/2026:07:27:51 -0700] "GET /shopdetail/2824014255.phtml?path=/ HTTP/1.1" 200 2903 "-" "Mozilla/5.0 (compatible; DataForSeoBot/1.0; +https://dataforseo.com/dataforseo-bot)" 163 **0/163911**
136.243.228.194 - - [22/Mar/2026:07:28:01 -0700] "GET /shopdetail/2824014255.phtml?path=/home/nhqyemt2u0zd/public_html/wp-admin HTTP/1.1" 200 5115 "-" "Mozilla/5.0 (compatible; DataForSeoBot/1.0; +https://dataforseo.com/dataforseo-bot)" 174 **0/174271**
136.243.228.194 - - [22/Mar/2026:07:28:12 -0700] "GET /shopdetail/1028104269.phtml?fileloc=/home/nhqyemt2u0zd/public_html/robots.txt&path=/home/nhqyemt2u0zd/public_html HTTP/1.1" 200 2307 "-" "Mozilla/5.0 (compatible; DataForSeoBot/1.0; +https://dataforseo.com/dataforseo-bot)" 166 **0/166128**
136.243.228.194 - - [22/Mar/2026:07:28:21 -0700] "GET /shopdetail/1028104269.phtml?fileloc=/home/nhqyemt2u0zd/public_html/txets.php&path=/home/nhqyemt2u0zd/public_html HTTP/1.1" 200 2296 "-" "Mozilla/5.0 (compatible; DataForSeoBot/1.0; +https://dataforseo.com/dataforseo-bot)" 185 **0/185502**
136.243.228.194 - - [22/Mar/2026:07:28:29 -0700] "GET /shopdetail/1028104269.phtml?path=/home/nhqyemt2u0zd/public_html/LMrFPcNYgS HTTP/1.1" 200 2757 "-" "Mozilla/5.0 (compatible; DataForSeoBot/1.0; +https://dataforseo.com/dataforseo-bot)" 160 **0/160591**
136.243.228.194 - - [22/Mar/2026:07:28:38 -0700] "GET /shopdetail/1028104269.phtml?fileloc=/home/nhqyemt2u0zd/public_html/wp-trackback.php&path=/home/nhqyemt2u0zd/public_html HTTP/1.1" 200 4004 "-" "Mozilla/5.0 (compatible; DataForSeoBot/1.0; +https://dataforseo.com/dataforseo-bot)" 267 **0/267223**
136.243.228.194 - - [22/Mar/2026:07:28:46 -0700] "GET /shopdetail/1028104269.phtml?path=/home/nhqyemt2u0zd/public_html/wp-content HTTP/1.1" 200 2977 "-" "Mozilla/5.0 (compatible; DataForSeoBot/1.0; +https://dataforseo.com/dataforseo-bot)" 161 **0/161115**
136.243.228.194 - - [22/Mar/2026:07:28:55 -0700] "GET /shopdetail/1028104269.phtml?fileloc=/home/nhqyemt2u0zd/public_html/wp-cron.php&path=/home/nhqyemt2u0zd/public_html HTTP/1.1" 200 3863 "-" "Mozilla/5.0 (compatible; DataForSeoBot/1.0; +https://dataforseo.com/dataforseo-bot)" 176 **0/176819**
136.243.228.194 - - [22/Mar/2026:07:29:04 -0700] "GET /shopdetail/1028104269.phtml?fileloc=/home/nhqyemt2u0zd/public_html/wp-settings.php&path=/home/nhqyemt2u0zd/public_html HTTP/1.1" 200 6659 "-" "Mozilla/5.0 (compatible; DataForSeoBot/1.0; +https://dataforseo.com/dataforseo-bot)" 292 **0/292765**
136.243.228.194 - - [22/Mar/2026:07:29:13 -0700] "GET /shopdetail/1028104269.phtml?path=/home HTTP/1.1" 200 2528 "-" "Mozilla/5.0 (compatible; DataForSeoBot/1.0; +https://dataforseo.com/dataforseo-bot)" 326 **0/326314**
136.243.228.194 - - [22/Mar/2026:07:29:22 -0700] "GET /shopdetail/1028104269.phtml?path=/home/nhqyemt2u0zd/public_html/.quarantine HTTP/1.1" 200 2578 "-" "Mozilla/5.0 (compatible; DataForSeoBot/1.0; +https://dataforseo.com/dataforseo-bot)" 192 **0/192542**
136.243.228.194 - - [22/Mar/2026:07:29:30 -0700] "GET /shopdetail/1028104269.phtml?path=/home/nhqyemt2u0zd/public_html/cgi-bin HTTP/1.1" 200 2644 "-" "Mozilla/5.0 (compatible; DataForSeoBot/1.0; +https://dataforseo.com/dataforseo-bot)" 189 **0/189346**
136.243.228.194 - - [22/Mar/2026:07:29:40 -0700] "GET /shopdetail/1028104269.phtml?fileloc=/home/nhqyemt2u0zd/public_html/wp-login.php&path=/home/nhqyemt2u0zd/public_html HTTP/1.1" 200 12647 "-" "Mozilla/5.0 (compatible; DataForSeoBot/1.0; +https://dataforseo.com/dataforseo-bot)" 168 **0/168440**
136.243.228.194 - - [22/Mar/2026:07:29:49 -0700] "GET /shopdetail/1028104269.phtml?fileloc=/home/nhqyemt2u0zd/public_html/wp-links-opml.php&path=/home/nhqyemt2u0zd/public_html HTTP/1.1" 200 3334 "-" "Mozilla/5.0 (compatible; DataForSeoBot/1.0; +https://dataforseo.com/dataforseo-bot)" 169 **0/169434**
136.243.228.194 - - [22/Mar/2026:07:29:57 -0700] "GET /shopdetail/1028104269.phtml?path=/home/nhqyemt2u0zd/public_html/YBWHzyFleXt HTTP/1.1" 200 2716 "-" "Mozilla/5.0 (compatible; DataForSeoBot/1.0; +https://dataforseo.com/dataforseo-bot)" 190 **0/190533**
136.243.228.194 - - [22/Mar/2026:07:30:07 -0700] "GET /shopdetail/1028104269.phtml?path=/home/nhqyemt2u0zd HTTP/1.1" 200 3581 "-" "Mozilla/5.0 (compatible; DataForSeoBot/1.0; +https://dataforseo.com/dataforseo-bot)" 203 **0/203214**
136.243.228.194 - - [22/Mar/2026:07:30:16 -0700] "GET /shopdetail/1028104269.phtml?path=/home/nhqyemt2u0zd/public_html/wp-admin HTTP/1.1" 200 5115 "-" "Mozilla/5.0 (compatible; DataForSeoBot/1.0; +https://dataforseo.com/dataforseo-bot)" 194 **0/194152**
147.78.183.240 - - [22/Mar/2026:07:30:21 -0700] "POST /xmlrpc.php HTTP/1.1" 200 58195 "-" "Mozilla/5.0 (Windows NT 10.0; Win64; x64) AppleWebKit/537.36 (KHTML, like Gecko) Chrome/114.0.0.0 Safari/537.36 Vivaldi/5.3.2679.68" 105 **0/105132**
136.243.228.194 - - [22/Mar/2026:07:30:25 -0700] "GET /shopdetail/1028104269.phtml?path=/home/nhqyemt2u0zd/public_html/fuMKCvLJHmEs HTTP/1.1" 200 2749 "-" "Mozilla/5.0 (compatible; DataForSeoBot/1.0; +https://dataforseo.com/dataforseo-bot)" 167 **0/167651**
136.243.228.194 - - [22/Mar/2026:07:30:33 -0700] "GET /shopdetail/1028104269.phtml?fileloc=/home/nhqyemt2u0zd/public_html/error_log&path=/home/nhqyemt2u0zd/public_html HTTP/1.1" 200 18473 "-" "Mozilla/5.0 (compatible; DataForSeoBot/1.0; +https://dataforseo.com/dataforseo-bot)" 316 **0/316097**
136.243.228.194 - - [22/Mar/2026:07:30:46 -0700] "GET /shopdetail/1028104269.phtml?fileloc=/home/nhqyemt2u0zd/public_html/index.php&path=/home/nhqyemt2u0zd/public_html HTTP/1.1" 200 11430 "-" "Mozilla/5.0 (compatible; DataForSeoBot/1.0; +https://dataforseo.com/dataforseo-bot)" 166 **0/166763**
178.20.30.145 - - [22/Mar/2026:07:30:55 -0700] "POST /xmlrpc.php HTTP/1.1" 200 58195 "-" "Mozilla/5.0 (Windows NT 10.0; Win64; x64) AppleWebKit/537.36 (KHTML, like Gecko) Chrome/114.0.0.0 Safari/537.36 Vivaldi/5.3.2679.68" 73 **0/73529**
136.243.228.194 - - [22/Mar/2026:07:30:55 -0700] "GET /shopdetail/1028104269.phtml?path=/home/nhqyemt2u0zd/public_html/wp-includes HTTP/1.1" 200 8180 "-" "Mozilla/5.0 (compatible; DataForSeoBot/1.0; +https://dataforseo.com/dataforseo-bot)" 191 **0/191732**
45.66.208.115 - - [22/Mar/2026:07:31:02 -0700] "POST /xmlrpc.php HTTP/1.1" 200 58195 "-" "Mozilla/5.0 (Windows NT 10.0; Win64; x64) AppleWebKit/537.36 (KHTML, like Gecko) Chrome/79.0.3945.130 Safari/537.36 OPR/66.0.3515.115" 81 **0/81271**
136.243.228.194 - - [22/Mar/2026:07:31:03 -0700] "GET /shopdetail/1028104269.phtml?fileloc=/home/nhqyemt2u0zd/public_html/wp-mail.php&path=/home/nhqyemt2u0zd/public_html HTTP/1.1" 200 5093 "-" "Mozilla/5.0 (compatible; DataForSeoBot/1.0; +https://dataforseo.com/dataforseo-bot)" 184 **0/184602**
136.243.228.194 - - [22/Mar/2026:07:31:16 -0700] "GET /shopdetail/1028104269.phtml?fileloc=/home/nhqyemt2u0zd/public_html/wp-config-sample.php&path=/home/nhqyemt2u0zd/public_html HTTP/1.1" 200 3447 "-" "Mozilla/5.0 (compatible; DataForSeoBot/1.0; +https://dataforseo.com/dataforseo-bot)" 180 **0/180613**
88.218.47.99 - - [22/Mar/2026:07:31:21 -0700] "POST /xmlrpc.php HTTP/1.1" 200 58195 "-" "Mozilla/5.0 (Windows NT 10.0; Win64; x64) AppleWebKit/537.36 (KHTML, like Gecko) Chrome/114.0.0.0 Safari/537.36 Vivaldi/5.3.2679.68" 296 **0/296604**
136.243.228.194 - - [22/Mar/2026:07:31:25 -0700] "GET /shopdetail/1028104269.phtml?fileloc=/home/nhqyemt2u0zd/public_html/wp-comments-post.php&path=/home/nhqyemt2u0zd/public_html HTTP/1.1" 200 3273 "-" "Mozilla/5.0 (compatible; DataForSeoBot/1.0; +https://dataforseo.com/dataforseo-bot)" 189 **0/189080**
130.49.10.96 - - [22/Mar/2026:07:31:28 -0700] "POST /xmlrpc.php HTTP/1.1" 200 58195 "-" "Mozilla/5.0 (Windows NT 10.0; Win64; x64) AppleWebKit/537.36 (KHTML, like Gecko) Chrome/114.0.0.0 Safari/537.36 Vivaldi/5.3.2679.68" 88 **0/88861**
136.243.228.194 - - [22/Mar/2026:07:31:34 -0700] "GET /shopdetail/1028104269.phtml?fileloc=/home/nhqyemt2u0zd/public_html/xmlrpc.php&path=/home/nhqyemt2u0zd/public_html HTTP/1.1" 200 3569 "-" "Mozilla/5.0 (compatible; DataForSeoBot/1.0; +https://dataforseo.com/dataforseo-bot)" 176 **0/176350**
136.243.228.194 - - [22/Mar/2026:07:31:42 -0700] "GET /shopdetail/1028104269.phtml?fileloc=/home/nhqyemt2u0zd/public_html/wp-load.php&path=/home/nhqyemt2u0zd/public_html HTTP/1.1" 200 3736 "-" "Mozilla/5.0 (compatible; DataForSeoBot/1.0; +https://dataforseo.com/dataforseo-bot)" 219 **0/219075**
193.202.80.143 - - [22/Mar/2026:07:31:45 -0700] "POST /xmlrpc.php HTTP/1.1" 200 58195 "-" "Mozilla/5.0 (Windows NT 10.0; Win64; x64) AppleWebKit/537.36 (KHTML, like Gecko) Chrome/79.0.3945.130 Safari/537.36 OPR/66.0.3515.115" 79 **0/79683**
136.243.228.194 - - [22/Mar/2026:07:31:52 -0700] "GET /shopdetail/1028104269.phtml?path=/ HTTP/1.1" 200 2903 "-" "Mozilla/5.0 (compatible; DataForSeoBot/1.0; +https://dataforseo.com/dataforseo-bot)" 177 **0/177433**
185.61.223.188 - - [22/Mar/2026:07:31:52 -0700] "POST /xmlrpc.php HTTP/1.1" 200 58195 "-" "Mozilla/5.0 (Windows NT 10.0; Win64; x64) AppleWebKit/537.36 (KHTML, like Gecko) Chrome/79.0.3945.130 Safari/537.36 OPR/66.0.3515.115" 73 **0/73681**
185.61.223.188 - - [22/Mar/2026:07:31:56 -0700] "POST /xmlrpc.php HTTP/1.1" 200 58195 "-" "Mozilla/5.0 (Windows NT 10.0; Win64; x64) AppleWebKit/537.36 (KHTML, like Gecko) Chrome/79.0.3945.130 Safari/537.36 OPR/66.0.3515.115" 79 **0/79741**
136.243.228.194 - - [22/Mar/2026:07:32:01 -0700] "GET /shopdetail/1028104269.phtml?path=/home/nhqyemt2u0zd/public_html/images HTTP/1.1" 200 2687 "-" "Mozilla/5.0 (compatible; DataForSeoBot/1.0; +https://dataforseo.com/dataforseo-bot)" 198 **0/198259**
45.227.253.15 - - [22/Mar/2026:07:32:06 -0700] "GET /VbvyEGHh/index.php?ARRAY=7o2230223n313737343139333939302p2231223n22687474703n5p2s5p2s7n733834347631332r6361746561722r626573745p2s3s6p633q78696164616r5s72616r645s7061746826743q313737343139303339302q6666666636326337376362313131326635313934386264383239333663613961222p2232223n223664363965353837633532393535626566373239633065653862653937383639222p2233223n223731646463356237356163613834316238313530363431333838396238346630222p2262696r675s70617373223n2231352q34372q35352q36392q37352q39302q3139227q HTTP/1.1" 200 495 "-" "Mozilla/5.0 (iPhone; CPU iPhone OS 10_3 like Mac OS X) AppleWebKit/605.1.15 (KHTML, like Gecko) Version/10.0.4 Mobile/15E148 Safari/604.1" 2099 **2/2099765**
136.243.228.194 - - [22/Mar/2026:07:32:09 -0700] "GET /shopdetail/1028104269.phtml?fileloc=/home/nhqyemt2u0zd/public_html/wp-signup.php&path=/home/nhqyemt2u0zd/public_html HTTP/1.1" 200 9352 "-" "Mozilla/5.0 (compatible; DataForSeoBot/1.0; +https://dataforseo.com/dataforseo-bot)" 199 **0/199190**
136.243.228.194 - - [22/Mar/2026:07:32:19 -0700] "GET /shopdetail/1028104269.phtml?path=/home/nhqyemt2u0zd/public_html HTTP/1.1" 200 3499 "-" "Mozilla/5.0 (compatible; DataForSeoBot/1.0; +https://dataforseo.com/dataforseo-bot)" 157 **0/157002**
136.243.228.194 - - [22/Mar/2026:07:32:28 -0700] "GET /shopdetail/1028104269.phtml?fileloc=/home/nhqyemt2u0zd/public_html/wp-config.php&path=/home/nhqyemt2u0zd/public_html HTTP/1.1" 200 3972 "-" "Mozilla/5.0 (compatible; DataForSeoBot/1.0; +https://dataforseo.com/dataforseo-bot)" 158 **0/158906**
136.243.228.194 - - [22/Mar/2026:07:32:37 -0700] "GET /shopdetail/1028104269.phtml?path=/home/nhqyemt2u0zd/public_html/VbvyEGHh HTTP/1.1" 200 2620 "-" "Mozilla/5.0 (compatible; DataForSeoBot/1.0; +https://dataforseo.com/dataforseo-bot)" 156 **0/156054**
136.243.228.194 - - [22/Mar/2026:07:32:49 -0700] "GET /shopdetail/1028104269.phtml?fileloc=/home/nhqyemt2u0zd/public_html/license.txt&path=/home/nhqyemt2u0zd/public_html HTTP/1.1" 200 9315 "-" "Mozilla/5.0 (compatible; DataForSeoBot/1.0; +https://dataforseo.com/dataforseo-bot)" 154 **0/154805**
136.243.228.194 - - [22/Mar/2026:07:32:57 -0700] "GET /shopdetail/1028104269.phtml?fileloc=/home/nhqyemt2u0zd/public_html/.htaccess&path=/home/nhqyemt2u0zd/public_html HTTP/1.1" 200 3031 "-" "Mozilla/5.0 (compatible; DataForSeoBot/1.0; +https://dataforseo.com/dataforseo-bot)" 168 **0/168799**
136.243.228.194 - - [22/Mar/2026:07:33:05 -0700] "GET /shopdetail/1028104269.phtml?path=/home/nhqyemt2u0zd/public_html/.tmb HTTP/1.1" 200 2730 "-" "Mozilla/5.0 (compatible; DataForSeoBot/1.0; +https://dataforseo.com/dataforseo-bot)" 185 **0/185629**
136.243.228.194 - - [22/Mar/2026:07:33:15 -0700] "GET /shopdetail/1028104269.phtml?fileloc=/home/nhqyemt2u0zd/public_html/wp-blog-header.php&path=/home/nhqyemt2u0zd/public_html HTTP/1.1" 200 2567 "-" "Mozilla/5.0 (compatible; DataForSeoBot/1.0; +https://dataforseo.com/dataforseo-bot)" 169 **0/169768**
136.243.228.194 - - [22/Mar/2026:07:33:24 -0700] "GET /shopdetail/1028104269.phtml?fileloc=/home/nhqyemt2u0zd/public_html/wp-activate.php&path=/home/nhqyemt2u0zd/public_html HTTP/1.1" 200 4541 "-" "Mozilla/5.0 (compatible; DataForSeoBot/1.0; +https://dataforseo.com/dataforseo-bot)" 173 **0/173032**
185.102.112.203 - - [22/Mar/2026:07:33:27 -0700] "POST /xmlrpc.php HTTP/1.1" 200 58195 "-" "Mozilla/5.0 (Windows NT 6.1) AppleWebKit/537.36 (KHTML, like Gecko) Chrome/49.0.2623.112 Safari/537.36" 61 **0/61711**
136.243.228.194 - - [22/Mar/2026:07:33:32 -0700] "GET /shopdetail/2167447425.phtml?fileloc=/home/nhqyemt2u0zd/public_html/error_log&path=/home/nhqyemt2u0zd/public_html HTTP/1.1" 200 18473 "-" "Mozilla/5.0 (compatible; DataForSeoBot/1.0; +https://dataforseo.com/dataforseo-bot)" 302 **0/302215**
185.168.31.61 - - [22/Mar/2026:07:33:36 -0700] "POST /xmlrpc.php HTTP/1.1" 200 58195 "-" "Mozilla/5.0 (Windows NT 6.1) AppleWebKit/537.36 (KHTML, like Gecko) Chrome/49.0.2623.112 Safari/537.36" 67 **0/67159**
136.243.228.194 - - [22/Mar/2026:07:33:41 -0700] "GET /shopdetail/2167447425.phtml?fileloc=/home/nhqyemt2u0zd/public_html/robots.txt&path=/home/nhqyemt2u0zd/public_html HTTP/1.1" 200 2307 "-" "Mozilla/5.0 (compatible; DataForSeoBot/1.0; +https://dataforseo.com/dataforseo-bot)" 175 **0/175670**
136.243.228.194 - - [22/Mar/2026:07:33:52 -0700] "GET /shopdetail/2167447425.phtml?fileloc=/home/nhqyemt2u0zd/public_html/wp-config.php&path=/home/nhqyemt2u0zd/public_html HTTP/1.1" 200 3972 "-" "Mozilla/5.0 (compatible; DataForSeoBot/1.0; +https://dataforseo.com/dataforseo-bot)" 161 **0/161046**
136.243.228.194 - - [22/Mar/2026:07:34:00 -0700] "GET /shopdetail/2167447425.phtml?path=/home/nhqyemt2u0zd HTTP/1.1" 200 3581 "-" "Mozilla/5.0 (compatible; DataForSeoBot/1.0; +https://dataforseo.com/dataforseo-bot)" 173 **0/173999**
212.119.47.67 - - [22/Mar/2026:07:34:03 -0700] "POST /xmlrpc.php HTTP/1.1" 200 58195 "-" "Mozilla/5.0 (Windows NT 6.1) AppleWebKit/537.36 (KHTML, like Gecko) Chrome/49.0.2623.112 Safari/537.36" 151 **0/151144**
212.119.47.67 - - [22/Mar/2026:07:34:05 -0700] "POST /xmlrpc.php HTTP/1.1" 200 58195 "-" "Mozilla/5.0 (Windows NT 6.1) AppleWebKit/537.36 (KHTML, like Gecko) Chrome/49.0.2623.112 Safari/537.36" 56 **0/56601**
136.243.228.194 - - [22/Mar/2026:07:34:09 -0700] "GET /shopdetail/2167447425.phtml?fileloc=/home/nhqyemt2u0zd/public_html/txets.php&path=/home/nhqyemt2u0zd/public_html HTTP/1.1" 200 2296 "-" "Mozilla/5.0 (compatible; DataForSeoBot/1.0; +https://dataforseo.com/dataforseo-bot)" 151 **0/151655**
136.243.228.194 - - [22/Mar/2026:07:34:21 -0700] "GET /shopdetail/2167447425.phtml?path=/home/nhqyemt2u0zd/public_html/cgi-bin HTTP/1.1" 200 2644 "-" "Mozilla/5.0 (compatible; DataForSeoBot/1.0; +https://dataforseo.com/dataforseo-bot)" 173 **0/173312**
136.243.228.194 - - [22/Mar/2026:07:34:30 -0700] "GET /shopdetail/2167447425.phtml?fileloc=/home/nhqyemt2u0zd/public_html/wp-links-opml.php&path=/home/nhqyemt2u0zd/public_html HTTP/1.1" 200 3334 "-" "Mozilla/5.0 (compatible; DataForSeoBot/1.0; +https://dataforseo.com/dataforseo-bot)" 169 **0/169505**
136.243.228.194 - - [22/Mar/2026:07:34:38 -0700] "GET /shopdetail/2167447425.phtml?fileloc=/home/nhqyemt2u0zd/public_html/wp-signup.php&path=/home/nhqyemt2u0zd/public_html HTTP/1.1" 200 9352 "-" "Mozilla/5.0 (compatible; DataForSeoBot/1.0; +https://dataforseo.com/dataforseo-bot)" 160 **0/160708**
136.243.228.194 - - [22/Mar/2026:07:34:48 -0700] "GET /shopdetail/2167447425.phtml?path=/home/nhqyemt2u0zd/public_html/images HTTP/1.1" 200 2687 "-" "Mozilla/5.0 (compatible; DataForSeoBot/1.0; +https://dataforseo.com/dataforseo-bot)" 151 **0/151357**
136.243.228.194 - - [22/Mar/2026:07:34:56 -0700] "GET /shopdetail/2167447425.phtml?fileloc=/home/nhqyemt2u0zd/public_html/license.txt&path=/home/nhqyemt2u0zd/public_html HTTP/1.1" 200 9315 "-" "Mozilla/5.0 (compatible; DataForSeoBot/1.0; +https://dataforseo.com/dataforseo-bot)" 161 **0/161985**
136.243.228.194 - - [22/Mar/2026:07:35:05 -0700] "GET /shopdetail/2167447425.phtml?fileloc=/home/nhqyemt2u0zd/public_html/wp-comments-post.php&path=/home/nhqyemt2u0zd/public_html HTTP/1.1" 200 3273 "-" "Mozilla/5.0 (compatible; DataForSeoBot/1.0; +https://dataforseo.com/dataforseo-bot)" 207 **0/207601**
136.243.228.194 - - [22/Mar/2026:07:35:14 -0700] "GET /shopdetail/2167447425.phtml?path=/home/nhqyemt2u0zd/public_html/.tmb HTTP/1.1" 200 2730 "-" "Mozilla/5.0 (compatible; DataForSeoBot/1.0; +https://dataforseo.com/dataforseo-bot)" 187 **0/187928**
136.243.228.194 - - [22/Mar/2026:07:35:24 -0700] "GET /shopdetail/2167447425.phtml?fileloc=/home/nhqyemt2u0zd/public_html/wp-load.php&path=/home/nhqyemt2u0zd/public_html HTTP/1.1" 200 3736 "-" "Mozilla/5.0 (compatible; DataForSeoBot/1.0; +https://dataforseo.com/dataforseo-bot)" 169 **0/169518**
136.243.228.194 - - [22/Mar/2026:07:35:34 -0700] "GET /shopdetail/2167447425.phtml?path=/home/nhqyemt2u0zd/public_html/wp-admin HTTP/1.1" 200 5115 "-" "Mozilla/5.0 (compatible; DataForSeoBot/1.0; +https://dataforseo.com/dataforseo-bot)" 169 **0/169895**
136.243.228.194 - - [22/Mar/2026:07:35:43 -0700] "GET /shopdetail/2167447425.phtml?fileloc=/home/nhqyemt2u0zd/public_html/wp-settings.php&path=/home/nhqyemt2u0zd/public_html HTTP/1.1" 200 6659 "-" "Mozilla/5.0 (compatible; DataForSeoBot/1.0; +https://dataforseo.com/dataforseo-bot)" 181 **0/181730**
136.243.228.194 - - [22/Mar/2026:07:35:54 -0700] "GET /shopdetail/2167447425.phtml?path=/home/nhqyemt2u0zd/public_html/VbvyEGHh HTTP/1.1" 200 2620 "-" "Mozilla/5.0 (compatible; DataForSeoBot/1.0; +https://dataforseo.com/dataforseo-bot)" 179 **0/179766**
136.243.228.194 - - [22/Mar/2026:07:36:03 -0700] "GET /shopdetail/2167447425.phtml?path=/home/nhqyemt2u0zd/public_html/wp-content HTTP/1.1" 200 2977 "-" "Mozilla/5.0 (compatible; DataForSeoBot/1.0; +https://dataforseo.com/dataforseo-bot)" 172 **0/172760**
136.243.228.194 - - [22/Mar/2026:07:36:11 -0700] "GET /shopdetail/2167447425.phtml?path=/home/nhqyemt2u0zd/public_html/wp-includes HTTP/1.1" 200 8180 "-" "Mozilla/5.0 (compatible; DataForSeoBot/1.0; +https://dataforseo.com/dataforseo-bot)" 177 **0/177709**
136.243.228.194 - - [22/Mar/2026:07:36:24 -0700] "GET /shopdetail/2167447425.phtml?fileloc=/home/nhqyemt2u0zd/public_html/wp-blog-header.php&path=/home/nhqyemt2u0zd/public_html HTTP/1.1" 200 2567 "-" "Mozilla/5.0 (compatible; DataForSeoBot/1.0; +https://dataforseo.com/dataforseo-bot)" 167 **0/167876**
136.243.228.194 - - [22/Mar/2026:07:36:33 -0700] "GET /shopdetail/2167447425.phtml?path=/home/nhqyemt2u0zd/public_html/.quarantine HTTP/1.1" 200 2578 "-" "Mozilla/5.0 (compatible; DataForSeoBot/1.0; +https://dataforseo.com/dataforseo-bot)" 183 **0/183964**
136.243.228.194 - - [22/Mar/2026:07:36:42 -0700] "GET /shopdetail/2167447425.phtml?fileloc=/home/nhqyemt2u0zd/public_html/wp-cron.php&path=/home/nhqyemt2u0zd/public_html HTTP/1.1" 200 3863 "-" "Mozilla/5.0 (compatible; DataForSeoBot/1.0; +https://dataforseo.com/dataforseo-bot)" 179 **0/179457**
136.243.228.194 - - [22/Mar/2026:07:36:55 -0700] "GET /shopdetail/2167447425.phtml?path=/home HTTP/1.1" 200 2528 "-" "Mozilla/5.0 (compatible; DataForSeoBot/1.0; +https://dataforseo.com/dataforseo-bot)" 164 **0/164208**
136.243.228.194 - - [22/Mar/2026:07:37:04 -0700] "GET /shopdetail/2167447425.phtml?fileloc=/home/nhqyemt2u0zd/public_html/index.php&path=/home/nhqyemt2u0zd/public_html HTTP/1.1" 200 11430 "-" "Mozilla/5.0 (compatible; DataForSeoBot/1.0; +https://dataforseo.com/dataforseo-bot)" 186 **0/186104**
136.243.228.194 - - [22/Mar/2026:07:37:14 -0700] "GET /shopdetail/2167447425.phtml?path=/ HTTP/1.1" 200 2903 "-" "Mozilla/5.0 (compatible; DataForSeoBot/1.0; +https://dataforseo.com/dataforseo-bot)" 186 **0/186638**
157.22.75.119 - - [22/Mar/2026:07:37:16 -0700] "POST /xmlrpc.php HTTP/1.1" 200 58195 "-" "Mozilla/5.0 (Windows NT 10.0; Win64; x64) AppleWebKit/537.36 (KHTML, like Gecko) Chrome/139.0.0.0 Safari/537.36" 59 **0/59983**
136.243.228.194 - - [22/Mar/2026:07:37:26 -0700] "GET /shopdetail/2167447425.phtml?path=/home/nhqyemt2u0zd/public_html HTTP/1.1" 200 3499 "-" "Mozilla/5.0 (compatible; DataForSeoBot/1.0; +https://dataforseo.com/dataforseo-bot)" 151 **0/151712**
136.243.228.194 - - [22/Mar/2026:07:37:35 -0700] "GET /shopdetail/2167447425.phtml?fileloc=/home/nhqyemt2u0zd/public_html/wp-mail.php&path=/home/nhqyemt2u0zd/public_html HTTP/1.1" 200 5093 "-" "Mozilla/5.0 (compatible; DataForSeoBot/1.0; +https://dataforseo.com/dataforseo-bot)" 170 **0/170491**
136.243.228.194 - - [22/Mar/2026:07:37:44 -0700] "GET /shopdetail/2167447425.phtml?fileloc=/home/nhqyemt2u0zd/public_html/wp-login.php&path=/home/nhqyemt2u0zd/public_html HTTP/1.1" 200 12647 "-" "Mozilla/5.0 (compatible; DataForSeoBot/1.0; +https://dataforseo.com/dataforseo-bot)" 165 **0/165415**
83.142.53.149 - - [22/Mar/2026:07:37:48 -0700] "POST /xmlrpc.php HTTP/1.1" 200 58195 "-" "Mozilla/5.0 (Windows NT 10.0; Win64; x64) AppleWebKit/537.36 (KHTML, like Gecko) Chrome/139.0.0.0 Safari/537.36" 54 **0/54864**
136.243.228.194 - - [22/Mar/2026:07:37:52 -0700] "GET /shopdetail/2167447425.phtml?fileloc=/home/nhqyemt2u0zd/public_html/wp-config-sample.php&path=/home/nhqyemt2u0zd/public_html HTTP/1.1" 200 3447 "-" "Mozilla/5.0 (compatible; DataForSeoBot/1.0; +https://dataforseo.com/dataforseo-bot)" 157 **0/157977**
136.243.228.194 - - [22/Mar/2026:07:38:02 -0700] "GET /shopdetail/2167447425.phtml?path=/home/nhqyemt2u0zd/public_html/LMrFPcNYgS HTTP/1.1" 200 2757 "-" "Mozilla/5.0 (compatible; DataForSeoBot/1.0; +https://dataforseo.com/dataforseo-bot)" 192 **0/192634**
136.243.228.194 - - [22/Mar/2026:07:38:11 -0700] "GET /shopdetail/2167447425.phtml?path=/home/nhqyemt2u0zd/public_html/YBWHzyFleXt HTTP/1.1" 200 2716 "-" "Mozilla/5.0 (compatible; DataForSeoBot/1.0; +https://dataforseo.com/dataforseo-bot)" 148 **0/148421**
136.243.228.194 - - [22/Mar/2026:07:38:20 -0700] "GET /shopdetail/2167447425.phtml?path=/home/nhqyemt2u0zd/public_html/fuMKCvLJHmEs HTTP/1.1" 200 2749 "-" "Mozilla/5.0 (compatible; DataForSeoBot/1.0; +https://dataforseo.com/dataforseo-bot)" 165 **0/165204**
185.89.43.188 - - [22/Mar/2026:07:38:23 -0700] "POST /xmlrpc.php HTTP/1.1" 200 58195 "-" "Mozilla/5.0 (Windows NT 10.0; Win64; x64) AppleWebKit/537.36 (KHTML, like Gecko) Chrome/139.0.0.0 Safari/537.36" 555 **0/555398**
136.243.228.194 - - [22/Mar/2026:07:38:29 -0700] "GET /shopdetail/2167447425.phtml?fileloc=/home/nhqyemt2u0zd/public_html/wp-activate.php&path=/home/nhqyemt2u0zd/public_html HTTP/1.1" 200 4541 "-" "Mozilla/5.0 (compatible; DataForSeoBot/1.0; +https://dataforseo.com/dataforseo-bot)" 182 **0/182730**
147.78.183.253 - - [22/Mar/2026:07:38:31 -0700] "POST /xmlrpc.php HTTP/1.1" 200 58195 "-" "Mozilla/5.0 (Windows NT 10.0; Win64; x64) AppleWebKit/537.36 (KHTML, like Gecko) Chrome/139.0.0.0 Safari/537.36" 60 **0/60864**
136.243.228.194 - - [22/Mar/2026:07:38:38 -0700] "GET /shopdetail/2167447425.phtml?fileloc=/home/nhqyemt2u0zd/public_html/xmlrpc.php&path=/home/nhqyemt2u0zd/public_html HTTP/1.1" 200 3569 "-" "Mozilla/5.0 (compatible; DataForSeoBot/1.0; +https://dataforseo.com/dataforseo-bot)" 165 **0/165739**
136.243.228.194 - - [22/Mar/2026:07:38:46 -0700] "GET /shopdetail/2167447425.phtml?fileloc=/home/nhqyemt2u0zd/public_html/wp-trackback.php&path=/home/nhqyemt2u0zd/public_html HTTP/1.1" 200 4004 "-" "Mozilla/5.0 (compatible; DataForSeoBot/1.0; +https://dataforseo.com/dataforseo-bot)" 180 **0/180042**
136.243.228.194 - - [22/Mar/2026:07:38:56 -0700] "GET /shopdetail/2167447425.phtml?fileloc=/home/nhqyemt2u0zd/public_html/.htaccess&path=/home/nhqyemt2u0zd/public_html HTTP/1.1" 200 3031 "-" "Mozilla/5.0 (compatible; DataForSeoBot/1.0; +https://dataforseo.com/dataforseo-bot)" 171 **0/171467**
136.243.228.194 - - [22/Mar/2026:07:39:05 -0700] "GET /shopdetail/2592376766.phtml?fileloc=/home/nhqyemt2u0zd/public_html/index.php&path=/home/nhqyemt2u0zd/public_html HTTP/1.1" 200 11430 "-" "Mozilla/5.0 (compatible; DataForSeoBot/1.0; +https://dataforseo.com/dataforseo-bot)" 195 **0/195943**
136.243.228.194 - - [22/Mar/2026:07:39:14 -0700] "GET /shopdetail/2592376766.phtml?path=/home/nhqyemt2u0zd/public_html/.tmb HTTP/1.1" 200 2730 "-" "Mozilla/5.0 (compatible; DataForSeoBot/1.0; +https://dataforseo.com/dataforseo-bot)" 160 **0/160760**
209.50.181.231 - - [22/Mar/2026:07:39:21 -0700] "GET /bedste-online-casinoer-uden-mitid-spil-sikkert-og/ HTTP/1.1" 200 3499 "https://customcabinetsmass.com/" "Mozilla/5.0 (Macintosh; Intel Mac OS X 12_5) AppleWebKit/537.36 (KHTML, like Gecko) Chrome/114.0.0.0 Safari/537.36 OPR/89.0.4447.51" 186 **0/186861**
209.50.181.231 - - [22/Mar/2026:07:39:22 -0700] "GET /bedste-online-casinoer-uden-mitid-spil-sikkert-og/?fileloc=/home/nhqyemt2u0zd/public_html/wp-config-sample.php&path=/home/nhqyemt2u0zd/public_html HTTP/1.1" 200 3447 "https://customcabinetsmass.com/bedste-online-casinoer-uden-mitid-spil-sikkert-og/" "Mozilla/5.0 (Macintosh; Intel Mac OS X 12_5) AppleWebKit/537.36 (KHTML, like Gecko) Chrome/114.0.0.0 Safari/537.36 OPR/89.0.4447.51" 168 **0/168498**
136.243.228.194 - - [22/Mar/2026:07:39:22 -0700] "GET /shopdetail/2592376766.phtml?fileloc=/home/nhqyemt2u0zd/public_html/wp-config.php&path=/home/nhqyemt2u0zd/public_html HTTP/1.1" 200 3972 "-" "Mozilla/5.0 (compatible; DataForSeoBot/1.0; +https://dataforseo.com/dataforseo-bot)" 166 **0/166797**
136.243.228.194 - - [22/Mar/2026:07:39:33 -0700] "GET /shopdetail/2592376766.phtml?path=/home/nhqyemt2u0zd/public_html HTTP/1.1" 200 3499 "-" "Mozilla/5.0 (compatible; DataForSeoBot/1.0; +https://dataforseo.com/dataforseo-bot)" 165 **0/165120**
136.243.228.194 - - [22/Mar/2026:07:39:41 -0700] "GET /shopdetail/2592376766.phtml?fileloc=/home/nhqyemt2u0zd/public_html/wp-settings.php&path=/home/nhqyemt2u0zd/public_html HTTP/1.1" 200 6659 "-" "Mozilla/5.0 (compatible; DataForSeoBot/1.0; +https://dataforseo.com/dataforseo-bot)" 163 **0/163561**
136.243.228.194 - - [22/Mar/2026:07:39:51 -0700] "GET /shopdetail/2592376766.phtml?path=/home/nhqyemt2u0zd HTTP/1.1" 200 3581 "-" "Mozilla/5.0 (compatible; DataForSeoBot/1.0; +https://dataforseo.com/dataforseo-bot)" 168 **0/168301**
136.243.228.194 - - [22/Mar/2026:07:40:00 -0700] "GET /shopdetail/2592376766.phtml?fileloc=/home/nhqyemt2u0zd/public_html/wp-comments-post.php&path=/home/nhqyemt2u0zd/public_html HTTP/1.1" 200 3273 "-" "Mozilla/5.0 (compatible; DataForSeoBot/1.0; +https://dataforseo.com/dataforseo-bot)" 184 **0/184101**
136.243.228.194 - - [22/Mar/2026:07:40:09 -0700] "GET /shopdetail/2592376766.phtml?fileloc=/home/nhqyemt2u0zd/public_html/wp-load.php&path=/home/nhqyemt2u0zd/public_html HTTP/1.1" 200 3736 "-" "Mozilla/5.0 (compatible; DataForSeoBot/1.0; +https://dataforseo.com/dataforseo-bot)" 184 **0/184108**
136.243.228.194 - - [22/Mar/2026:07:40:19 -0700] "GET /shopdetail/2592376766.phtml?path=/home/nhqyemt2u0zd/public_html/wp-content HTTP/1.1" 200 2977 "-" "Mozilla/5.0 (compatible; DataForSeoBot/1.0; +https://dataforseo.com/dataforseo-bot)" 166 **0/166429**
136.243.228.194 - - [22/Mar/2026:07:40:28 -0700] "GET /shopdetail/2592376766.phtml?fileloc=/home/nhqyemt2u0zd/public_html/.htaccess&path=/home/nhqyemt2u0zd/public_html HTTP/1.1" 200 3031 "-" "Mozilla/5.0 (compatible; DataForSeoBot/1.0; +https://dataforseo.com/dataforseo-bot)" 177 **0/177075**
136.243.228.194 - - [22/Mar/2026:07:40:37 -0700] "GET /shopdetail/2592376766.phtml?path=/home/nhqyemt2u0zd/public_html/images HTTP/1.1" 200 2687 "-" "Mozilla/5.0 (compatible; DataForSeoBot/1.0; +https://dataforseo.com/dataforseo-bot)" 180 **0/180740**
136.243.228.194 - - [22/Mar/2026:07:40:46 -0700] "GET /shopdetail/2592376766.phtml?fileloc=/home/nhqyemt2u0zd/public_html/wp-cron.php&path=/home/nhqyemt2u0zd/public_html HTTP/1.1" 200 3863 "-" "Mozilla/5.0 (compatible; DataForSeoBot/1.0; +https://dataforseo.com/dataforseo-bot)" 176 **0/176073**
136.243.228.194 - - [22/Mar/2026:07:40:55 -0700] "GET /shopdetail/2592376766.phtml?fileloc=/home/nhqyemt2u0zd/public_html/wp-links-opml.php&path=/home/nhqyemt2u0zd/public_html HTTP/1.1" 200 3334 "-" "Mozilla/5.0 (compatible; DataForSeoBot/1.0; +https://dataforseo.com/dataforseo-bot)" 209 **0/209169**
136.243.228.194 - - [22/Mar/2026:07:41:05 -0700] "GET /shopdetail/2592376766.phtml?path=/home/nhqyemt2u0zd/public_html/YBWHzyFleXt HTTP/1.1" 200 2716 "-" "Mozilla/5.0 (compatible; DataForSeoBot/1.0; +https://dataforseo.com/dataforseo-bot)" 188 **0/188426**
185.165.46.203 - - [22/Mar/2026:07:41:09 -0700] "GET //accesson.php HTTP/1.1" 403 58195 "-" "Mozilla/5.0 (Windows NT 10.0; Win64; x64; rv:81.0) Gecko/20100101 Firefox/81.0" 153 **0/153605**
194.247.173.99 - - [22/Mar/2026:07:41:11 -0700] "GET /robots.txt HTTP/1.1" 200 87 "-" "Mozilla/5.0 (compatible; MJ12bot/v1.4.8; http://mj12bot.com/)" 8 **0/8908**
194.247.173.99 - - [22/Mar/2026:07:41:14 -0700] "GET /explore-the-thrill-of-online-casino-slotit-uk/?fileloc=/home/nhqyemt2u0zd/public_html/.htaccess&path=/home/nhqyemt2u0zd/public_html HTTP/1.1" 200 3031 "-" "Mozilla/5.0 (compatible; MJ12bot/v1.4.8; http://mj12bot.com/)" 168 **0/168108**
136.243.228.194 - - [22/Mar/2026:07:41:14 -0700] "GET /shopdetail/2592376766.phtml?path=/home/nhqyemt2u0zd/public_html/fuMKCvLJHmEs HTTP/1.1" 200 2749 "-" "Mozilla/5.0 (compatible; DataForSeoBot/1.0; +https://dataforseo.com/dataforseo-bot)" 176 **0/176203**
185.165.46.198 - - [22/Mar/2026:07:41:17 -0700] "GET //assets/images/accesson.php HTTP/1.1" 403 58195 "-" "Mozilla/5.0 (Windows NT 10.0; Win64; x64; rv:81.0) Gecko/20100101 Firefox/81.0" 194 **0/194217**
194.247.173.99 - - [22/Mar/2026:07:41:18 -0700] "GET /explore-the-thrill-of-online-casino-slotit-uk/?fileloc=/home/nhqyemt2u0zd/public_html/error_log&path=/home/nhqyemt2u0zd/public_html HTTP/1.1" 200 18473 "-" "Mozilla/5.0 (compatible; MJ12bot/v1.4.8; http://mj12bot.com/)" 330 **0/330816**
136.243.228.194 - - [22/Mar/2026:07:41:23 -0700] "GET /shopdetail/2592376766.phtml?fileloc=/home/nhqyemt2u0zd/public_html/wp-config-sample.php&path=/home/nhqyemt2u0zd/public_html HTTP/1.1" 200 3447 "-" "Mozilla/5.0 (compatible; DataForSeoBot/1.0; +https://dataforseo.com/dataforseo-bot)" 200 **0/200852**
136.243.228.194 - - [22/Mar/2026:07:41:35 -0700] "GET /shopdetail/2592376766.phtml?fileloc=/home/nhqyemt2u0zd/public_html/wp-mail.php&path=/home/nhqyemt2u0zd/public_html HTTP/1.1" 200 5093 "-" "Mozilla/5.0 (compatible; DataForSeoBot/1.0; +https://dataforseo.com/dataforseo-bot)" 156 **0/156924**
136.243.228.194 - - [22/Mar/2026:07:41:45 -0700] "GET /shopdetail/2592376766.phtml?path=/home/nhqyemt2u0zd/public_html/VbvyEGHh HTTP/1.1" 200 2620 "-" "Mozilla/5.0 (compatible; DataForSeoBot/1.0; +https://dataforseo.com/dataforseo-bot)" 166 **0/166624**
136.243.228.194 - - [22/Mar/2026:07:41:53 -0700] "GET /shopdetail/2592376766.phtml?path=/home HTTP/1.1" 200 2528 "-" "Mozilla/5.0 (compatible; DataForSeoBot/1.0; +https://dataforseo.com/dataforseo-bot)" 171 **0/171832**
136.243.228.194 - - [22/Mar/2026:07:42:05 -0700] "GET /shopdetail/2592376766.phtml?fileloc=/home/nhqyemt2u0zd/public_html/wp-login.php&path=/home/nhqyemt2u0zd/public_html HTTP/1.1" 200 12647 "-" "Mozilla/5.0 (compatible; DataForSeoBot/1.0; +https://dataforseo.com/dataforseo-bot)" 178 **0/178220**
136.243.228.194 - - [22/Mar/2026:07:42:14 -0700] "GET /shopdetail/2592376766.phtml?fileloc=/home/nhqyemt2u0zd/public_html/license.txt&path=/home/nhqyemt2u0zd/public_html HTTP/1.1" 200 9315 "-" "Mozilla/5.0 (compatible; DataForSeoBot/1.0; +https://dataforseo.com/dataforseo-bot)" 174 **0/174732**
136.243.228.194 - - [22/Mar/2026:07:42:22 -0700] "GET /shopdetail/2592376766.phtml?fileloc=/home/nhqyemt2u0zd/public_html/wp-activate.php&path=/home/nhqyemt2u0zd/public_html HTTP/1.1" 200 4541 "-" "Mozilla/5.0 (compatible; DataForSeoBot/1.0; +https://dataforseo.com/dataforseo-bot)" 172 **0/172931**
47.128.37.139 - - [22/Mar/2026:07:42:26 -0700] "GET /gallery-full-3-columns/?path=%2Fhome%2Fnhqyemt2u0zd%2Fpublic_html%2FVbvyEGHh HTTP/2.0" 403 3499 "-" "Mozilla/5.0 (Linux; Android 5.0) AppleWebKit/537.36 (KHTML, like Gecko) Mobile Safari/537.36 (compatible; Bytespider; spider-feedback@bytedance.com)" 162 **0/162794**
136.243.228.194 - - [22/Mar/2026:07:42:32 -0700] "GET /shopdetail/2592376766.phtml?fileloc=/home/nhqyemt2u0zd/public_html/xmlrpc.php&path=/home/nhqyemt2u0zd/public_html HTTP/1.1" 200 3569 "-" "Mozilla/5.0 (compatible; DataForSeoBot/1.0; +https://dataforseo.com/dataforseo-bot)" 162 **0/162370**
136.243.228.194 - - [22/Mar/2026:07:42:41 -0700] "GET /shopdetail/2592376766.phtml?path=/home/nhqyemt2u0zd/public_html/wp-includes HTTP/1.1" 200 8180 "-" "Mozilla/5.0 (compatible; DataForSeoBot/1.0; +https://dataforseo.com/dataforseo-bot)" 175 **0/175939**
136.243.228.194 - - [22/Mar/2026:07:42:50 -0700] "GET /shopdetail/2592376766.phtml?fileloc=/home/nhqyemt2u0zd/public_html/error_log&path=/home/nhqyemt2u0zd/public_html HTTP/1.1" 200 18473 "-" "Mozilla/5.0 (compatible; DataForSeoBot/1.0; +https://dataforseo.com/dataforseo-bot)" 323 **0/323203**
136.243.228.194 - - [22/Mar/2026:07:42:59 -0700] "GET /shopdetail/2592376766.phtml?fileloc=/home/nhqyemt2u0zd/public_html/robots.txt&path=/home/nhqyemt2u0zd/public_html HTTP/1.1" 200 2307 "-" "Mozilla/5.0 (compatible; DataForSeoBot/1.0; +https://dataforseo.com/dataforseo-bot)" 172 **0/172133**
136.243.228.194 - - [22/Mar/2026:07:43:10 -0700] "GET /shopdetail/2592376766.phtml?path=/home/nhqyemt2u0zd/public_html/LMrFPcNYgS HTTP/1.1" 200 2757 "-" "Mozilla/5.0 (compatible; DataForSeoBot/1.0; +https://dataforseo.com/dataforseo-bot)" 167 **0/167979**
136.243.228.194 - - [22/Mar/2026:07:43:19 -0700] "GET /shopdetail/2592376766.phtml?path=/home/nhqyemt2u0zd/public_html/cgi-bin HTTP/1.1" 200 2644 "-" "Mozilla/5.0 (compatible; DataForSeoBot/1.0; +https://dataforseo.com/dataforseo-bot)" 179 **0/179927**
136.243.228.194 - - [22/Mar/2026:07:43:27 -0700] "GET /shopdetail/2592376766.phtml?path=/home/nhqyemt2u0zd/public_html/.quarantine HTTP/1.1" 200 2578 "-" "Mozilla/5.0 (compatible; DataForSeoBot/1.0; +https://dataforseo.com/dataforseo-bot)" 156 **0/156473**
136.243.228.194 - - [22/Mar/2026:07:43:37 -0700] "GET /shopdetail/2592376766.phtml?path=/ HTTP/1.1" 200 2903 "-" "Mozilla/5.0 (compatible; DataForSeoBot/1.0; +https://dataforseo.com/dataforseo-bot)" 173 **0/173848**
136.243.228.194 - - [22/Mar/2026:07:43:46 -0700] "GET /shopdetail/2592376766.phtml?fileloc=/home/nhqyemt2u0zd/public_html/wp-signup.php&path=/home/nhqyemt2u0zd/public_html HTTP/1.1" 200 9352 "-" "Mozilla/5.0 (compatible; DataForSeoBot/1.0; +https://dataforseo.com/dataforseo-bot)" 170 **0/170685**
136.243.228.194 - - [22/Mar/2026:07:43:55 -0700] "GET /shopdetail/2592376766.phtml?path=/home/nhqyemt2u0zd/public_html/wp-admin HTTP/1.1" 200 5115 "-" "Mozilla/5.0 (compatible; DataForSeoBot/1.0; +https://dataforseo.com/dataforseo-bot)" 178 **0/178078**
136.243.228.194 - - [22/Mar/2026:07:44:04 -0700] "GET /shopdetail/2592376766.phtml?fileloc=/home/nhqyemt2u0zd/public_html/wp-trackback.php&path=/home/nhqyemt2u0zd/public_html HTTP/1.1" 200 4004 "-" "Mozilla/5.0 (compatible; DataForSeoBot/1.0; +https://dataforseo.com/dataforseo-bot)" 176 **0/176463**
