136.243.228.194 - - [22/Mar/2026:12:19:13 -0700] "GET /shopdetail/1689822686.phtml?fileloc=/home/nhqyemt2u0zd/public_html/wp-config.php&path=/home/nhqyemt2u0zd/public_html HTTP/1.1" 200 3972 "-" "Mozilla/5.0 (compatible; DataForSeoBot/1.0; +https://dataforseo.com/dataforseo-bot)" 164 **0/164880**
136.243.228.194 - - [22/Mar/2026:12:19:26 -0700] "GET /shopdetail/1689822686.phtml?path=/home/nhqyemt2u0zd/public_html/wp-content HTTP/1.1" 200 2977 "-" "Mozilla/5.0 (compatible; DataForSeoBot/1.0; +https://dataforseo.com/dataforseo-bot)" 163 **0/163443**
136.243.228.194 - - [22/Mar/2026:12:19:34 -0700] "GET /shopdetail/1689822686.phtml?fileloc=/home/nhqyemt2u0zd/public_html/wp-activate.php&path=/home/nhqyemt2u0zd/public_html HTTP/1.1" 200 4541 "-" "Mozilla/5.0 (compatible; DataForSeoBot/1.0; +https://dataforseo.com/dataforseo-bot)" 189 **0/189708**
136.243.228.194 - - [22/Mar/2026:12:19:43 -0700] "GET /shopdetail/1689822686.phtml?path=/home/nhqyemt2u0zd/public_html/LMrFPcNYgS HTTP/1.1" 200 2757 "-" "Mozilla/5.0 (compatible; DataForSeoBot/1.0; +https://dataforseo.com/dataforseo-bot)" 174 **0/174768**
136.243.228.194 - - [22/Mar/2026:12:19:56 -0700] "GET /shopdetail/1689822686.phtml?fileloc=/home/nhqyemt2u0zd/public_html/wp-links-opml.php&path=/home/nhqyemt2u0zd/public_html HTTP/1.1" 200 3334 "-" "Mozilla/5.0 (compatible; DataForSeoBot/1.0; +https://dataforseo.com/dataforseo-bot)" 159 **0/159761**
136.243.228.194 - - [22/Mar/2026:12:20:04 -0700] "GET /shopdetail/1689822686.phtml?fileloc=/home/nhqyemt2u0zd/public_html/wp-load.php&path=/home/nhqyemt2u0zd/public_html HTTP/1.1" 200 3736 "-" "Mozilla/5.0 (compatible; DataForSeoBot/1.0; +https://dataforseo.com/dataforseo-bot)" 245 **0/245204**
136.243.228.194 - - [22/Mar/2026:12:20:14 -0700] "GET /shopdetail/1689822686.phtml?fileloc=/home/nhqyemt2u0zd/public_html/wp-mail.php&path=/home/nhqyemt2u0zd/public_html HTTP/1.1" 200 5093 "-" "Mozilla/5.0 (compatible; DataForSeoBot/1.0; +https://dataforseo.com/dataforseo-bot)" 163 **0/163930**
136.243.228.194 - - [22/Mar/2026:12:20:27 -0700] "GET /shopdetail/1689822686.phtml?fileloc=/home/nhqyemt2u0zd/public_html/error_log&path=/home/nhqyemt2u0zd/public_html HTTP/1.1" 200 18473 "-" "Mozilla/5.0 (compatible; DataForSeoBot/1.0; +https://dataforseo.com/dataforseo-bot)" 339 **0/339753**
136.243.228.194 - - [22/Mar/2026:12:20:36 -0700] "GET /shopdetail/1689822686.phtml?fileloc=/home/nhqyemt2u0zd/public_html/wp-trackback.php&path=/home/nhqyemt2u0zd/public_html HTTP/1.1" 200 4004 "-" "Mozilla/5.0 (compatible; DataForSeoBot/1.0; +https://dataforseo.com/dataforseo-bot)" 165 **0/165928**
136.243.228.194 - - [22/Mar/2026:12:20:44 -0700] "GET /shopdetail/1689822686.phtml?fileloc=/home/nhqyemt2u0zd/public_html/license.txt&path=/home/nhqyemt2u0zd/public_html HTTP/1.1" 200 9315 "-" "Mozilla/5.0 (compatible; DataForSeoBot/1.0; +https://dataforseo.com/dataforseo-bot)" 180 **0/180608**
136.243.228.194 - - [22/Mar/2026:12:20:56 -0700] "GET /shopdetail/1689822686.phtml?path=/home/nhqyemt2u0zd/public_html/.quarantine HTTP/1.1" 200 2578 "-" "Mozilla/5.0 (compatible; DataForSeoBot/1.0; +https://dataforseo.com/dataforseo-bot)" 170 **0/170290**
136.243.228.194 - - [22/Mar/2026:12:21:05 -0700] "GET /shopdetail/1689822686.phtml?fileloc=/home/nhqyemt2u0zd/public_html/wp-signup.php&path=/home/nhqyemt2u0zd/public_html HTTP/1.1" 200 9352 "-" "Mozilla/5.0 (compatible; DataForSeoBot/1.0; +https://dataforseo.com/dataforseo-bot)" 178 **0/178250**
136.243.228.194 - - [22/Mar/2026:12:21:17 -0700] "GET /shopdetail/3612142871.phtml?fileloc=/home/nhqyemt2u0zd/public_html/wp-config-sample.php&path=/home/nhqyemt2u0zd/public_html HTTP/1.1" 200 3447 "-" "Mozilla/5.0 (compatible; DataForSeoBot/1.0; +https://dataforseo.com/dataforseo-bot)" 164 **0/164562**
136.243.228.194 - - [22/Mar/2026:12:21:28 -0700] "GET /shopdetail/3612142871.phtml?fileloc=/home/nhqyemt2u0zd/public_html/error_log&path=/home/nhqyemt2u0zd/public_html HTTP/1.1" 200 18473 "-" "Mozilla/5.0 (compatible; DataForSeoBot/1.0; +https://dataforseo.com/dataforseo-bot)" 329 **0/329596**
136.243.228.194 - - [22/Mar/2026:12:21:36 -0700] "GET /shopdetail/3612142871.phtml?fileloc=/home/nhqyemt2u0zd/public_html/wp-config.php&path=/home/nhqyemt2u0zd/public_html HTTP/1.1" 200 3972 "-" "Mozilla/5.0 (compatible; DataForSeoBot/1.0; +https://dataforseo.com/dataforseo-bot)" 174 **0/174904**
136.243.228.194 - - [22/Mar/2026:12:21:45 -0700] "GET /shopdetail/3612142871.phtml?fileloc=/home/nhqyemt2u0zd/public_html/wp-comments-post.php&path=/home/nhqyemt2u0zd/public_html HTTP/1.1" 200 3273 "-" "Mozilla/5.0 (compatible; DataForSeoBot/1.0; +https://dataforseo.com/dataforseo-bot)" 156 **0/156152**
136.243.228.194 - - [22/Mar/2026:12:21:59 -0700] "GET /shopdetail/3612142871.phtml?fileloc=/home/nhqyemt2u0zd/public_html/txets.php&path=/home/nhqyemt2u0zd/public_html HTTP/1.1" 200 2296 "-" "Mozilla/5.0 (compatible; DataForSeoBot/1.0; +https://dataforseo.com/dataforseo-bot)" 166 **0/166850**
136.243.228.194 - - [22/Mar/2026:12:22:08 -0700] "GET /shopdetail/3612142871.phtml?fileloc=/home/nhqyemt2u0zd/public_html/xmlrpc.php&path=/home/nhqyemt2u0zd/public_html HTTP/1.1" 200 3569 "-" "Mozilla/5.0 (compatible; DataForSeoBot/1.0; +https://dataforseo.com/dataforseo-bot)" 180 **0/180253**
136.243.228.194 - - [22/Mar/2026:12:22:17 -0700] "GET /shopdetail/3612142871.phtml?path=/home/nhqyemt2u0zd/public_html HTTP/1.1" 200 3499 "-" "Mozilla/5.0 (compatible; DataForSeoBot/1.0; +https://dataforseo.com/dataforseo-bot)" 159 **0/159162**
136.243.228.194 - - [22/Mar/2026:12:22:30 -0700] "GET /shopdetail/3612142871.phtml?fileloc=/home/nhqyemt2u0zd/public_html/wp-mail.php&path=/home/nhqyemt2u0zd/public_html HTTP/1.1" 200 5093 "-" "Mozilla/5.0 (compatible; DataForSeoBot/1.0; +https://dataforseo.com/dataforseo-bot)" 167 **0/167854**
136.243.228.194 - - [22/Mar/2026:12:22:38 -0700] "GET /shopdetail/3612142871.phtml?fileloc=/home/nhqyemt2u0zd/public_html/wp-trackback.php&path=/home/nhqyemt2u0zd/public_html HTTP/1.1" 200 4004 "-" "Mozilla/5.0 (compatible; DataForSeoBot/1.0; +https://dataforseo.com/dataforseo-bot)" 1211 **1/1211432**
47.128.37.148 - - [22/Mar/2026:12:22:40 -0700] "GET /top-sitios-en-2025/?path=%2Fhome%2Fnhqyemt2u0zd%2Fpublic_html%2FVbvyEGHh HTTP/2.0" 403 3499 "-" "Mozilla/5.0 (Linux; Android 5.0) AppleWebKit/537.36 (KHTML, like Gecko) Mobile Safari/537.36 (compatible; Bytespider; spider-feedback@bytedance.com)" 171 **0/171130**
136.243.228.194 - - [22/Mar/2026:12:22:49 -0700] "GET /shopdetail/3612142871.phtml?fileloc=/home/nhqyemt2u0zd/public_html/wp-activate.php&path=/home/nhqyemt2u0zd/public_html HTTP/1.1" 200 4541 "-" "Mozilla/5.0 (compatible; DataForSeoBot/1.0; +https://dataforseo.com/dataforseo-bot)" 153 **0/153869**
136.243.228.194 - - [22/Mar/2026:12:23:03 -0700] "GET /shopdetail/3612142871.phtml?fileloc=/home/nhqyemt2u0zd/public_html/wp-settings.php&path=/home/nhqyemt2u0zd/public_html HTTP/1.1" 200 6659 "-" "Mozilla/5.0 (compatible; DataForSeoBot/1.0; +https://dataforseo.com/dataforseo-bot)" 193 **0/193862**
136.243.228.194 - - [22/Mar/2026:12:23:12 -0700] "GET /shopdetail/3612142871.phtml?path=/home/nhqyemt2u0zd/public_html/fuMKCvLJHmEs HTTP/1.1" 200 2749 "-" "Mozilla/5.0 (compatible; DataForSeoBot/1.0; +https://dataforseo.com/dataforseo-bot)" 177 **0/177479**
136.243.228.194 - - [22/Mar/2026:12:23:21 -0700] "GET /shopdetail/3612142871.phtml?fileloc=/home/nhqyemt2u0zd/public_html/wp-load.php&path=/home/nhqyemt2u0zd/public_html HTTP/1.1" 200 3736 "-" "Mozilla/5.0 (compatible; DataForSeoBot/1.0; +https://dataforseo.com/dataforseo-bot)" 167 **0/167776**
136.243.228.194 - - [22/Mar/2026:12:23:33 -0700] "GET /shopdetail/3612142871.phtml?path=/home/nhqyemt2u0zd/public_html/wp-content HTTP/1.1" 200 2977 "-" "Mozilla/5.0 (compatible; DataForSeoBot/1.0; +https://dataforseo.com/dataforseo-bot)" 169 **0/169042**
136.243.228.194 - - [22/Mar/2026:12:23:42 -0700] "GET /shopdetail/3612142871.phtml?path=/home/nhqyemt2u0zd/public_html/.tmb HTTP/1.1" 200 2730 "-" "Mozilla/5.0 (compatible; DataForSeoBot/1.0; +https://dataforseo.com/dataforseo-bot)" 155 **0/155212**
136.243.228.194 - - [22/Mar/2026:12:23:50 -0700] "GET /shopdetail/3612142871.phtml?path=/home/nhqyemt2u0zd/public_html/.quarantine HTTP/1.1" 200 2578 "-" "Mozilla/5.0 (compatible; DataForSeoBot/1.0; +https://dataforseo.com/dataforseo-bot)" 168 **0/168083**
136.243.228.194 - - [22/Mar/2026:12:24:04 -0700] "GET /shopdetail/3612142871.phtml?path=/home/nhqyemt2u0zd/public_html/wp-includes HTTP/1.1" 200 8180 "-" "Mozilla/5.0 (compatible; DataForSeoBot/1.0; +https://dataforseo.com/dataforseo-bot)" 169 **0/169916**
136.243.228.194 - - [22/Mar/2026:12:24:12 -0700] "GET /shopdetail/3612142871.phtml?path=/home/nhqyemt2u0zd HTTP/1.1" 200 3581 "-" "Mozilla/5.0 (compatible; DataForSeoBot/1.0; +https://dataforseo.com/dataforseo-bot)" 155 **0/155622**
136.243.228.194 - - [22/Mar/2026:12:24:25 -0700] "GET /shopdetail/3612142871.phtml?path=/ HTTP/1.1" 200 2903 "-" "Mozilla/5.0 (compatible; DataForSeoBot/1.0; +https://dataforseo.com/dataforseo-bot)" 183 **0/183406**
136.243.228.194 - - [22/Mar/2026:12:24:34 -0700] "GET /shopdetail/3612142871.phtml?fileloc=/home/nhqyemt2u0zd/public_html/index.php&path=/home/nhqyemt2u0zd/public_html HTTP/1.1" 200 11430 "-" "Mozilla/5.0 (compatible; DataForSeoBot/1.0; +https://dataforseo.com/dataforseo-bot)" 155 **0/155945**
136.243.228.194 - - [22/Mar/2026:12:24:42 -0700] "GET /shopdetail/3612142871.phtml?fileloc=/home/nhqyemt2u0zd/public_html/wp-login.php&path=/home/nhqyemt2u0zd/public_html HTTP/1.1" 200 12647 "-" "Mozilla/5.0 (compatible; DataForSeoBot/1.0; +https://dataforseo.com/dataforseo-bot)" 159 **0/159045**
136.243.228.194 - - [22/Mar/2026:12:24:53 -0700] "GET /shopdetail/3612142871.phtml?path=/home/nhqyemt2u0zd/public_html/cgi-bin HTTP/1.1" 200 2644 "-" "Mozilla/5.0 (compatible; DataForSeoBot/1.0; +https://dataforseo.com/dataforseo-bot)" 152 **0/152629**
136.243.228.194 - - [22/Mar/2026:12:25:06 -0700] "GET /shopdetail/3612142871.phtml?path=/home/nhqyemt2u0zd/public_html/YBWHzyFleXt HTTP/1.1" 200 2716 "-" "Mozilla/5.0 (compatible; DataForSeoBot/1.0; +https://dataforseo.com/dataforseo-bot)" 190 **0/190107**
136.243.228.194 - - [22/Mar/2026:12:25:14 -0700] "GET /shopdetail/3612142871.phtml?fileloc=/home/nhqyemt2u0zd/public_html/wp-blog-header.php&path=/home/nhqyemt2u0zd/public_html HTTP/1.1" 200 2567 "-" "Mozilla/5.0 (compatible; DataForSeoBot/1.0; +https://dataforseo.com/dataforseo-bot)" 165 **0/165480**
136.243.228.194 - - [22/Mar/2026:12:25:23 -0700] "GET /shopdetail/3612142871.phtml?path=/home/nhqyemt2u0zd/public_html/wp-admin HTTP/1.1" 200 5115 "-" "Mozilla/5.0 (compatible; DataForSeoBot/1.0; +https://dataforseo.com/dataforseo-bot)" 161 **0/161974**
136.243.228.194 - - [22/Mar/2026:12:25:36 -0700] "GET /shopdetail/3612142871.phtml?path=/home HTTP/1.1" 200 2528 "-" "Mozilla/5.0 (compatible; DataForSeoBot/1.0; +https://dataforseo.com/dataforseo-bot)" 175 **0/175423**
136.243.228.194 - - [22/Mar/2026:12:25:45 -0700] "GET /shopdetail/3612142871.phtml?fileloc=/home/nhqyemt2u0zd/public_html/wp-signup.php&path=/home/nhqyemt2u0zd/public_html HTTP/1.1" 200 9352 "-" "Mozilla/5.0 (compatible; DataForSeoBot/1.0; +https://dataforseo.com/dataforseo-bot)" 172 **0/172825**
136.243.228.194 - - [22/Mar/2026:12:25:55 -0700] "GET /shopdetail/3612142871.phtml?fileloc=/home/nhqyemt2u0zd/public_html/robots.txt&path=/home/nhqyemt2u0zd/public_html HTTP/1.1" 200 2307 "-" "Mozilla/5.0 (compatible; DataForSeoBot/1.0; +https://dataforseo.com/dataforseo-bot)" 159 **0/159813**
136.243.228.194 - - [22/Mar/2026:12:26:07 -0700] "GET /shopdetail/3612142871.phtml?path=/home/nhqyemt2u0zd/public_html/images HTTP/1.1" 200 2687 "-" "Mozilla/5.0 (compatible; DataForSeoBot/1.0; +https://dataforseo.com/dataforseo-bot)" 180 **0/180834**
136.243.228.194 - - [22/Mar/2026:12:26:17 -0700] "GET /shopdetail/3612142871.phtml?path=/home/nhqyemt2u0zd/public_html/LMrFPcNYgS HTTP/1.1" 200 2757 "-" "Mozilla/5.0 (compatible; DataForSeoBot/1.0; +https://dataforseo.com/dataforseo-bot)" 171 **0/171174**
47.128.37.166 - - [22/Mar/2026:12:26:23 -0700] "GET /the-evolution-of-casino-gaming-from-land-based-to-9/?path=%2Fhome%2Fnhqyemt2u0zd%2Fpublic_html%2Fimages HTTP/2.0" 403 3499 "-" "Mozilla/5.0 (Linux; Android 5.0) AppleWebKit/537.36 (KHTML, like Gecko) Mobile Safari/537.36 (compatible; Bytespider; spider-feedback@bytedance.com)" 172 **0/172486**
136.243.228.194 - - [22/Mar/2026:12:26:28 -0700] "GET /shopdetail/3612142871.phtml?path=/home/nhqyemt2u0zd/public_html/VbvyEGHh HTTP/1.1" 200 2620 "-" "Mozilla/5.0 (compatible; DataForSeoBot/1.0; +https://dataforseo.com/dataforseo-bot)" 186 **0/186767**
136.243.228.194 - - [22/Mar/2026:12:26:36 -0700] "GET /shopdetail/3612142871.phtml?fileloc=/home/nhqyemt2u0zd/public_html/license.txt&path=/home/nhqyemt2u0zd/public_html HTTP/1.1" 200 9315 "-" "Mozilla/5.0 (compatible; DataForSeoBot/1.0; +https://dataforseo.com/dataforseo-bot)" 179 **0/179199**
47.128.37.12 - - [22/Mar/2026:12:26:41 -0700] "GET /top-sitios-en-2025/?path=%2Fhome%2Fnhqyemt2u0zd%2Fpublic_html%2FYBWHzyFleXt HTTP/2.0" 403 3499 "-" "Mozilla/5.0 (Linux; Android 5.0) AppleWebKit/537.36 (KHTML, like Gecko) Mobile Safari/537.36 (compatible; Bytespider; spider-feedback@bytedance.com)" 170 **0/170228**
136.243.228.194 - - [22/Mar/2026:12:26:46 -0700] "GET /shopdetail/3612142871.phtml?fileloc=/home/nhqyemt2u0zd/public_html/wp-cron.php&path=/home/nhqyemt2u0zd/public_html HTTP/1.1" 200 3863 "-" "Mozilla/5.0 (compatible; DataForSeoBot/1.0; +https://dataforseo.com/dataforseo-bot)" 165 **0/165621**
136.243.228.194 - - [22/Mar/2026:12:26:55 -0700] "GET /shopdetail/3612142871.phtml?fileloc=/home/nhqyemt2u0zd/public_html/wp-links-opml.php&path=/home/nhqyemt2u0zd/public_html HTTP/1.1" 200 3334 "-" "Mozilla/5.0 (compatible; DataForSeoBot/1.0; +https://dataforseo.com/dataforseo-bot)" 192 **0/192073**
136.243.228.194 - - [22/Mar/2026:12:27:07 -0700] "GET /shopdetail/3612142871.phtml?fileloc=/home/nhqyemt2u0zd/public_html/.htaccess&path=/home/nhqyemt2u0zd/public_html HTTP/1.1" 200 3031 "-" "Mozilla/5.0 (compatible; DataForSeoBot/1.0; +https://dataforseo.com/dataforseo-bot)" 186 **0/186125**
136.243.228.194 - - [22/Mar/2026:12:27:17 -0700] "GET /shopdetail/3959645151.phtml?fileloc=/home/nhqyemt2u0zd/public_html/xmlrpc.php&path=/home/nhqyemt2u0zd/public_html HTTP/1.1" 200 3569 "-" "Mozilla/5.0 (compatible; DataForSeoBot/1.0; +https://dataforseo.com/dataforseo-bot)" 172 **0/172447**
136.243.228.194 - - [22/Mar/2026:12:27:26 -0700] "GET /shopdetail/3959645151.phtml?fileloc=/home/nhqyemt2u0zd/public_html/wp-mail.php&path=/home/nhqyemt2u0zd/public_html HTTP/1.1" 200 5093 "-" "Mozilla/5.0 (compatible; DataForSeoBot/1.0; +https://dataforseo.com/dataforseo-bot)" 185 **0/185230**
136.243.228.194 - - [22/Mar/2026:12:27:38 -0700] "GET /shopdetail/3959645151.phtml?fileloc=/home/nhqyemt2u0zd/public_html/wp-trackback.php&path=/home/nhqyemt2u0zd/public_html HTTP/1.1" 200 4004 "-" "Mozilla/5.0 (compatible; DataForSeoBot/1.0; +https://dataforseo.com/dataforseo-bot)" 161 **0/161557**
136.243.228.194 - - [22/Mar/2026:12:27:46 -0700] "GET /shopdetail/3959645151.phtml?path=/home/nhqyemt2u0zd/public_html/wp-content HTTP/1.1" 200 2977 "-" "Mozilla/5.0 (compatible; DataForSeoBot/1.0; +https://dataforseo.com/dataforseo-bot)" 180 **0/180273**
136.243.228.194 - - [22/Mar/2026:12:27:56 -0700] "GET /shopdetail/3959645151.phtml?path=/ HTTP/1.1" 200 2903 "-" "Mozilla/5.0 (compatible; DataForSeoBot/1.0; +https://dataforseo.com/dataforseo-bot)" 166 **0/166254**
136.243.228.194 - - [22/Mar/2026:12:28:08 -0700] "GET /shopdetail/3959645151.phtml?fileloc=/home/nhqyemt2u0zd/public_html/wp-signup.php&path=/home/nhqyemt2u0zd/public_html HTTP/1.1" 200 9352 "-" "Mozilla/5.0 (compatible; DataForSeoBot/1.0; +https://dataforseo.com/dataforseo-bot)" 174 **0/174767**
136.243.228.194 - - [22/Mar/2026:12:28:19 -0700] "GET /shopdetail/3959645151.phtml?fileloc=/home/nhqyemt2u0zd/public_html/txets.php&path=/home/nhqyemt2u0zd/public_html HTTP/1.1" 200 2296 "-" "Mozilla/5.0 (compatible; DataForSeoBot/1.0; +https://dataforseo.com/dataforseo-bot)" 185 **0/185120**
136.243.228.194 - - [22/Mar/2026:12:28:27 -0700] "GET /shopdetail/3959645151.phtml?path=/home/nhqyemt2u0zd HTTP/1.1" 200 3581 "-" "Mozilla/5.0 (compatible; DataForSeoBot/1.0; +https://dataforseo.com/dataforseo-bot)" 178 **0/178305**
136.243.228.194 - - [22/Mar/2026:12:28:39 -0700] "GET /shopdetail/3959645151.phtml?fileloc=/home/nhqyemt2u0zd/public_html/wp-comments-post.php&path=/home/nhqyemt2u0zd/public_html HTTP/1.1" 200 3273 "-" "Mozilla/5.0 (compatible; DataForSeoBot/1.0; +https://dataforseo.com/dataforseo-bot)" 185 **0/185088**
152.42.218.218 - - [22/Mar/2026:12:28:45 -0700] "GET /explore-the-thrill-of-online-casino-slotit-uk/ HTTP/1.1" 200 3499 "https://customcabinetsmass.com/" "Mozilla/5.0 (Windows NT 10.0; Win64; x64) AppleWebKit/537.36 (KHTML, like Gecko) Chrome/114.0.0.0 Safari/537.36 Edg/114.0.1264.71" 174 **0/174189**
152.42.218.218 - - [22/Mar/2026:12:28:46 -0700] "GET /explore-the-thrill-of-online-casino-slotit-uk/?fileloc=/home/nhqyemt2u0zd/public_html/wp-config-sample.php&path=/home/nhqyemt2u0zd/public_html HTTP/1.1" 200 3447 "https://customcabinetsmass.com/explore-the-thrill-of-online-casino-slotit-uk/" "Mozilla/5.0 (Windows NT 10.0; Win64; x64) AppleWebKit/537.36 (KHTML, like Gecko) Chrome/114.0.0.0 Safari/537.36 Edg/114.0.1264.71" 183 **0/183298**
136.243.228.194 - - [22/Mar/2026:12:28:47 -0700] "GET /shopdetail/3959645151.phtml?fileloc=/home/nhqyemt2u0zd/public_html/wp-load.php&path=/home/nhqyemt2u0zd/public_html HTTP/1.1" 200 3736 "-" "Mozilla/5.0 (compatible; DataForSeoBot/1.0; +https://dataforseo.com/dataforseo-bot)" 160 **0/160980**
136.243.228.194 - - [22/Mar/2026:12:28:56 -0700] "GET /shopdetail/3959645151.phtml?fileloc=/home/nhqyemt2u0zd/public_html/wp-activate.php&path=/home/nhqyemt2u0zd/public_html HTTP/1.1" 200 4541 "-" "Mozilla/5.0 (compatible; DataForSeoBot/1.0; +https://dataforseo.com/dataforseo-bot)" 173 **0/173603**
136.243.228.194 - - [22/Mar/2026:12:29:09 -0700] "GET /shopdetail/3959645151.phtml?fileloc=/home/nhqyemt2u0zd/public_html/error_log&path=/home/nhqyemt2u0zd/public_html HTTP/1.1" 200 18473 "-" "Mozilla/5.0 (compatible; DataForSeoBot/1.0; +https://dataforseo.com/dataforseo-bot)" 315 **0/315126**
136.243.228.194 - - [22/Mar/2026:12:29:22 -0700] "GET /shopdetail/3959645151.phtml?fileloc=/home/nhqyemt2u0zd/public_html/.htaccess&path=/home/nhqyemt2u0zd/public_html HTTP/1.1" 200 3031 "-" "Mozilla/5.0 (compatible; DataForSeoBot/1.0; +https://dataforseo.com/dataforseo-bot)" 178 **0/178909**
136.243.228.194 - - [22/Mar/2026:12:29:38 -0700] "GET /shopdetail/3959645151.phtml?path=/home/nhqyemt2u0zd/public_html/VbvyEGHh HTTP/1.1" 200 2620 "-" "Mozilla/5.0 (compatible; DataForSeoBot/1.0; +https://dataforseo.com/dataforseo-bot)" 169 **0/169695**
136.243.228.194 - - [22/Mar/2026:12:29:47 -0700] "GET /shopdetail/3959645151.phtml?fileloc=/home/nhqyemt2u0zd/public_html/wp-config.php&path=/home/nhqyemt2u0zd/public_html HTTP/1.1" 200 3972 "-" "Mozilla/5.0 (compatible; DataForSeoBot/1.0; +https://dataforseo.com/dataforseo-bot)" 169 **0/169482**
136.243.228.194 - - [22/Mar/2026:12:29:56 -0700] "GET /shopdetail/3959645151.phtml?path=/home/nhqyemt2u0zd/public_html/images HTTP/1.1" 200 2687 "-" "Mozilla/5.0 (compatible; DataForSeoBot/1.0; +https://dataforseo.com/dataforseo-bot)" 182 **0/182822**
136.243.228.194 - - [22/Mar/2026:12:30:10 -0700] "GET /shopdetail/3959645151.phtml?path=/home/nhqyemt2u0zd/public_html/wp-includes HTTP/1.1" 200 8180 "-" "Mozilla/5.0 (compatible; DataForSeoBot/1.0; +https://dataforseo.com/dataforseo-bot)" 187 **0/187848**
136.243.228.194 - - [22/Mar/2026:12:30:19 -0700] "GET /shopdetail/3959645151.phtml?path=/home/nhqyemt2u0zd/public_html/wp-admin HTTP/1.1" 200 5115 "-" "Mozilla/5.0 (compatible; DataForSeoBot/1.0; +https://dataforseo.com/dataforseo-bot)" 171 **0/171984**
47.128.37.141 - - [22/Mar/2026:12:30:23 -0700] "GET /top-sitios-en-2025/?path=%2Fhome%2Fnhqyemt2u0zd%2Fpublic_html%2FLMrFPcNYgS HTTP/2.0" 403 3499 "-" "Mozilla/5.0 (Linux; Android 5.0) AppleWebKit/537.36 (KHTML, like Gecko) Mobile Safari/537.36 (compatible; Bytespider; spider-feedback@bytedance.com)" 175 **0/175708**
136.243.228.194 - - [22/Mar/2026:12:30:29 -0700] "GET /shopdetail/3959645151.phtml?path=/home/nhqyemt2u0zd/public_html/fuMKCvLJHmEs HTTP/1.1" 200 2749 "-" "Mozilla/5.0 (compatible; DataForSeoBot/1.0; +https://dataforseo.com/dataforseo-bot)" 172 **0/172965**
136.243.228.194 - - [22/Mar/2026:12:30:40 -0700] "GET /shopdetail/3959645151.phtml?path=/home/nhqyemt2u0zd/public_html/YBWHzyFleXt HTTP/1.1" 200 2716 "-" "Mozilla/5.0 (compatible; DataForSeoBot/1.0; +https://dataforseo.com/dataforseo-bot)" 177 **0/177215**
47.128.37.121 - - [22/Mar/2026:12:30:41 -0700] "GET /top-sitios-en-2025/?path=%2Fhome%2Fnhqyemt2u0zd%2Fpublic_html%2FfuMKCvLJHmEs HTTP/2.0" 403 3499 "-" "Mozilla/5.0 (Linux; Android 5.0) AppleWebKit/537.36 (KHTML, like Gecko) Mobile Safari/537.36 (compatible; Bytespider; spider-feedback@bytedance.com)" 174 **0/174848**
136.243.228.194 - - [22/Mar/2026:12:30:50 -0700] "GET /shopdetail/3959645151.phtml?fileloc=/home/nhqyemt2u0zd/public_html/robots.txt&path=/home/nhqyemt2u0zd/public_html HTTP/1.1" 200 2307 "-" "Mozilla/5.0 (compatible; DataForSeoBot/1.0; +https://dataforseo.com/dataforseo-bot)" 176 **0/176978**
136.243.228.194 - - [22/Mar/2026:12:30:58 -0700] "GET /shopdetail/3959645151.phtml?fileloc=/home/nhqyemt2u0zd/public_html/wp-cron.php&path=/home/nhqyemt2u0zd/public_html HTTP/1.1" 200 3863 "-" "Mozilla/5.0 (compatible; DataForSeoBot/1.0; +https://dataforseo.com/dataforseo-bot)" 158 **0/158137**
136.243.228.194 - - [22/Mar/2026:12:31:11 -0700] "GET /shopdetail/3959645151.phtml?path=/home/nhqyemt2u0zd/public_html HTTP/1.1" 200 3499 "-" "Mozilla/5.0 (compatible; DataForSeoBot/1.0; +https://dataforseo.com/dataforseo-bot)" 174 **0/174109**
136.243.228.194 - - [22/Mar/2026:12:31:22 -0700] "GET /shopdetail/3959645151.phtml?path=/home/nhqyemt2u0zd/public_html/LMrFPcNYgS HTTP/1.1" 200 2757 "-" "Mozilla/5.0 (compatible; DataForSeoBot/1.0; +https://dataforseo.com/dataforseo-bot)" 193 **0/193388**
136.243.228.194 - - [22/Mar/2026:12:31:30 -0700] "GET /shopdetail/3959645151.phtml?fileloc=/home/nhqyemt2u0zd/public_html/wp-blog-header.php&path=/home/nhqyemt2u0zd/public_html HTTP/1.1" 200 2567 "-" "Mozilla/5.0 (compatible; DataForSeoBot/1.0; +https://dataforseo.com/dataforseo-bot)" 164 **0/164519**
136.243.228.194 - - [22/Mar/2026:12:31:42 -0700] "GET /shopdetail/3959645151.phtml?path=/home/nhqyemt2u0zd/public_html/.tmb HTTP/1.1" 200 2730 "-" "Mozilla/5.0 (compatible; DataForSeoBot/1.0; +https://dataforseo.com/dataforseo-bot)" 161 **0/161158**
136.243.228.194 - - [22/Mar/2026:12:31:51 -0700] "GET /shopdetail/3959645151.phtml?fileloc=/home/nhqyemt2u0zd/public_html/wp-login.php&path=/home/nhqyemt2u0zd/public_html HTTP/1.1" 200 12647 "-" "Mozilla/5.0 (compatible; DataForSeoBot/1.0; +https://dataforseo.com/dataforseo-bot)" 167 **0/167653**
136.243.228.194 - - [22/Mar/2026:12:31:59 -0700] "GET /shopdetail/3959645151.phtml?fileloc=/home/nhqyemt2u0zd/public_html/wp-config-sample.php&path=/home/nhqyemt2u0zd/public_html HTTP/1.1" 200 3447 "-" "Mozilla/5.0 (compatible; DataForSeoBot/1.0; +https://dataforseo.com/dataforseo-bot)" 159 **0/159977**
136.243.228.194 - - [22/Mar/2026:12:32:14 -0700] "GET /shopdetail/3959645151.phtml?path=/home/nhqyemt2u0zd/public_html/cgi-bin HTTP/1.1" 200 2644 "-" "Mozilla/5.0 (compatible; DataForSeoBot/1.0; +https://dataforseo.com/dataforseo-bot)" 152 **0/152121**
136.243.228.194 - - [22/Mar/2026:12:32:24 -0700] "GET /shopdetail/3959645151.phtml?fileloc=/home/nhqyemt2u0zd/public_html/index.php&path=/home/nhqyemt2u0zd/public_html HTTP/1.1" 200 11430 "-" "Mozilla/5.0 (compatible; DataForSeoBot/1.0; +https://dataforseo.com/dataforseo-bot)" 162 **0/162682**
136.243.228.194 - - [22/Mar/2026:12:32:33 -0700] "GET /shopdetail/3959645151.phtml?path=/home HTTP/1.1" 200 2528 "-" "Mozilla/5.0 (compatible; DataForSeoBot/1.0; +https://dataforseo.com/dataforseo-bot)" 156 **0/156285**
136.243.228.194 - - [22/Mar/2026:12:32:45 -0700] "GET /shopdetail/3959645151.phtml?path=/home/nhqyemt2u0zd/public_html/.quarantine HTTP/1.1" 200 2578 "-" "Mozilla/5.0 (compatible; DataForSeoBot/1.0; +https://dataforseo.com/dataforseo-bot)" 157 **0/157951**
136.243.228.194 - - [22/Mar/2026:12:32:54 -0700] "GET /shopdetail/3959645151.phtml?fileloc=/home/nhqyemt2u0zd/public_html/wp-settings.php&path=/home/nhqyemt2u0zd/public_html HTTP/1.1" 200 6659 "-" "Mozilla/5.0 (compatible; DataForSeoBot/1.0; +https://dataforseo.com/dataforseo-bot)" 156 **0/156646**
136.243.228.194 - - [22/Mar/2026:12:33:02 -0700] "GET /shopdetail/3959645151.phtml?fileloc=/home/nhqyemt2u0zd/public_html/wp-links-opml.php&path=/home/nhqyemt2u0zd/public_html HTTP/1.1" 200 3334 "-" "Mozilla/5.0 (compatible; DataForSeoBot/1.0; +https://dataforseo.com/dataforseo-bot)" 168 **0/168736**
136.243.228.194 - - [22/Mar/2026:12:33:17 -0700] "GET /shopdetail/3959645151.phtml?fileloc=/home/nhqyemt2u0zd/public_html/license.txt&path=/home/nhqyemt2u0zd/public_html HTTP/1.1" 200 9315 "-" "Mozilla/5.0 (compatible; DataForSeoBot/1.0; +https://dataforseo.com/dataforseo-bot)" 169 **0/169008**
136.243.228.194 - - [22/Mar/2026:12:33:25 -0700] "GET /shopdetail/1978155493.phtml?fileloc=/home/nhqyemt2u0zd/public_html/error_log&path=/home/nhqyemt2u0zd/public_html HTTP/1.1" 200 18473 "-" "Mozilla/5.0 (compatible; DataForSeoBot/1.0; +https://dataforseo.com/dataforseo-bot)" 263 **0/263953**
136.243.228.194 - - [22/Mar/2026:12:33:34 -0700] "GET /shopdetail/1978155493.phtml?path=/home/nhqyemt2u0zd/public_html/.quarantine HTTP/1.1" 200 2578 "-" "Mozilla/5.0 (compatible; DataForSeoBot/1.0; +https://dataforseo.com/dataforseo-bot)" 145 **0/145455**
136.243.228.194 - - [22/Mar/2026:12:33:47 -0700] "GET /shopdetail/1978155493.phtml?path=/home/nhqyemt2u0zd/public_html/cgi-bin HTTP/1.1" 200 2644 "-" "Mozilla/5.0 (compatible; DataForSeoBot/1.0; +https://dataforseo.com/dataforseo-bot)" 156 **0/156425**
136.243.228.194 - - [22/Mar/2026:12:33:55 -0700] "GET /shopdetail/1978155493.phtml?fileloc=/home/nhqyemt2u0zd/public_html/wp-trackback.php&path=/home/nhqyemt2u0zd/public_html HTTP/1.1" 200 4004 "-" "Mozilla/5.0 (compatible; DataForSeoBot/1.0; +https://dataforseo.com/dataforseo-bot)" 164 **0/164331**
136.243.228.194 - - [22/Mar/2026:12:34:04 -0700] "GET /shopdetail/1978155493.phtml?fileloc=/home/nhqyemt2u0zd/public_html/wp-signup.php&path=/home/nhqyemt2u0zd/public_html HTTP/1.1" 200 9352 "-" "Mozilla/5.0 (compatible; DataForSeoBot/1.0; +https://dataforseo.com/dataforseo-bot)" 164 **0/164829**
136.243.228.194 - - [22/Mar/2026:12:34:19 -0700] "GET /shopdetail/1978155493.phtml?fileloc=/home/nhqyemt2u0zd/public_html/wp-mail.php&path=/home/nhqyemt2u0zd/public_html HTTP/1.1" 200 5093 "-" "Mozilla/5.0 (compatible; DataForSeoBot/1.0; +https://dataforseo.com/dataforseo-bot)" 140 **0/140045**
47.128.37.113 - - [22/Mar/2026:12:34:25 -0700] "GET /top-rated-crypto-casino-online-a-comprehensive-review/?fileloc=%2Fhome%2Fnhqyemt2u0zd%2Fpublic_html%2Fwp-config-sample.php&path=%2Fhome%2Fnhqyemt2u0zd%2Fpublic_html HTTP/2.0" 403 3499 "-" "Mozilla/5.0 (Linux; Android 5.0) AppleWebKit/537.36 (KHTML, like Gecko) Mobile Safari/537.36 (compatible; Bytespider; spider-feedback@bytedance.com)" 175 **0/175584**
136.243.228.194 - - [22/Mar/2026:12:34:27 -0700] "GET /shopdetail/1978155493.phtml?fileloc=/home/nhqyemt2u0zd/public_html/wp-activate.php&path=/home/nhqyemt2u0zd/public_html HTTP/1.1" 200 4541 "-" "Mozilla/5.0 (compatible; DataForSeoBot/1.0; +https://dataforseo.com/dataforseo-bot)" 152 **0/152768**
136.243.228.194 - - [22/Mar/2026:12:34:36 -0700] "GET /shopdetail/1978155493.phtml?path=/home/nhqyemt2u0zd/public_html/VbvyEGHh HTTP/1.1" 200 2620 "-" "Mozilla/5.0 (compatible; DataForSeoBot/1.0; +https://dataforseo.com/dataforseo-bot)" 157 **0/157205**
136.243.228.194 - - [22/Mar/2026:12:34:48 -0700] "GET /shopdetail/1978155493.phtml?fileloc=/home/nhqyemt2u0zd/public_html/wp-blog-header.php&path=/home/nhqyemt2u0zd/public_html HTTP/1.1" 200 2567 "-" "Mozilla/5.0 (compatible; DataForSeoBot/1.0; +https://dataforseo.com/dataforseo-bot)" 150 **0/150686**
136.243.228.194 - - [22/Mar/2026:12:34:56 -0700] "GET /shopdetail/1978155493.phtml?path=/home/nhqyemt2u0zd/public_html/wp-content HTTP/1.1" 200 2977 "-" "Mozilla/5.0 (compatible; DataForSeoBot/1.0; +https://dataforseo.com/dataforseo-bot)" 170 **0/170637**
136.243.228.194 - - [22/Mar/2026:12:35:06 -0700] "GET /shopdetail/1978155493.phtml?fileloc=/home/nhqyemt2u0zd/public_html/wp-settings.php&path=/home/nhqyemt2u0zd/public_html HTTP/1.1" 200 6659 "-" "Mozilla/5.0 (compatible; DataForSeoBot/1.0; +https://dataforseo.com/dataforseo-bot)" 196 **0/196985**
136.243.228.194 - - [22/Mar/2026:12:35:20 -0700] "GET /shopdetail/1978155493.phtml?fileloc=/home/nhqyemt2u0zd/public_html/wp-config.php&path=/home/nhqyemt2u0zd/public_html HTTP/1.1" 200 3972 "-" "Mozilla/5.0 (compatible; DataForSeoBot/1.0; +https://dataforseo.com/dataforseo-bot)" 166 **0/166872**
136.243.228.194 - - [22/Mar/2026:12:35:29 -0700] "GET /shopdetail/1978155493.phtml?fileloc=/home/nhqyemt2u0zd/public_html/wp-comments-post.php&path=/home/nhqyemt2u0zd/public_html HTTP/1.1" 200 3273 "-" "Mozilla/5.0 (compatible; DataForSeoBot/1.0; +https://dataforseo.com/dataforseo-bot)" 170 **0/170380**
136.243.228.194 - - [22/Mar/2026:12:35:37 -0700] "GET /shopdetail/1978155493.phtml?path=/home/nhqyemt2u0zd/public_html/YBWHzyFleXt HTTP/1.1" 200 2716 "-" "Mozilla/5.0 (compatible; DataForSeoBot/1.0; +https://dataforseo.com/dataforseo-bot)" 162 **0/162026**
136.243.228.194 - - [22/Mar/2026:12:35:49 -0700] "GET /shopdetail/1978155493.phtml?fileloc=/home/nhqyemt2u0zd/public_html/.htaccess&path=/home/nhqyemt2u0zd/public_html HTTP/1.1" 200 3031 "-" "Mozilla/5.0 (compatible; DataForSeoBot/1.0; +https://dataforseo.com/dataforseo-bot)" 160 **0/160183**
136.243.228.194 - - [22/Mar/2026:12:35:58 -0700] "GET /shopdetail/1978155493.phtml?path=/home/nhqyemt2u0zd/public_html/.tmb HTTP/1.1" 200 2730 "-" "Mozilla/5.0 (compatible; DataForSeoBot/1.0; +https://dataforseo.com/dataforseo-bot)" 170 **0/170321**
136.243.228.194 - - [22/Mar/2026:12:36:07 -0700] "GET /shopdetail/1978155493.phtml?fileloc=/home/nhqyemt2u0zd/public_html/wp-login.php&path=/home/nhqyemt2u0zd/public_html HTTP/1.1" 200 12647 "-" "Mozilla/5.0 (compatible; DataForSeoBot/1.0; +https://dataforseo.com/dataforseo-bot)" 191 **0/191507**
136.243.228.194 - - [22/Mar/2026:12:36:21 -0700] "GET /shopdetail/1978155493.phtml?fileloc=/home/nhqyemt2u0zd/public_html/robots.txt&path=/home/nhqyemt2u0zd/public_html HTTP/1.1" 200 2307 "-" "Mozilla/5.0 (compatible; DataForSeoBot/1.0; +https://dataforseo.com/dataforseo-bot)" 174 **0/174994**
136.243.228.194 - - [22/Mar/2026:12:36:30 -0700] "GET /shopdetail/1978155493.phtml?fileloc=/home/nhqyemt2u0zd/public_html/license.txt&path=/home/nhqyemt2u0zd/public_html HTTP/1.1" 200 9315 "-" "Mozilla/5.0 (compatible; DataForSeoBot/1.0; +https://dataforseo.com/dataforseo-bot)" 196 **0/196874**
136.243.228.194 - - [22/Mar/2026:12:36:38 -0700] "GET /shopdetail/1978155493.phtml?fileloc=/home/nhqyemt2u0zd/public_html/txets.php&path=/home/nhqyemt2u0zd/public_html HTTP/1.1" 200 2296 "-" "Mozilla/5.0 (compatible; DataForSeoBot/1.0; +https://dataforseo.com/dataforseo-bot)" 159 **0/159403**
136.243.228.194 - - [22/Mar/2026:12:36:50 -0700] "GET /shopdetail/1978155493.phtml?path=/home/nhqyemt2u0zd/public_html/images HTTP/1.1" 200 2687 "-" "Mozilla/5.0 (compatible; DataForSeoBot/1.0; +https://dataforseo.com/dataforseo-bot)" 155 **0/155358**
136.243.228.194 - - [22/Mar/2026:12:36:58 -0700] "GET /shopdetail/1978155493.phtml?path=/home/nhqyemt2u0zd/public_html HTTP/1.1" 200 3499 "-" "Mozilla/5.0 (compatible; DataForSeoBot/1.0; +https://dataforseo.com/dataforseo-bot)" 158 **0/158259**
136.243.228.194 - - [22/Mar/2026:12:37:06 -0700] "GET /shopdetail/1978155493.phtml?fileloc=/home/nhqyemt2u0zd/public_html/index.php&path=/home/nhqyemt2u0zd/public_html HTTP/1.1" 200 11430 "-" "Mozilla/5.0 (compatible; DataForSeoBot/1.0; +https://dataforseo.com/dataforseo-bot)" 185 **0/185568**
136.243.228.194 - - [22/Mar/2026:12:37:22 -0700] "GET /shopdetail/1978155493.phtml?fileloc=/home/nhqyemt2u0zd/public_html/wp-load.php&path=/home/nhqyemt2u0zd/public_html HTTP/1.1" 200 3736 "-" "Mozilla/5.0 (compatible; DataForSeoBot/1.0; +https://dataforseo.com/dataforseo-bot)" 184 **0/184489**
136.243.228.194 - - [22/Mar/2026:12:37:31 -0700] "GET /shopdetail/1978155493.phtml?path=/ HTTP/1.1" 200 2903 "-" "Mozilla/5.0 (compatible; DataForSeoBot/1.0; +https://dataforseo.com/dataforseo-bot)" 163 **0/163991**
136.243.228.194 - - [22/Mar/2026:12:37:40 -0700] "GET /shopdetail/1978155493.phtml?path=/home/nhqyemt2u0zd/public_html/wp-includes HTTP/1.1" 200 8180 "-" "Mozilla/5.0 (compatible; DataForSeoBot/1.0; +https://dataforseo.com/dataforseo-bot)" 169 **0/169313**
136.243.228.194 - - [22/Mar/2026:12:37:52 -0700] "GET /shopdetail/1978155493.phtml?fileloc=/home/nhqyemt2u0zd/public_html/xmlrpc.php&path=/home/nhqyemt2u0zd/public_html HTTP/1.1" 200 3569 "-" "Mozilla/5.0 (compatible; DataForSeoBot/1.0; +https://dataforseo.com/dataforseo-bot)" 154 **0/154418**
136.243.228.194 - - [22/Mar/2026:12:38:00 -0700] "GET /shopdetail/1978155493.phtml?path=/home/nhqyemt2u0zd/public_html/fuMKCvLJHmEs HTTP/1.1" 200 2749 "-" "Mozilla/5.0 (compatible; DataForSeoBot/1.0; +https://dataforseo.com/dataforseo-bot)" 160 **0/160042**
136.243.228.194 - - [22/Mar/2026:12:38:09 -0700] "GET /shopdetail/1978155493.phtml?path=/home/nhqyemt2u0zd/public_html/wp-admin HTTP/1.1" 200 5115 "-" "Mozilla/5.0 (compatible; DataForSeoBot/1.0; +https://dataforseo.com/dataforseo-bot)" 158 **0/158891**
136.243.228.194 - - [22/Mar/2026:12:38:24 -0700] "GET /shopdetail/1978155493.phtml?path=/home/nhqyemt2u0zd HTTP/1.1" 200 3581 "-" "Mozilla/5.0 (compatible; DataForSeoBot/1.0; +https://dataforseo.com/dataforseo-bot)" 176 **0/176316**
136.243.228.194 - - [22/Mar/2026:12:38:32 -0700] "GET /shopdetail/1978155493.phtml?fileloc=/home/nhqyemt2u0zd/public_html/wp-links-opml.php&path=/home/nhqyemt2u0zd/public_html HTTP/1.1" 200 3334 "-" "Mozilla/5.0 (compatible; DataForSeoBot/1.0; +https://dataforseo.com/dataforseo-bot)" 168 **0/168186**
109.70.100.3 - - [22/Mar/2026:12:38:40 -0700] "GET /wp-login.php HTTP/2.0" 200 3499 "-" "Mozilla/5.0 (Windows NT 10.0; Win64; x64) AppleWebKit/537.36 (KHTML, like Gecko) Chrome/124.0.6367.207 Safari/537.36" 68 **0/68464**
136.243.228.194 - - [22/Mar/2026:12:38:42 -0700] "GET /shopdetail/1978155493.phtml?fileloc=/home/nhqyemt2u0zd/public_html/wp-cron.php&path=/home/nhqyemt2u0zd/public_html HTTP/1.1" 200 3863 "-" "Mozilla/5.0 (compatible; DataForSeoBot/1.0; +https://dataforseo.com/dataforseo-bot)" 164 **0/164577**
109.70.100.3 - - [22/Mar/2026:12:38:43 -0700] "POST /xmlrpc.php HTTP/2.0" 200 3499 "-" "Mozilla/5.0 (Windows NT 10.0; Win64; x64; rv:127.0) Gecko/20100101 Firefox/127.0" 77 **0/77263**
136.243.228.194 - - [22/Mar/2026:12:38:52 -0700] "GET /shopdetail/1978155493.phtml?path=/home HTTP/1.1" 200 2528 "-" "Mozilla/5.0 (compatible; DataForSeoBot/1.0; +https://dataforseo.com/dataforseo-bot)" 168 **0/168559**
136.243.228.194 - - [22/Mar/2026:12:39:00 -0700] "GET /shopdetail/1978155493.phtml?fileloc=/home/nhqyemt2u0zd/public_html/wp-config-sample.php&path=/home/nhqyemt2u0zd/public_html HTTP/1.1" 200 3447 "-" "Mozilla/5.0 (compatible; DataForSeoBot/1.0; +https://dataforseo.com/dataforseo-bot)" 158 **0/158612**
103.108.174.22 - - [22/Mar/2026:12:39:01 -0700] "POST /xmlrpc.php HTTP/2.0" 200 3499 "-" "Mozilla/5.0 (Windows NT 10.0; Win64; x64) AppleWebKit/537.36 (KHTML, like Gecko) Chrome/124.0.6367.207 Safari/537.36" 94 **0/94613**
37.19.221.33 - - [22/Mar/2026:12:39:02 -0700] "POST /xmlrpc.php HTTP/2.0" 200 3499 "-" "Mozilla/5.0 (Windows NT 10.0; Win64; x64) AppleWebKit/537.36 (KHTML, like Gecko) Chrome/124.0.6367.207 Safari/537.36" 127 **0/127961**
194.26.192.46 - - [22/Mar/2026:12:39:09 -0700] "GET /wp-login.php HTTP/2.0" 200 3499 "-" "Mozilla/5.0 (Macintosh; Intel Mac OS X 13_5) AppleWebKit/605.1.15 (KHTML, like Gecko) Version/17.5 Safari/605.1.15" 100 **0/100400**
136.243.228.194 - - [22/Mar/2026:12:39:10 -0700] "GET /shopdetail/1978155493.phtml?path=/home/nhqyemt2u0zd/public_html/LMrFPcNYgS HTTP/1.1" 200 2757 "-" "Mozilla/5.0 (compatible; DataForSeoBot/1.0; +https://dataforseo.com/dataforseo-bot)" 183 **0/183307**
179.43.133.50 - - [22/Mar/2026:12:39:15 -0700] "POST /xmlrpc.php HTTP/2.0" 200 3499 "-" "Mozilla/5.0 (Macintosh; Intel Mac OS X 13_5) AppleWebKit/605.1.15 (KHTML, like Gecko) Version/17.5 Safari/605.1.15" 57 **0/57115**
212.32.49.157 - - [22/Mar/2026:12:39:16 -0700] "POST /xmlrpc.php HTTP/2.0" 200 3499 "-" "Mozilla/5.0 (Windows NT 10.0; Win64; x64; rv:127.0) Gecko/20100101 Firefox/127.0" 48 **0/48148**
45.134.212.207 - - [22/Mar/2026:12:39:17 -0700] "POST /xmlrpc.php HTTP/2.0" 200 3499 "-" "Mozilla/5.0 (Macintosh; Intel Mac OS X 13_5) AppleWebKit/605.1.15 (KHTML, like Gecko) Version/17.5 Safari/605.1.15" 53 **0/53985**
212.38.189.186 - - [22/Mar/2026:12:39:18 -0700] "POST /xmlrpc.php HTTP/2.0" 200 3499 "-" "Mozilla/5.0 (Macintosh; Intel Mac OS X 13_5) AppleWebKit/605.1.15 (KHTML, like Gecko) Version/17.5 Safari/605.1.15" 52 **0/52251**
136.243.228.194 - - [22/Mar/2026:12:39:23 -0700] "GET /shopdetail/3135666542.phtml?fileloc=/home/nhqyemt2u0zd/public_html/wp-settings.php&path=/home/nhqyemt2u0zd/public_html HTTP/1.1" 200 6659 "-" "Mozilla/5.0 (compatible; DataForSeoBot/1.0; +https://dataforseo.com/dataforseo-bot)" 154 **0/154143**
62.133.47.151 - - [22/Mar/2026:12:39:29 -0700] "POST /xmlrpc.php HTTP/2.0" 200 3499 "-" "Mozilla/5.0 (Macintosh; Intel Mac OS X 13_5) AppleWebKit/605.1.15 (KHTML, like Gecko) Version/17.5 Safari/605.1.15" 62 **0/62907**
45.138.16.248 - - [22/Mar/2026:12:39:31 -0700] "GET /wp-login.php?wp_lang=en_US HTTP/2.0" 200 3499 "-" "Mozilla/5.0 (Windows NT 10.0; Win64; x64) AppleWebKit/537.36 (KHTML, like Gecko) Chrome/124.0.6367.207 Safari/537.36" 55 **0/55333**
136.243.228.194 - - [22/Mar/2026:12:39:31 -0700] "GET /shopdetail/3135666542.phtml?fileloc=/home/nhqyemt2u0zd/public_html/error_log&path=/home/nhqyemt2u0zd/public_html HTTP/1.1" 200 18473 "-" "Mozilla/5.0 (compatible; DataForSeoBot/1.0; +https://dataforseo.com/dataforseo-bot)" 284 **0/284347**
109.70.100.9 - - [22/Mar/2026:12:39:32 -0700] "GET /wp-login.php?wp_lang=en_US HTTP/2.0" 200 3499 "-" "Mozilla/5.0 (Windows NT 10.0; Win64; x64) AppleWebKit/537.36 (KHTML, like Gecko) Chrome/124.0.6367.207 Safari/537.36" 81 **0/81227**
62.133.47.157 - - [22/Mar/2026:12:39:33 -0700] "POST /xmlrpc.php HTTP/2.0" 200 3499 "-" "Mozilla/5.0 (Macintosh; Intel Mac OS X 13_5) AppleWebKit/605.1.15 (KHTML, like Gecko) Version/17.5 Safari/605.1.15" 58 **0/58639**
191.96.227.121 - - [22/Mar/2026:12:39:34 -0700] "POST /xmlrpc.php HTTP/2.0" 200 3499 "-" "Mozilla/5.0 (Windows NT 10.0; Win64; x64) AppleWebKit/537.36 (KHTML, like Gecko) Chrome/124.0.6367.207 Safari/537.36" 64 **0/64701**
45.133.193.19 - - [22/Mar/2026:12:39:35 -0700] "POST /xmlrpc.php HTTP/2.0" 200 3499 "-" "Mozilla/5.0 (Windows NT 10.0; Win64; x64; rv:127.0) Gecko/20100101 Firefox/127.0" 63 **0/63932**
51.210.106.73 - - [22/Mar/2026:12:39:40 -0700] "GET /wp-login.php?wp_lang=en_US HTTP/2.0" 200 3499 "-" "Mozilla/5.0 (Windows NT 10.0; Win64; x64) AppleWebKit/537.36 (KHTML, like Gecko) Chrome/124.0.6367.207 Safari/537.36" 64 **0/64835**
136.243.228.194 - - [22/Mar/2026:12:39:41 -0700] "GET /shopdetail/3135666542.phtml?fileloc=/home/nhqyemt2u0zd/public_html/wp-activate.php&path=/home/nhqyemt2u0zd/public_html HTTP/1.1" 200 4541 "-" "Mozilla/5.0 (compatible; DataForSeoBot/1.0; +https://dataforseo.com/dataforseo-bot)" 156 **0/156355**
185.220.101.1 - - [22/Mar/2026:12:39:46 -0700] "POST /xmlrpc.php HTTP/2.0" 200 3499 "-" "Mozilla/5.0 (Windows NT 10.0; Win64; x64; rv:127.0) Gecko/20100101 Firefox/127.0" 77 **0/77276**
64.31.3.104 - - [22/Mar/2026:12:39:47 -0700] "POST /xmlrpc.php HTTP/2.0" 200 3499 "-" "Mozilla/5.0 (Macintosh; Intel Mac OS X 13_5) AppleWebKit/605.1.15 (KHTML, like Gecko) Version/17.5 Safari/605.1.15" 62 **0/62907**
45.250.255.32 - - [22/Mar/2026:12:39:52 -0700] "GET /wp-login.php?wp_lang=en_US HTTP/2.0" 200 3499 "-" "Mozilla/5.0 (Windows NT 10.0; Win64; x64) AppleWebKit/537.36 (KHTML, like Gecko) Chrome/124.0.6367.207 Safari/537.36" 59 **0/59424**
136.243.228.194 - - [22/Mar/2026:12:39:52 -0700] "GET /shopdetail/3135666542.phtml?fileloc=/home/nhqyemt2u0zd/public_html/xmlrpc.php&path=/home/nhqyemt2u0zd/public_html HTTP/1.1" 200 3569 "-" "Mozilla/5.0 (compatible; DataForSeoBot/1.0; +https://dataforseo.com/dataforseo-bot)" 152 **0/152897**
212.32.50.110 - - [22/Mar/2026:12:39:53 -0700] "GET /wp-login.php?wp_lang=en_US HTTP/2.0" 200 3499 "-" "Mozilla/5.0 (Windows NT 10.0; Win64; x64) AppleWebKit/537.36 (KHTML, like Gecko) Chrome/124.0.6367.207 Safari/537.36" 49 **0/49167**
51.210.107.176 - - [22/Mar/2026:12:39:54 -0700] "GET /wp-login.php?wp_lang=en_US HTTP/2.0" 200 3499 "-" "Mozilla/5.0 (Windows NT 10.0; Win64; x64) AppleWebKit/537.36 (KHTML, like Gecko) Chrome/124.0.6367.207 Safari/537.36" 57 **0/57847**
51.210.105.43 - - [22/Mar/2026:12:39:55 -0700] "POST /xmlrpc.php HTTP/2.0" 200 3499 "-" "Mozilla/5.0 (Macintosh; Intel Mac OS X 13_5) AppleWebKit/605.1.15 (KHTML, like Gecko) Version/17.5 Safari/605.1.15" 55 **0/55922**
45.137.70.158 - - [22/Mar/2026:12:39:56 -0700] "POST /xmlrpc.php HTTP/2.0" 200 3499 "-" "Mozilla/5.0 (Windows NT 10.0; Win64; x64) AppleWebKit/537.36 (KHTML, like Gecko) Chrome/124.0.6367.207 Safari/537.36" 60 **0/60326**
98.159.40.145 - - [22/Mar/2026:12:39:58 -0700] "GET /wp-login.php?wp_lang=en_US HTTP/2.0" 200 3499 "-" "Mozilla/5.0 (Windows NT 10.0; Win64; x64) AppleWebKit/537.36 (KHTML, like Gecko) Chrome/124.0.6367.207 Safari/537.36" 57 **0/57835**
51.210.104.116 - - [22/Mar/2026:12:39:59 -0700] "GET /wp-login.php?wp_lang=en_US HTTP/2.0" 200 3499 "-" "Mozilla/5.0 (Windows NT 10.0; Win64; x64) AppleWebKit/537.36 (KHTML, like Gecko) Chrome/124.0.6367.207 Safari/537.36" 74 **0/74179**
181.214.166.209 - - [22/Mar/2026:12:40:01 -0700] "GET /wp-login.php?wp_lang=en_US HTTP/2.0" 200 3499 "-" "Mozilla/5.0 (Windows NT 10.0; Win64; x64) AppleWebKit/537.36 (KHTML, like Gecko) Chrome/124.0.6367.207 Safari/537.36" 73 **0/73295**
51.210.111.14 - - [22/Mar/2026:12:40:02 -0700] "GET /wp-login.php?wp_lang=en_US HTTP/2.0" 200 3499 "-" "Mozilla/5.0 (Windows NT 10.0; Win64; x64) AppleWebKit/537.36 (KHTML, like Gecko) Chrome/124.0.6367.207 Safari/537.36" 260 **0/260169**
136.243.228.194 - - [22/Mar/2026:12:40:02 -0700] "GET /shopdetail/3135666542.phtml?path=/home/nhqyemt2u0zd/public_html/wp-content HTTP/1.1" 200 2977 "-" "Mozilla/5.0 (compatible; DataForSeoBot/1.0; +https://dataforseo.com/dataforseo-bot)" 360 **0/360153**
136.243.228.194 - - [22/Mar/2026:12:40:10 -0700] "GET /shopdetail/3135666542.phtml?fileloc=/home/nhqyemt2u0zd/public_html/wp-load.php&path=/home/nhqyemt2u0zd/public_html HTTP/1.1" 200 3736 "-" "Mozilla/5.0 (compatible; DataForSeoBot/1.0; +https://dataforseo.com/dataforseo-bot)" 178 **0/178331**
179.61.240.135 - - [22/Mar/2026:12:40:11 -0700] "GET /wp-login.php?wp_lang=en_US HTTP/2.0" 200 3499 "-" "Mozilla/5.0 (Windows NT 10.0; Win64; x64) AppleWebKit/537.36 (KHTML, like Gecko) Chrome/124.0.6367.207 Safari/537.36" 102 **0/102158**
151.241.119.144 - - [22/Mar/2026:12:40:12 -0700] "GET /wp-login.php?wp_lang=en_US HTTP/2.0" 200 3499 "-" "Mozilla/5.0 (Windows NT 10.0; Win64; x64) AppleWebKit/537.36 (KHTML, like Gecko) Chrome/124.0.6367.207 Safari/537.36" 63 **0/63104**
136.243.228.194 - - [22/Mar/2026:12:40:23 -0700] "GET /shopdetail/3135666542.phtml?fileloc=/home/nhqyemt2u0zd/public_html/index.php&path=/home/nhqyemt2u0zd/public_html HTTP/1.1" 200 11430 "-" "Mozilla/5.0 (compatible; DataForSeoBot/1.0; +https://dataforseo.com/dataforseo-bot)" 174 **0/174981**
45.250.255.32 - - [22/Mar/2026:12:40:28 -0700] "GET /wp-login.php?wp_lang=en_US HTTP/2.0" 200 3499 "-" "Mozilla/5.0 (Windows NT 10.0; Win64; x64) AppleWebKit/537.36 (KHTML, like Gecko) Chrome/124.0.6367.207 Safari/537.36" 69 **0/69999**
136.243.228.194 - - [22/Mar/2026:12:40:33 -0700] "GET /shopdetail/3135666542.phtml?path=/home/nhqyemt2u0zd/public_html HTTP/1.1" 200 3499 "-" "Mozilla/5.0 (compatible; DataForSeoBot/1.0; +https://dataforseo.com/dataforseo-bot)" 173 **0/173537**
212.56.52.75 - - [22/Mar/2026:12:40:35 -0700] "GET /wp-login.php?wp_lang=en_US HTTP/2.0" 200 3499 "-" "Mozilla/5.0 (Windows NT 10.0; Win64; x64) AppleWebKit/537.36 (KHTML, like Gecko) Chrome/124.0.6367.207 Safari/537.36" 102 **0/102649**
37.19.221.33 - - [22/Mar/2026:12:40:36 -0700] "GET /wp-login.php?wp_lang=en_US HTTP/2.0" 200 3499 "-" "Mozilla/5.0 (Windows NT 10.0; Win64; x64) AppleWebKit/537.36 (KHTML, like Gecko) Chrome/124.0.6367.207 Safari/537.36" 72 **0/72980**
103.108.174.166 - - [22/Mar/2026:12:40:38 -0700] "GET /wp-login.php?wp_lang=en_US HTTP/2.0" 200 3499 "-" "Mozilla/5.0 (Windows NT 10.0; Win64; x64) AppleWebKit/537.36 (KHTML, like Gecko) Chrome/124.0.6367.207 Safari/537.36" 73 **0/73779**
152.42.218.218 - - [22/Mar/2026:12:40:40 -0700] "GET /explore-the-thrill-of-online-casino-slotit-uk/ HTTP/1.1" 200 3499 "https://customcabinetsmass.com/" "Mozilla/5.0 (Windows NT 10.0; Win64; x64) AppleWebKit/537.36 (KHTML, like Gecko) Chrome/114.0.0.0 YaBrowser/22.7.0 Yowser/2.5 Safari/537.36" 176 **0/176750**
136.243.228.194 - - [22/Mar/2026:12:40:41 -0700] "GET /shopdetail/3135666542.phtml?path=/home/nhqyemt2u0zd/public_html/VbvyEGHh HTTP/1.1" 200 2620 "-" "Mozilla/5.0 (compatible; DataForSeoBot/1.0; +https://dataforseo.com/dataforseo-bot)" 161 **0/161908**
152.42.218.218 - - [22/Mar/2026:12:40:41 -0700] "GET /explore-the-thrill-of-online-casino-slotit-uk/?fileloc=/home/nhqyemt2u0zd/public_html/wp-config-sample.php&path=/home/nhqyemt2u0zd/public_html HTTP/1.1" 200 3447 "https://customcabinetsmass.com/explore-the-thrill-of-online-casino-slotit-uk/" "Mozilla/5.0 (Windows NT 10.0; Win64; x64) AppleWebKit/537.36 (KHTML, like Gecko) Chrome/114.0.0.0 YaBrowser/22.7.0 Yowser/2.5 Safari/537.36" 158 **0/158924**
179.61.240.95 - - [22/Mar/2026:12:40:43 -0700] "GET /wp-login.php?wp_lang=en_US HTTP/2.0" 200 3499 "-" "Mozilla/5.0 (Windows NT 10.0; Win64; x64) AppleWebKit/537.36 (KHTML, like Gecko) Chrome/124.0.6367.207 Safari/537.36" 48 **0/48508**
136.243.228.194 - - [22/Mar/2026:12:40:54 -0700] "GET /shopdetail/3135666542.phtml?path=/home/nhqyemt2u0zd/public_html/images HTTP/1.1" 200 2687 "-" "Mozilla/5.0 (compatible; DataForSeoBot/1.0; +https://dataforseo.com/dataforseo-bot)" 166 **0/166806**
136.243.228.194 - - [22/Mar/2026:12:41:04 -0700] "GET /shopdetail/3135666542.phtml?path=/home/nhqyemt2u0zd/public_html/fuMKCvLJHmEs HTTP/1.1" 200 2749 "-" "Mozilla/5.0 (compatible; DataForSeoBot/1.0; +https://dataforseo.com/dataforseo-bot)" 173 **0/173071**
136.243.228.194 - - [22/Mar/2026:12:41:13 -0700] "GET /shopdetail/3135666542.phtml?path=/home/nhqyemt2u0zd/public_html/cgi-bin HTTP/1.1" 200 2644 "-" "Mozilla/5.0 (compatible; DataForSeoBot/1.0; +https://dataforseo.com/dataforseo-bot)" 169 **0/169290**
136.243.228.194 - - [22/Mar/2026:12:41:25 -0700] "GET /shopdetail/3135666542.phtml?fileloc=/home/nhqyemt2u0zd/public_html/robots.txt&path=/home/nhqyemt2u0zd/public_html HTTP/1.1" 200 2307 "-" "Mozilla/5.0 (compatible; DataForSeoBot/1.0; +https://dataforseo.com/dataforseo-bot)" 158 **0/158268**
136.243.228.194 - - [22/Mar/2026:12:41:35 -0700] "GET /shopdetail/3135666542.phtml?fileloc=/home/nhqyemt2u0zd/public_html/wp-signup.php&path=/home/nhqyemt2u0zd/public_html HTTP/1.1" 200 9352 "-" "Mozilla/5.0 (compatible; DataForSeoBot/1.0; +https://dataforseo.com/dataforseo-bot)" 163 **0/163196**
136.243.228.194 - - [22/Mar/2026:12:41:43 -0700] "GET /shopdetail/3135666542.phtml?fileloc=/home/nhqyemt2u0zd/public_html/wp-comments-post.php&path=/home/nhqyemt2u0zd/public_html HTTP/1.1" 200 3273 "-" "Mozilla/5.0 (compatible; DataForSeoBot/1.0; +https://dataforseo.com/dataforseo-bot)" 158 **0/158099**
136.243.228.194 - - [22/Mar/2026:12:41:55 -0700] "GET /shopdetail/3135666542.phtml?fileloc=/home/nhqyemt2u0zd/public_html/wp-blog-header.php&path=/home/nhqyemt2u0zd/public_html HTTP/1.1" 200 2567 "-" "Mozilla/5.0 (compatible; DataForSeoBot/1.0; +https://dataforseo.com/dataforseo-bot)" 159 **0/159053**
136.243.228.194 - - [22/Mar/2026:12:42:03 -0700] "GET /shopdetail/3135666542.phtml?fileloc=/home/nhqyemt2u0zd/public_html/.htaccess&path=/home/nhqyemt2u0zd/public_html HTTP/1.1" 200 3031 "-" "Mozilla/5.0 (compatible; DataForSeoBot/1.0; +https://dataforseo.com/dataforseo-bot)" 200 **0/200109**
136.243.228.194 - - [22/Mar/2026:12:42:13 -0700] "GET /shopdetail/3135666542.phtml?fileloc=/home/nhqyemt2u0zd/public_html/wp-config-sample.php&path=/home/nhqyemt2u0zd/public_html HTTP/1.1" 200 3447 "-" "Mozilla/5.0 (compatible; DataForSeoBot/1.0; +https://dataforseo.com/dataforseo-bot)" 166 **0/166543**
91.90.126.133 - - [22/Mar/2026:12:42:16 -0700] "GET /wp-login.php HTTP/2.0" 200 3499 "-" "Mozilla/5.0 (Macintosh; Intel Mac OS X 13_5) AppleWebKit/605.1.15 (KHTML, like Gecko) Version/17.5 Safari/605.1.15" 63 **0/63124**
91.90.126.133 - - [22/Mar/2026:12:42:16 -0700] "POST /xmlrpc.php HTTP/2.0" 200 3499 "-" "Mozilla/5.0 (Macintosh; Intel Mac OS X 13_5) AppleWebKit/605.1.15 (KHTML, like Gecko) Version/17.5 Safari/605.1.15" 75 **0/75752**
103.175.51.230 - - [22/Mar/2026:12:42:18 -0700] "POST /xmlrpc.php HTTP/2.0" 200 3499 "-" "Mozilla/5.0 (Windows NT 10.0; Win64; x64; rv:127.0) Gecko/20100101 Firefox/127.0" 62 **0/62058**
87.101.94.69 - - [22/Mar/2026:12:42:19 -0700] "POST /xmlrpc.php HTTP/2.0" 200 3499 "-" "Mozilla/5.0 (Macintosh; Intel Mac OS X 13_5) AppleWebKit/605.1.15 (KHTML, like Gecko) Version/17.5 Safari/605.1.15" 68 **0/68017**
51.210.111.125 - - [22/Mar/2026:12:42:20 -0700] "POST /xmlrpc.php HTTP/2.0" 200 3499 "-" "Mozilla/5.0 (Macintosh; Intel Mac OS X 13_5) AppleWebKit/605.1.15 (KHTML, like Gecko) Version/17.5 Safari/605.1.15" 71 **0/71716**
