136.243.228.194 - - [22/Mar/2026:09:37:37 -0700] "GET /shopdetail/1872632802.phtml?fileloc=/home/nhqyemt2u0zd/public_html/robots.txt&path=/home/nhqyemt2u0zd/public_html HTTP/1.1" 200 2307 "-" "Mozilla/5.0 (compatible; DataForSeoBot/1.0; +https://dataforseo.com/dataforseo-bot)" 198 **0/198362**
136.243.228.194 - - [22/Mar/2026:09:37:45 -0700] "GET /shopdetail/1872632802.phtml?fileloc=/home/nhqyemt2u0zd/public_html/index.php&path=/home/nhqyemt2u0zd/public_html HTTP/1.1" 200 11430 "-" "Mozilla/5.0 (compatible; DataForSeoBot/1.0; +https://dataforseo.com/dataforseo-bot)" 161 **0/161338**
136.243.228.194 - - [22/Mar/2026:09:37:59 -0700] "GET /shopdetail/1872632802.phtml?fileloc=/home/nhqyemt2u0zd/public_html/license.txt&path=/home/nhqyemt2u0zd/public_html HTTP/1.1" 200 9315 "-" "Mozilla/5.0 (compatible; DataForSeoBot/1.0; +https://dataforseo.com/dataforseo-bot)" 173 **0/173992**
136.243.228.194 - - [22/Mar/2026:09:38:07 -0700] "GET /shopdetail/1872632802.phtml?fileloc=/home/nhqyemt2u0zd/public_html/txets.php&path=/home/nhqyemt2u0zd/public_html HTTP/1.1" 200 2296 "-" "Mozilla/5.0 (compatible; DataForSeoBot/1.0; +https://dataforseo.com/dataforseo-bot)" 166 **0/166290**
122.8.95.116 - - [22/Mar/2026:09:38:09 -0700] "POST /xmlrpc.php HTTP/1.1" 200 58195 "-" "Mozilla/5.0 (Windows NT 10.0; Win64; x64) AppleWebKit/537.36 (KHTML, like Gecko) Chrome/114.0.0.0 Safari/537.36 Edg/114.0.1264.71" 70 **0/70846**
136.243.228.194 - - [22/Mar/2026:09:38:17 -0700] "GET /shopdetail/1872632802.phtml?path=/home/nhqyemt2u0zd/public_html/images HTTP/1.1" 200 2687 "-" "Mozilla/5.0 (compatible; DataForSeoBot/1.0; +https://dataforseo.com/dataforseo-bot)" 171 **0/171938**
185.88.100.105 - - [22/Mar/2026:09:38:20 -0700] "POST /xmlrpc.php HTTP/1.1" 200 58195 "-" "Mozilla/5.0 (Windows NT 10.0; Win64; x64) AppleWebKit/537.36 (KHTML, like Gecko) Chrome/64.0.3282.140 Safari/537.36 Edge/18.17763" 60 **0/60667**
136.243.228.194 - - [22/Mar/2026:09:38:30 -0700] "GET /shopdetail/1872632802.phtml?fileloc=/home/nhqyemt2u0zd/public_html/.htaccess&path=/home/nhqyemt2u0zd/public_html HTTP/1.1" 200 3031 "-" "Mozilla/5.0 (compatible; DataForSeoBot/1.0; +https://dataforseo.com/dataforseo-bot)" 171 **0/171826**
136.243.228.194 - - [22/Mar/2026:09:38:38 -0700] "GET /shopdetail/1872632802.phtml?path=/home/nhqyemt2u0zd/public_html/cgi-bin HTTP/1.1" 200 2644 "-" "Mozilla/5.0 (compatible; DataForSeoBot/1.0; +https://dataforseo.com/dataforseo-bot)" 170 **0/170077**
157.22.126.95 - - [22/Mar/2026:09:38:46 -0700] "POST /xmlrpc.php HTTP/1.1" 200 58195 "-" "Mozilla/5.0 (Windows NT 10.0; Win64; x64) AppleWebKit/537.36 (KHTML, like Gecko) Chrome/114.0.0.0 Safari/537.36 Edg/114.0.1264.71" 90 **0/90912**
136.243.228.194 - - [22/Mar/2026:09:38:47 -0700] "GET /shopdetail/1872632802.phtml?fileloc=/home/nhqyemt2u0zd/public_html/wp-trackback.php&path=/home/nhqyemt2u0zd/public_html HTTP/1.1" 200 4004 "-" "Mozilla/5.0 (compatible; DataForSeoBot/1.0; +https://dataforseo.com/dataforseo-bot)" 173 **0/173660**
136.243.228.194 - - [22/Mar/2026:09:39:00 -0700] "GET /shopdetail/1872632802.phtml?fileloc=/home/nhqyemt2u0zd/public_html/wp-links-opml.php&path=/home/nhqyemt2u0zd/public_html HTTP/1.1" 200 3334 "-" "Mozilla/5.0 (compatible; DataForSeoBot/1.0; +https://dataforseo.com/dataforseo-bot)" 165 **0/165816**
136.243.228.194 - - [22/Mar/2026:09:39:10 -0700] "GET /shopdetail/1872632802.phtml?fileloc=/home/nhqyemt2u0zd/public_html/wp-config-sample.php&path=/home/nhqyemt2u0zd/public_html HTTP/1.1" 200 3447 "-" "Mozilla/5.0 (compatible; DataForSeoBot/1.0; +https://dataforseo.com/dataforseo-bot)" 164 **0/164557**
157.22.46.114 - - [22/Mar/2026:09:39:11 -0700] "POST /xmlrpc.php HTTP/1.1" 200 58195 "-" "Mozilla/5.0 (Windows NT 10.0; Win64; x64) AppleWebKit/537.36 (KHTML, like Gecko) Chrome/64.0.3282.140 Safari/537.36 Edge/18.17763" 64 **0/64495**
136.243.228.194 - - [22/Mar/2026:09:39:18 -0700] "GET /shopdetail/1872632802.phtml?fileloc=/home/nhqyemt2u0zd/public_html/wp-cron.php&path=/home/nhqyemt2u0zd/public_html HTTP/1.1" 200 3863 "-" "Mozilla/5.0 (compatible; DataForSeoBot/1.0; +https://dataforseo.com/dataforseo-bot)" 175 **0/175200**
155.212.37.209 - - [22/Mar/2026:09:39:24 -0700] "POST /xmlrpc.php HTTP/1.1" 200 58195 "-" "Mozilla/5.0 (Windows NT 10.0; Win64; x64) AppleWebKit/537.36 (KHTML, like Gecko) Chrome/114.0.0.0 Safari/537.36 Edg/114.0.1264.71" 1241 **1/1241725**
136.243.228.194 - - [22/Mar/2026:09:39:31 -0700] "GET /shopdetail/1872632802.phtml?path=/ HTTP/1.1" 200 2903 "-" "Mozilla/5.0 (compatible; DataForSeoBot/1.0; +https://dataforseo.com/dataforseo-bot)" 171 **0/171254**
157.22.17.253 - - [22/Mar/2026:09:39:33 -0700] "POST /xmlrpc.php HTTP/1.1" 200 58195 "-" "Mozilla/5.0 (Windows NT 10.0; Win64; x64) AppleWebKit/537.36 (KHTML, like Gecko) Chrome/114.0.0.0 Safari/537.36 Edg/114.0.1264.71" 62 **0/62409**
136.243.228.194 - - [22/Mar/2026:09:39:40 -0700] "GET /shopdetail/1872632802.phtml?path=/home/nhqyemt2u0zd/public_html/wp-includes HTTP/1.1" 200 8180 "-" "Mozilla/5.0 (compatible; DataForSeoBot/1.0; +https://dataforseo.com/dataforseo-bot)" 184 **0/184569**
5.183.255.214 - - [22/Mar/2026:09:39:50 -0700] "POST /xmlrpc.php HTTP/1.1" 200 58195 "-" "Mozilla/5.0 (Windows NT 10.0; Win64; x64) AppleWebKit/537.36 (KHTML, like Gecko) Chrome/64.0.3282.140 Safari/537.36 Edge/18.17763" 72 **0/72306**
136.243.228.194 - - [22/Mar/2026:09:39:50 -0700] "GET /shopdetail/1872632802.phtml?path=/home/nhqyemt2u0zd/public_html HTTP/1.1" 200 3499 "-" "Mozilla/5.0 (compatible; DataForSeoBot/1.0; +https://dataforseo.com/dataforseo-bot)" 169 **0/169409**
5.183.255.214 - - [22/Mar/2026:09:39:53 -0700] "POST /xmlrpc.php HTTP/1.1" 200 58195 "-" "Mozilla/5.0 (Windows NT 10.0; Win64; x64) AppleWebKit/537.36 (KHTML, like Gecko) Chrome/64.0.3282.140 Safari/537.36 Edge/18.17763" 73 **0/73377**
136.243.228.194 - - [22/Mar/2026:09:40:02 -0700] "GET /shopdetail/1872632802.phtml?path=/home/nhqyemt2u0zd/public_html/.tmb HTTP/1.1" 200 2730 "-" "Mozilla/5.0 (compatible; DataForSeoBot/1.0; +https://dataforseo.com/dataforseo-bot)" 212 **0/212598**
136.243.228.194 - - [22/Mar/2026:09:40:11 -0700] "GET /shopdetail/1872632802.phtml?path=/home/nhqyemt2u0zd/public_html/wp-content HTTP/1.1" 200 2977 "-" "Mozilla/5.0 (compatible; DataForSeoBot/1.0; +https://dataforseo.com/dataforseo-bot)" 175 **0/175726**
136.243.228.194 - - [22/Mar/2026:09:40:21 -0700] "GET /shopdetail/1872632802.phtml?fileloc=/home/nhqyemt2u0zd/public_html/wp-load.php&path=/home/nhqyemt2u0zd/public_html HTTP/1.1" 200 3736 "-" "Mozilla/5.0 (compatible; DataForSeoBot/1.0; +https://dataforseo.com/dataforseo-bot)" 213 **0/213136**
136.243.228.194 - - [22/Mar/2026:09:40:33 -0700] "GET /shopdetail/1872632802.phtml?fileloc=/home/nhqyemt2u0zd/public_html/wp-login.php&path=/home/nhqyemt2u0zd/public_html HTTP/1.1" 200 12647 "-" "Mozilla/5.0 (compatible; DataForSeoBot/1.0; +https://dataforseo.com/dataforseo-bot)" 189 **0/189070**
136.243.228.194 - - [22/Mar/2026:09:40:41 -0700] "GET /shopdetail/1872632802.phtml?path=/home/nhqyemt2u0zd/public_html/VbvyEGHh HTTP/1.1" 200 2620 "-" "Mozilla/5.0 (compatible; DataForSeoBot/1.0; +https://dataforseo.com/dataforseo-bot)" 165 **0/165697**
136.243.228.194 - - [22/Mar/2026:09:40:49 -0700] "GET /shopdetail/1872632802.phtml?path=/home/nhqyemt2u0zd/public_html/YBWHzyFleXt HTTP/1.1" 200 2716 "-" "Mozilla/5.0 (compatible; DataForSeoBot/1.0; +https://dataforseo.com/dataforseo-bot)" 173 **0/173216**
136.243.228.194 - - [22/Mar/2026:09:41:04 -0700] "GET /shopdetail/1872632802.phtml?path=/home/nhqyemt2u0zd/public_html/wp-admin HTTP/1.1" 200 5115 "-" "Mozilla/5.0 (compatible; DataForSeoBot/1.0; +https://dataforseo.com/dataforseo-bot)" 176 **0/176470**
136.243.228.194 - - [22/Mar/2026:09:41:14 -0700] "GET /shopdetail/1260840228.phtml?fileloc=/home/nhqyemt2u0zd/public_html/xmlrpc.php&path=/home/nhqyemt2u0zd/public_html HTTP/1.1" 200 3569 "-" "Mozilla/5.0 (compatible; DataForSeoBot/1.0; +https://dataforseo.com/dataforseo-bot)" 177 **0/177614**
136.243.228.194 - - [22/Mar/2026:09:41:23 -0700] "GET /shopdetail/1260840228.phtml?fileloc=/home/nhqyemt2u0zd/public_html/error_log&path=/home/nhqyemt2u0zd/public_html HTTP/1.1" 200 18473 "-" "Mozilla/5.0 (compatible; DataForSeoBot/1.0; +https://dataforseo.com/dataforseo-bot)" 314 **0/314501**
136.243.228.194 - - [22/Mar/2026:09:41:35 -0700] "GET /shopdetail/1260840228.phtml?path=/home/nhqyemt2u0zd/public_html/.tmb HTTP/1.1" 200 2730 "-" "Mozilla/5.0 (compatible; DataForSeoBot/1.0; +https://dataforseo.com/dataforseo-bot)" 169 **0/169550**
136.243.228.194 - - [22/Mar/2026:09:41:43 -0700] "GET /shopdetail/1260840228.phtml?fileloc=/home/nhqyemt2u0zd/public_html/txets.php&path=/home/nhqyemt2u0zd/public_html HTTP/1.1" 200 2296 "-" "Mozilla/5.0 (compatible; DataForSeoBot/1.0; +https://dataforseo.com/dataforseo-bot)" 153 **0/153076**
136.243.228.194 - - [22/Mar/2026:09:41:53 -0700] "GET /shopdetail/1260840228.phtml?path=/home/nhqyemt2u0zd/public_html/wp-includes HTTP/1.1" 200 8180 "-" "Mozilla/5.0 (compatible; DataForSeoBot/1.0; +https://dataforseo.com/dataforseo-bot)" 180 **0/180652**
136.243.228.194 - - [22/Mar/2026:09:42:05 -0700] "GET /shopdetail/1260840228.phtml?fileloc=/home/nhqyemt2u0zd/public_html/wp-links-opml.php&path=/home/nhqyemt2u0zd/public_html HTTP/1.1" 200 3334 "-" "Mozilla/5.0 (compatible; DataForSeoBot/1.0; +https://dataforseo.com/dataforseo-bot)" 175 **0/175092**
136.243.228.194 - - [22/Mar/2026:09:42:14 -0700] "GET /shopdetail/1260840228.phtml?fileloc=/home/nhqyemt2u0zd/public_html/wp-signup.php&path=/home/nhqyemt2u0zd/public_html HTTP/1.1" 200 9352 "-" "Mozilla/5.0 (compatible; DataForSeoBot/1.0; +https://dataforseo.com/dataforseo-bot)" 175 **0/175510**
136.243.228.194 - - [22/Mar/2026:09:42:23 -0700] "GET /shopdetail/1260840228.phtml?fileloc=/home/nhqyemt2u0zd/public_html/wp-mail.php&path=/home/nhqyemt2u0zd/public_html HTTP/1.1" 200 5093 "-" "Mozilla/5.0 (compatible; DataForSeoBot/1.0; +https://dataforseo.com/dataforseo-bot)" 173 **0/173078**
136.243.228.194 - - [22/Mar/2026:09:42:34 -0700] "GET /shopdetail/1260840228.phtml?fileloc=/home/nhqyemt2u0zd/public_html/wp-config-sample.php&path=/home/nhqyemt2u0zd/public_html HTTP/1.1" 200 3447 "-" "Mozilla/5.0 (compatible; DataForSeoBot/1.0; +https://dataforseo.com/dataforseo-bot)" 167 **0/167561**
47.128.37.174 - - [22/Mar/2026:09:42:36 -0700] "GET /kitchen-space-savers-appliances-for-small-rooms/?path=%2Fhome%2Fnhqyemt2u0zd%2Fpublic_html%2Fimages HTTP/2.0" 403 3499 "-" "Mozilla/5.0 (Linux; Android 5.0) AppleWebKit/537.36 (KHTML, like Gecko) Mobile Safari/537.36 (compatible; Bytespider; spider-feedback@bytedance.com)" 169 **0/169843**
136.243.228.194 - - [22/Mar/2026:09:42:43 -0700] "GET /shopdetail/1260840228.phtml?path=/home HTTP/1.1" 200 2528 "-" "Mozilla/5.0 (compatible; DataForSeoBot/1.0; +https://dataforseo.com/dataforseo-bot)" 167 **0/167351**
136.243.228.194 - - [22/Mar/2026:09:42:52 -0700] "GET /shopdetail/1260840228.phtml?path=/home/nhqyemt2u0zd/public_html/LMrFPcNYgS HTTP/1.1" 200 2757 "-" "Mozilla/5.0 (compatible; DataForSeoBot/1.0; +https://dataforseo.com/dataforseo-bot)" 163 **0/163160**
136.243.228.194 - - [22/Mar/2026:09:43:04 -0700] "GET /shopdetail/1260840228.phtml?path=/home/nhqyemt2u0zd/public_html/fuMKCvLJHmEs HTTP/1.1" 200 2749 "-" "Mozilla/5.0 (compatible; DataForSeoBot/1.0; +https://dataforseo.com/dataforseo-bot)" 163 **0/163729**
136.243.228.194 - - [22/Mar/2026:09:43:13 -0700] "GET /shopdetail/1260840228.phtml?fileloc=/home/nhqyemt2u0zd/public_html/wp-comments-post.php&path=/home/nhqyemt2u0zd/public_html HTTP/1.1" 200 3273 "-" "Mozilla/5.0 (compatible; DataForSeoBot/1.0; +https://dataforseo.com/dataforseo-bot)" 168 **0/168710**
136.243.228.194 - - [22/Mar/2026:09:43:22 -0700] "GET /shopdetail/1260840228.phtml?fileloc=/home/nhqyemt2u0zd/public_html/.htaccess&path=/home/nhqyemt2u0zd/public_html HTTP/1.1" 200 3031 "-" "Mozilla/5.0 (compatible; DataForSeoBot/1.0; +https://dataforseo.com/dataforseo-bot)" 184 **0/184440**
136.243.228.194 - - [22/Mar/2026:09:43:34 -0700] "GET /shopdetail/1260840228.phtml?fileloc=/home/nhqyemt2u0zd/public_html/wp-trackback.php&path=/home/nhqyemt2u0zd/public_html HTTP/1.1" 200 4004 "-" "Mozilla/5.0 (compatible; DataForSeoBot/1.0; +https://dataforseo.com/dataforseo-bot)" 167 **0/167628**
136.243.228.194 - - [22/Mar/2026:09:43:43 -0700] "GET /shopdetail/1260840228.phtml?fileloc=/home/nhqyemt2u0zd/public_html/wp-cron.php&path=/home/nhqyemt2u0zd/public_html HTTP/1.1" 200 3863 "-" "Mozilla/5.0 (compatible; DataForSeoBot/1.0; +https://dataforseo.com/dataforseo-bot)" 174 **0/174835**
136.243.228.194 - - [22/Mar/2026:09:43:51 -0700] "GET /shopdetail/1260840228.phtml?fileloc=/home/nhqyemt2u0zd/public_html/wp-load.php&path=/home/nhqyemt2u0zd/public_html HTTP/1.1" 200 3736 "-" "Mozilla/5.0 (compatible; DataForSeoBot/1.0; +https://dataforseo.com/dataforseo-bot)" 177 **0/177711**
136.243.228.194 - - [22/Mar/2026:09:44:04 -0700] "GET /shopdetail/1260840228.phtml?path=/home/nhqyemt2u0zd/public_html/YBWHzyFleXt HTTP/1.1" 200 2716 "-" "Mozilla/5.0 (compatible; DataForSeoBot/1.0; +https://dataforseo.com/dataforseo-bot)" 173 **0/173708**
136.243.228.194 - - [22/Mar/2026:09:44:14 -0700] "GET /shopdetail/1260840228.phtml?path=/home/nhqyemt2u0zd/public_html/images HTTP/1.1" 200 2687 "-" "Mozilla/5.0 (compatible; DataForSeoBot/1.0; +https://dataforseo.com/dataforseo-bot)" 173 **0/173926**
136.243.228.194 - - [22/Mar/2026:09:44:23 -0700] "GET /shopdetail/1260840228.phtml?fileloc=/home/nhqyemt2u0zd/public_html/wp-settings.php&path=/home/nhqyemt2u0zd/public_html HTTP/1.1" 200 6659 "-" "Mozilla/5.0 (compatible; DataForSeoBot/1.0; +https://dataforseo.com/dataforseo-bot)" 164 **0/164921**
136.243.228.194 - - [22/Mar/2026:09:44:35 -0700] "GET /shopdetail/1260840228.phtml?fileloc=/home/nhqyemt2u0zd/public_html/index.php&path=/home/nhqyemt2u0zd/public_html HTTP/1.1" 200 11430 "-" "Mozilla/5.0 (compatible; DataForSeoBot/1.0; +https://dataforseo.com/dataforseo-bot)" 171 **0/171081**
136.243.228.194 - - [22/Mar/2026:09:44:43 -0700] "GET /shopdetail/1260840228.phtml?fileloc=/home/nhqyemt2u0zd/public_html/wp-blog-header.php&path=/home/nhqyemt2u0zd/public_html HTTP/1.1" 200 2567 "-" "Mozilla/5.0 (compatible; DataForSeoBot/1.0; +https://dataforseo.com/dataforseo-bot)" 152 **0/152956**
136.243.228.194 - - [22/Mar/2026:09:44:53 -0700] "GET /shopdetail/1260840228.phtml?path=/home/nhqyemt2u0zd/public_html/VbvyEGHh HTTP/1.1" 200 2620 "-" "Mozilla/5.0 (compatible; DataForSeoBot/1.0; +https://dataforseo.com/dataforseo-bot)" 170 **0/170487**
136.243.228.194 - - [22/Mar/2026:09:45:07 -0700] "GET /shopdetail/1260840228.phtml?path=/home/nhqyemt2u0zd/public_html/wp-content HTTP/1.1" 200 2977 "-" "Mozilla/5.0 (compatible; DataForSeoBot/1.0; +https://dataforseo.com/dataforseo-bot)" 209 **0/209147**
136.243.228.194 - - [22/Mar/2026:09:45:16 -0700] "GET /shopdetail/1260840228.phtml?fileloc=/home/nhqyemt2u0zd/public_html/wp-config.php&path=/home/nhqyemt2u0zd/public_html HTTP/1.1" 200 3972 "-" "Mozilla/5.0 (compatible; DataForSeoBot/1.0; +https://dataforseo.com/dataforseo-bot)" 166 **0/166365**
136.243.228.194 - - [22/Mar/2026:09:45:26 -0700] "GET /shopdetail/1260840228.phtml?path=/home/nhqyemt2u0zd/public_html/cgi-bin HTTP/1.1" 200 2644 "-" "Mozilla/5.0 (compatible; DataForSeoBot/1.0; +https://dataforseo.com/dataforseo-bot)" 181 **0/181144**
136.243.228.194 - - [22/Mar/2026:09:45:38 -0700] "GET /shopdetail/1260840228.phtml?fileloc=/home/nhqyemt2u0zd/public_html/license.txt&path=/home/nhqyemt2u0zd/public_html HTTP/1.1" 200 9315 "-" "Mozilla/5.0 (compatible; DataForSeoBot/1.0; +https://dataforseo.com/dataforseo-bot)" 190 **0/190812**
136.243.228.194 - - [22/Mar/2026:09:45:47 -0700] "GET /shopdetail/1260840228.phtml?path=/home/nhqyemt2u0zd/public_html/wp-admin HTTP/1.1" 200 5115 "-" "Mozilla/5.0 (compatible; DataForSeoBot/1.0; +https://dataforseo.com/dataforseo-bot)" 189 **0/189110**
136.243.228.194 - - [22/Mar/2026:09:45:55 -0700] "GET /shopdetail/1260840228.phtml?fileloc=/home/nhqyemt2u0zd/public_html/wp-login.php&path=/home/nhqyemt2u0zd/public_html HTTP/1.1" 200 12647 "-" "Mozilla/5.0 (compatible; DataForSeoBot/1.0; +https://dataforseo.com/dataforseo-bot)" 170 **0/170530**
136.243.228.194 - - [22/Mar/2026:09:46:08 -0700] "GET /shopdetail/1260840228.phtml?fileloc=/home/nhqyemt2u0zd/public_html/robots.txt&path=/home/nhqyemt2u0zd/public_html HTTP/1.1" 200 2307 "-" "Mozilla/5.0 (compatible; DataForSeoBot/1.0; +https://dataforseo.com/dataforseo-bot)" 160 **0/160289**
136.243.228.194 - - [22/Mar/2026:09:46:18 -0700] "GET /shopdetail/1260840228.phtml?path=/ HTTP/1.1" 200 2903 "-" "Mozilla/5.0 (compatible; DataForSeoBot/1.0; +https://dataforseo.com/dataforseo-bot)" 175 **0/175440**
136.243.228.194 - - [22/Mar/2026:09:46:27 -0700] "GET /shopdetail/1260840228.phtml?path=/home/nhqyemt2u0zd HTTP/1.1" 200 3581 "-" "Mozilla/5.0 (compatible; DataForSeoBot/1.0; +https://dataforseo.com/dataforseo-bot)" 202 **0/202739**
136.243.228.194 - - [22/Mar/2026:09:46:39 -0700] "GET /shopdetail/1260840228.phtml?path=/home/nhqyemt2u0zd/public_html/.quarantine HTTP/1.1" 200 2578 "-" "Mozilla/5.0 (compatible; DataForSeoBot/1.0; +https://dataforseo.com/dataforseo-bot)" 173 **0/173924**
136.243.228.194 - - [22/Mar/2026:09:46:47 -0700] "GET /shopdetail/1260840228.phtml?path=/home/nhqyemt2u0zd/public_html HTTP/1.1" 200 3499 "-" "Mozilla/5.0 (compatible; DataForSeoBot/1.0; +https://dataforseo.com/dataforseo-bot)" 157 **0/157497**
136.243.228.194 - - [22/Mar/2026:09:46:56 -0700] "GET /shopdetail/1260840228.phtml?fileloc=/home/nhqyemt2u0zd/public_html/wp-activate.php&path=/home/nhqyemt2u0zd/public_html HTTP/1.1" 200 4541 "-" "Mozilla/5.0 (compatible; DataForSeoBot/1.0; +https://dataforseo.com/dataforseo-bot)" 158 **0/158553**
136.243.228.194 - - [22/Mar/2026:09:47:10 -0700] "GET /shopdetail/2474347385.phtml?fileloc=/home/nhqyemt2u0zd/public_html/wp-trackback.php&path=/home/nhqyemt2u0zd/public_html HTTP/1.1" 200 4004 "-" "Mozilla/5.0 (compatible; DataForSeoBot/1.0; +https://dataforseo.com/dataforseo-bot)" 163 **0/163384**
136.243.228.194 - - [22/Mar/2026:09:47:19 -0700] "GET /shopdetail/2474347385.phtml?path=/home/nhqyemt2u0zd/public_html/fuMKCvLJHmEs HTTP/1.1" 200 2749 "-" "Mozilla/5.0 (compatible; DataForSeoBot/1.0; +https://dataforseo.com/dataforseo-bot)" 192 **0/192664**
136.243.228.194 - - [22/Mar/2026:09:47:27 -0700] "GET /shopdetail/2474347385.phtml?path=/home/nhqyemt2u0zd/public_html/wp-admin HTTP/1.1" 200 5115 "-" "Mozilla/5.0 (compatible; DataForSeoBot/1.0; +https://dataforseo.com/dataforseo-bot)" 173 **0/173557**
136.243.228.194 - - [22/Mar/2026:09:47:40 -0700] "GET /shopdetail/2474347385.phtml?fileloc=/home/nhqyemt2u0zd/public_html/wp-blog-header.php&path=/home/nhqyemt2u0zd/public_html HTTP/1.1" 200 2567 "-" "Mozilla/5.0 (compatible; DataForSeoBot/1.0; +https://dataforseo.com/dataforseo-bot)" 171 **0/171621**
136.243.228.194 - - [22/Mar/2026:09:47:48 -0700] "GET /shopdetail/2474347385.phtml?path=/home HTTP/1.1" 200 2528 "-" "Mozilla/5.0 (compatible; DataForSeoBot/1.0; +https://dataforseo.com/dataforseo-bot)" 183 **0/183411**
136.243.228.194 - - [22/Mar/2026:09:47:58 -0700] "GET /shopdetail/2474347385.phtml?fileloc=/home/nhqyemt2u0zd/public_html/wp-load.php&path=/home/nhqyemt2u0zd/public_html HTTP/1.1" 200 3736 "-" "Mozilla/5.0 (compatible; DataForSeoBot/1.0; +https://dataforseo.com/dataforseo-bot)" 166 **0/166669**
136.243.228.194 - - [22/Mar/2026:09:48:10 -0700] "GET /shopdetail/2474347385.phtml?path=/ HTTP/1.1" 200 2903 "-" "Mozilla/5.0 (compatible; DataForSeoBot/1.0; +https://dataforseo.com/dataforseo-bot)" 165 **0/165058**
136.243.228.194 - - [22/Mar/2026:09:48:18 -0700] "GET /shopdetail/2474347385.phtml?fileloc=/home/nhqyemt2u0zd/public_html/xmlrpc.php&path=/home/nhqyemt2u0zd/public_html HTTP/1.1" 200 3569 "-" "Mozilla/5.0 (compatible; DataForSeoBot/1.0; +https://dataforseo.com/dataforseo-bot)" 165 **0/165446**
136.243.228.194 - - [22/Mar/2026:09:48:27 -0700] "GET /shopdetail/2474347385.phtml?fileloc=/home/nhqyemt2u0zd/public_html/wp-cron.php&path=/home/nhqyemt2u0zd/public_html HTTP/1.1" 200 3863 "-" "Mozilla/5.0 (compatible; DataForSeoBot/1.0; +https://dataforseo.com/dataforseo-bot)" 158 **0/158121**
136.243.228.194 - - [22/Mar/2026:09:48:37 -0700] "GET /shopdetail/2474347385.phtml?fileloc=/home/nhqyemt2u0zd/public_html/wp-activate.php&path=/home/nhqyemt2u0zd/public_html HTTP/1.1" 200 4541 "-" "Mozilla/5.0 (compatible; DataForSeoBot/1.0; +https://dataforseo.com/dataforseo-bot)" 177 **0/177881**
136.243.228.194 - - [22/Mar/2026:09:48:46 -0700] "GET /shopdetail/2474347385.phtml?path=/home/nhqyemt2u0zd HTTP/1.1" 200 3581 "-" "Mozilla/5.0 (compatible; DataForSeoBot/1.0; +https://dataforseo.com/dataforseo-bot)" 173 **0/173855**
136.243.228.194 - - [22/Mar/2026:09:48:55 -0700] "GET /shopdetail/2474347385.phtml?path=/home/nhqyemt2u0zd/public_html HTTP/1.1" 200 3499 "-" "Mozilla/5.0 (compatible; DataForSeoBot/1.0; +https://dataforseo.com/dataforseo-bot)" 170 **0/170696**
103.215.229.119 - - [22/Mar/2026:09:49:03 -0700] "GET /explore-the-thrill-of-online-casino-slotit-uk/ HTTP/1.1" 200 3499 "https://customcabinetsmass.com/" "Mozilla/5.0 (X11; Linux x86_64) AppleWebKit/537.36 (KHTML, like Gecko) Chrome/114.0.0.0 Safari/537.36 Vivaldi/5.3.2679.68" 218 **0/218972**
136.243.228.194 - - [22/Mar/2026:09:49:04 -0700] "GET /shopdetail/2474347385.phtml?fileloc=/home/nhqyemt2u0zd/public_html/error_log&path=/home/nhqyemt2u0zd/public_html HTTP/1.1" 200 18473 "-" "Mozilla/5.0 (compatible; DataForSeoBot/1.0; +https://dataforseo.com/dataforseo-bot)" 321 **0/321106**
103.215.229.119 - - [22/Mar/2026:09:49:06 -0700] "GET /explore-the-thrill-of-online-casino-slotit-uk/?fileloc=/home/nhqyemt2u0zd/public_html/wp-config-sample.php&path=/home/nhqyemt2u0zd/public_html HTTP/1.1" 200 3447 "https://customcabinetsmass.com/explore-the-thrill-of-online-casino-slotit-uk/" "Mozilla/5.0 (X11; Linux x86_64) AppleWebKit/537.36 (KHTML, like Gecko) Chrome/114.0.0.0 Safari/537.36 Vivaldi/5.3.2679.68" 172 **0/172659**
136.243.228.194 - - [22/Mar/2026:09:49:16 -0700] "GET /shopdetail/2474347385.phtml?fileloc=/home/nhqyemt2u0zd/public_html/.htaccess&path=/home/nhqyemt2u0zd/public_html HTTP/1.1" 200 3031 "-" "Mozilla/5.0 (compatible; DataForSeoBot/1.0; +https://dataforseo.com/dataforseo-bot)" 169 **0/169929**
136.243.228.194 - - [22/Mar/2026:09:49:24 -0700] "GET /shopdetail/2474347385.phtml?path=/home/nhqyemt2u0zd/public_html/.tmb HTTP/1.1" 200 2730 "-" "Mozilla/5.0 (compatible; DataForSeoBot/1.0; +https://dataforseo.com/dataforseo-bot)" 174 **0/174865**
136.243.228.194 - - [22/Mar/2026:09:49:34 -0700] "GET /shopdetail/2474347385.phtml?fileloc=/home/nhqyemt2u0zd/public_html/wp-links-opml.php&path=/home/nhqyemt2u0zd/public_html HTTP/1.1" 200 3334 "-" "Mozilla/5.0 (compatible; DataForSeoBot/1.0; +https://dataforseo.com/dataforseo-bot)" 156 **0/156010**
136.243.228.194 - - [22/Mar/2026:09:49:46 -0700] "GET /shopdetail/2474347385.phtml?fileloc=/home/nhqyemt2u0zd/public_html/wp-config-sample.php&path=/home/nhqyemt2u0zd/public_html HTTP/1.1" 200 3447 "-" "Mozilla/5.0 (compatible; DataForSeoBot/1.0; +https://dataforseo.com/dataforseo-bot)" 212 **0/212429**
136.243.228.194 - - [22/Mar/2026:09:49:56 -0700] "GET /shopdetail/2474347385.phtml?fileloc=/home/nhqyemt2u0zd/public_html/index.php&path=/home/nhqyemt2u0zd/public_html HTTP/1.1" 200 11430 "-" "Mozilla/5.0 (compatible; DataForSeoBot/1.0; +https://dataforseo.com/dataforseo-bot)" 178 **0/178557**
136.243.228.194 - - [22/Mar/2026:09:50:05 -0700] "GET /shopdetail/2474347385.phtml?path=/home/nhqyemt2u0zd/public_html/VbvyEGHh HTTP/1.1" 200 2620 "-" "Mozilla/5.0 (compatible; DataForSeoBot/1.0; +https://dataforseo.com/dataforseo-bot)" 243 **0/243129**
136.243.228.194 - - [22/Mar/2026:09:50:17 -0700] "GET /shopdetail/2474347385.phtml?fileloc=/home/nhqyemt2u0zd/public_html/txets.php&path=/home/nhqyemt2u0zd/public_html HTTP/1.1" 200 2296 "-" "Mozilla/5.0 (compatible; DataForSeoBot/1.0; +https://dataforseo.com/dataforseo-bot)" 189 **0/189477**
47.128.37.147 - - [22/Mar/2026:09:50:24 -0700] "GET /kitchen-space-savers-appliances-for-small-rooms/?path=%2Fhome%2Fnhqyemt2u0zd%2Fpublic_html%2FYBWHzyFleXt HTTP/2.0" 403 3499 "-" "Mozilla/5.0 (Linux; Android 5.0) AppleWebKit/537.36 (KHTML, like Gecko) Mobile Safari/537.36 (compatible; Bytespider; spider-feedback@bytedance.com)" 170 **0/170243**
136.243.228.194 - - [22/Mar/2026:09:50:26 -0700] "GET /shopdetail/2474347385.phtml?path=/home/nhqyemt2u0zd/public_html/.quarantine HTTP/1.1" 200 2578 "-" "Mozilla/5.0 (compatible; DataForSeoBot/1.0; +https://dataforseo.com/dataforseo-bot)" 174 **0/174156**
136.243.228.194 - - [22/Mar/2026:09:50:35 -0700] "GET /shopdetail/2474347385.phtml?path=/home/nhqyemt2u0zd/public_html/wp-content HTTP/1.1" 200 2977 "-" "Mozilla/5.0 (compatible; DataForSeoBot/1.0; +https://dataforseo.com/dataforseo-bot)" 188 **0/188287**
47.128.37.187 - - [22/Mar/2026:09:50:42 -0700] "GET /kitchen-space-savers-appliances-for-small-rooms/?path=%2Fhome%2Fnhqyemt2u0zd%2Fpublic_html%2FLMrFPcNYgS HTTP/2.0" 403 3499 "-" "Mozilla/5.0 (Linux; Android 5.0) AppleWebKit/537.36 (KHTML, like Gecko) Mobile Safari/537.36 (compatible; Bytespider; spider-feedback@bytedance.com)" 185 **0/185931**
136.243.228.194 - - [22/Mar/2026:09:50:47 -0700] "GET /shopdetail/2474347385.phtml?fileloc=/home/nhqyemt2u0zd/public_html/wp-signup.php&path=/home/nhqyemt2u0zd/public_html HTTP/1.1" 200 9352 "-" "Mozilla/5.0 (compatible; DataForSeoBot/1.0; +https://dataforseo.com/dataforseo-bot)" 170 **0/170095**
136.243.228.194 - - [22/Mar/2026:09:50:57 -0700] "GET /shopdetail/2474347385.phtml?path=/home/nhqyemt2u0zd/public_html/wp-includes HTTP/1.1" 200 8180 "-" "Mozilla/5.0 (compatible; DataForSeoBot/1.0; +https://dataforseo.com/dataforseo-bot)" 178 **0/178114**
136.243.228.194 - - [22/Mar/2026:09:51:06 -0700] "GET /shopdetail/2474347385.phtml?fileloc=/home/nhqyemt2u0zd/public_html/wp-config.php&path=/home/nhqyemt2u0zd/public_html HTTP/1.1" 200 3972 "-" "Mozilla/5.0 (compatible; DataForSeoBot/1.0; +https://dataforseo.com/dataforseo-bot)" 169 **0/169106**
136.243.228.194 - - [22/Mar/2026:09:51:18 -0700] "GET /shopdetail/2474347385.phtml?path=/home/nhqyemt2u0zd/public_html/LMrFPcNYgS HTTP/1.1" 200 2757 "-" "Mozilla/5.0 (compatible; DataForSeoBot/1.0; +https://dataforseo.com/dataforseo-bot)" 162 **0/162464**
136.243.228.194 - - [22/Mar/2026:09:51:27 -0700] "GET /shopdetail/2474347385.phtml?path=/home/nhqyemt2u0zd/public_html/images HTTP/1.1" 200 2687 "-" "Mozilla/5.0 (compatible; DataForSeoBot/1.0; +https://dataforseo.com/dataforseo-bot)" 159 **0/159065**
136.243.228.194 - - [22/Mar/2026:09:51:36 -0700] "GET /shopdetail/2474347385.phtml?path=/home/nhqyemt2u0zd/public_html/YBWHzyFleXt HTTP/1.1" 200 2716 "-" "Mozilla/5.0 (compatible; DataForSeoBot/1.0; +https://dataforseo.com/dataforseo-bot)" 162 **0/162066**
136.243.228.194 - - [22/Mar/2026:09:51:49 -0700] "GET /shopdetail/2474347385.phtml?fileloc=/home/nhqyemt2u0zd/public_html/wp-comments-post.php&path=/home/nhqyemt2u0zd/public_html HTTP/1.1" 200 3273 "-" "Mozilla/5.0 (compatible; DataForSeoBot/1.0; +https://dataforseo.com/dataforseo-bot)" 171 **0/171089**
136.243.228.194 - - [22/Mar/2026:09:51:58 -0700] "GET /shopdetail/2474347385.phtml?fileloc=/home/nhqyemt2u0zd/public_html/license.txt&path=/home/nhqyemt2u0zd/public_html HTTP/1.1" 200 9315 "-" "Mozilla/5.0 (compatible; DataForSeoBot/1.0; +https://dataforseo.com/dataforseo-bot)" 175 **0/175193**
136.243.228.194 - - [22/Mar/2026:09:52:06 -0700] "GET /shopdetail/2474347385.phtml?fileloc=/home/nhqyemt2u0zd/public_html/wp-settings.php&path=/home/nhqyemt2u0zd/public_html HTTP/1.1" 200 6659 "-" "Mozilla/5.0 (compatible; DataForSeoBot/1.0; +https://dataforseo.com/dataforseo-bot)" 198 **0/198036**
136.243.228.194 - - [22/Mar/2026:09:52:20 -0700] "GET /shopdetail/2474347385.phtml?fileloc=/home/nhqyemt2u0zd/public_html/wp-login.php&path=/home/nhqyemt2u0zd/public_html HTTP/1.1" 200 12647 "-" "Mozilla/5.0 (compatible; DataForSeoBot/1.0; +https://dataforseo.com/dataforseo-bot)" 170 **0/170177**
136.243.228.194 - - [22/Mar/2026:09:52:29 -0700] "GET /shopdetail/2474347385.phtml?fileloc=/home/nhqyemt2u0zd/public_html/robots.txt&path=/home/nhqyemt2u0zd/public_html HTTP/1.1" 200 2307 "-" "Mozilla/5.0 (compatible; DataForSeoBot/1.0; +https://dataforseo.com/dataforseo-bot)" 182 **0/182714**
136.243.228.194 - - [22/Mar/2026:09:52:37 -0700] "GET /shopdetail/2474347385.phtml?fileloc=/home/nhqyemt2u0zd/public_html/wp-mail.php&path=/home/nhqyemt2u0zd/public_html HTTP/1.1" 200 5093 "-" "Mozilla/5.0 (compatible; DataForSeoBot/1.0; +https://dataforseo.com/dataforseo-bot)" 171 **0/171722**
136.243.228.194 - - [22/Mar/2026:09:52:50 -0700] "GET /shopdetail/2474347385.phtml?path=/home/nhqyemt2u0zd/public_html/cgi-bin HTTP/1.1" 200 2644 "-" "Mozilla/5.0 (compatible; DataForSeoBot/1.0; +https://dataforseo.com/dataforseo-bot)" 167 **0/167767**
136.243.228.194 - - [22/Mar/2026:09:52:58 -0700] "GET /shopdetail/2253305261.phtml?fileloc=/home/nhqyemt2u0zd/public_html/wp-config-sample.php&path=/home/nhqyemt2u0zd/public_html HTTP/1.1" 200 3447 "-" "Mozilla/5.0 (compatible; DataForSeoBot/1.0; +https://dataforseo.com/dataforseo-bot)" 189 **0/189898**
136.243.228.194 - - [22/Mar/2026:09:53:07 -0700] "GET /shopdetail/2253305261.phtml?fileloc=/home/nhqyemt2u0zd/public_html/license.txt&path=/home/nhqyemt2u0zd/public_html HTTP/1.1" 200 9315 "-" "Mozilla/5.0 (compatible; DataForSeoBot/1.0; +https://dataforseo.com/dataforseo-bot)" 184 **0/184146**
136.243.228.194 - - [22/Mar/2026:09:53:20 -0700] "GET /shopdetail/2253305261.phtml?fileloc=/home/nhqyemt2u0zd/public_html/wp-trackback.php&path=/home/nhqyemt2u0zd/public_html HTTP/1.1" 200 4004 "-" "Mozilla/5.0 (compatible; DataForSeoBot/1.0; +https://dataforseo.com/dataforseo-bot)" 182 **0/182719**
136.243.228.194 - - [22/Mar/2026:09:53:29 -0700] "GET /shopdetail/2253305261.phtml?path=/home/nhqyemt2u0zd/public_html/LMrFPcNYgS HTTP/1.1" 200 2757 "-" "Mozilla/5.0 (compatible; DataForSeoBot/1.0; +https://dataforseo.com/dataforseo-bot)" 211 **0/211223**
136.243.228.194 - - [22/Mar/2026:09:53:38 -0700] "GET /shopdetail/2253305261.phtml?path=/home/nhqyemt2u0zd/public_html/VbvyEGHh HTTP/1.1" 200 2620 "-" "Mozilla/5.0 (compatible; DataForSeoBot/1.0; +https://dataforseo.com/dataforseo-bot)" 164 **0/164718**
136.243.228.194 - - [22/Mar/2026:09:53:51 -0700] "GET /shopdetail/2253305261.phtml?fileloc=/home/nhqyemt2u0zd/public_html/wp-comments-post.php&path=/home/nhqyemt2u0zd/public_html HTTP/1.1" 200 3273 "-" "Mozilla/5.0 (compatible; DataForSeoBot/1.0; +https://dataforseo.com/dataforseo-bot)" 180 **0/180259**
136.243.228.194 - - [22/Mar/2026:09:53:59 -0700] "GET /shopdetail/2253305261.phtml?fileloc=/home/nhqyemt2u0zd/public_html/wp-config.php&path=/home/nhqyemt2u0zd/public_html HTTP/1.1" 200 3972 "-" "Mozilla/5.0 (compatible; DataForSeoBot/1.0; +https://dataforseo.com/dataforseo-bot)" 169 **0/169402**
136.243.228.194 - - [22/Mar/2026:09:54:09 -0700] "GET /shopdetail/2253305261.phtml?fileloc=/home/nhqyemt2u0zd/public_html/wp-activate.php&path=/home/nhqyemt2u0zd/public_html HTTP/1.1" 200 4541 "-" "Mozilla/5.0 (compatible; DataForSeoBot/1.0; +https://dataforseo.com/dataforseo-bot)" 168 **0/168715**
136.243.228.194 - - [22/Mar/2026:09:54:21 -0700] "GET /shopdetail/2253305261.phtml?fileloc=/home/nhqyemt2u0zd/public_html/wp-load.php&path=/home/nhqyemt2u0zd/public_html HTTP/1.1" 200 3736 "-" "Mozilla/5.0 (compatible; DataForSeoBot/1.0; +https://dataforseo.com/dataforseo-bot)" 178 **0/178841**
47.128.37.122 - - [22/Mar/2026:09:54:29 -0700] "GET /kitchen-space-savers-appliances-for-small-rooms/?path=%2Fhome%2Fnhqyemt2u0zd%2Fpublic_html%2FfuMKCvLJHmEs HTTP/2.0" 403 3499 "-" "Mozilla/5.0 (Linux; Android 5.0) AppleWebKit/537.36 (KHTML, like Gecko) Mobile Safari/537.36 (compatible; Bytespider; spider-feedback@bytedance.com)" 174 **0/174716**
136.243.228.194 - - [22/Mar/2026:09:54:30 -0700] "GET /shopdetail/2253305261.phtml?path=/home/nhqyemt2u0zd/public_html/.quarantine HTTP/1.1" 200 2578 "-" "Mozilla/5.0 (compatible; DataForSeoBot/1.0; +https://dataforseo.com/dataforseo-bot)" 179 **0/179962**
136.243.228.194 - - [22/Mar/2026:09:54:39 -0700] "GET /shopdetail/2253305261.phtml?path=/home/nhqyemt2u0zd/public_html/wp-includes HTTP/1.1" 200 8180 "-" "Mozilla/5.0 (compatible; DataForSeoBot/1.0; +https://dataforseo.com/dataforseo-bot)" 179 **0/179451**
47.128.37.125 - - [22/Mar/2026:09:54:47 -0700] "GET /kitchen-space-savers-appliances-for-small-rooms/?path=%2Fhome%2Fnhqyemt2u0zd%2Fpublic_html%2FVbvyEGHh HTTP/2.0" 403 3499 "-" "Mozilla/5.0 (Linux; Android 5.0) AppleWebKit/537.36 (KHTML, like Gecko) Mobile Safari/537.36 (compatible; Bytespider; spider-feedback@bytedance.com)" 164 **0/164979**
136.243.228.194 - - [22/Mar/2026:09:54:52 -0700] "GET /shopdetail/2253305261.phtml?path=/home/nhqyemt2u0zd/public_html/.tmb HTTP/1.1" 200 2730 "-" "Mozilla/5.0 (compatible; DataForSeoBot/1.0; +https://dataforseo.com/dataforseo-bot)" 191 **0/191485**
136.243.228.194 - - [22/Mar/2026:09:55:02 -0700] "GET /shopdetail/2253305261.phtml?path=/home/nhqyemt2u0zd/public_html/YBWHzyFleXt HTTP/1.1" 200 2716 "-" "Mozilla/5.0 (compatible; DataForSeoBot/1.0; +https://dataforseo.com/dataforseo-bot)" 222 **0/222644**
136.243.228.194 - - [22/Mar/2026:09:55:11 -0700] "GET /shopdetail/2253305261.phtml?path=/home/nhqyemt2u0zd/public_html HTTP/1.1" 200 3499 "-" "Mozilla/5.0 (compatible; DataForSeoBot/1.0; +https://dataforseo.com/dataforseo-bot)" 208 **0/208766**
136.243.228.194 - - [22/Mar/2026:09:55:21 -0700] "GET /shopdetail/2253305261.phtml?fileloc=/home/nhqyemt2u0zd/public_html/error_log&path=/home/nhqyemt2u0zd/public_html HTTP/1.1" 200 18473 "-" "Mozilla/5.0 (compatible; DataForSeoBot/1.0; +https://dataforseo.com/dataforseo-bot)" 324 **0/324427**
107.152.46.79 - - [22/Mar/2026:09:55:28 -0700] "GET /bedste-online-casinoer-uden-mitid-spil-sikkert-og/ HTTP/1.1" 200 3499 "https://customcabinetsmass.com/" "Mozilla/5.0 (Macintosh; Intel Mac OS X 12_5) AppleWebKit/537.36 (KHTML, like Gecko) Chrome/114.0.0.0 Safari/537.36" 198 **0/198702**
107.152.46.79 - - [22/Mar/2026:09:55:29 -0700] "GET /bedste-online-casinoer-uden-mitid-spil-sikkert-og/?fileloc=/home/nhqyemt2u0zd/public_html/wp-config-sample.php&path=/home/nhqyemt2u0zd/public_html HTTP/1.1" 200 3447 "https://customcabinetsmass.com/bedste-online-casinoer-uden-mitid-spil-sikkert-og/" "Mozilla/5.0 (Macintosh; Intel Mac OS X 12_5) AppleWebKit/537.36 (KHTML, like Gecko) Chrome/114.0.0.0 Safari/537.36" 167 **0/167719**
136.243.228.194 - - [22/Mar/2026:09:55:30 -0700] "GET /shopdetail/2253305261.phtml?path=/home/nhqyemt2u0zd/public_html/wp-content HTTP/1.1" 200 2977 "-" "Mozilla/5.0 (compatible; DataForSeoBot/1.0; +https://dataforseo.com/dataforseo-bot)" 189 **0/189584**
185.247.137.172 - - [22/Mar/2026:09:55:31 -0700] "GET / HTTP/1.1" 200 12360 "http://cpanel.customcabinetsmass.com" "Mozilla/5.0 (compatible; InternetMeasurement/1.0; +https://internet-measurement.com/)" 100 **0/100134**
185.247.137.165 - - [22/Mar/2026:09:55:32 -0700] "GET /favicon.ico HTTP/2.0" 200 12361 "-" "Mozilla/5.0 (compatible; InternetMeasurement/1.0; +https://internet-measurement.com/)" 103 **0/103864**
136.243.228.194 - - [22/Mar/2026:09:55:40 -0700] "GET /shopdetail/2253305261.phtml?fileloc=/home/nhqyemt2u0zd/public_html/index.php&path=/home/nhqyemt2u0zd/public_html HTTP/1.1" 200 11430 "-" "Mozilla/5.0 (compatible; DataForSeoBot/1.0; +https://dataforseo.com/dataforseo-bot)" 180 **0/180703**
136.243.228.194 - - [22/Mar/2026:09:55:54 -0700] "GET /shopdetail/2253305261.phtml?fileloc=/home/nhqyemt2u0zd/public_html/robots.txt&path=/home/nhqyemt2u0zd/public_html HTTP/1.1" 200 2307 "-" "Mozilla/5.0 (compatible; DataForSeoBot/1.0; +https://dataforseo.com/dataforseo-bot)" 184 **0/184813**
136.243.228.194 - - [22/Mar/2026:09:56:02 -0700] "GET /shopdetail/2253305261.phtml?path=/home/nhqyemt2u0zd HTTP/1.1" 200 3581 "-" "Mozilla/5.0 (compatible; DataForSeoBot/1.0; +https://dataforseo.com/dataforseo-bot)" 199 **0/199961**
136.243.228.194 - - [22/Mar/2026:09:56:12 -0700] "GET /shopdetail/2253305261.phtml?fileloc=/home/nhqyemt2u0zd/public_html/wp-links-opml.php&path=/home/nhqyemt2u0zd/public_html HTTP/1.1" 200 3334 "-" "Mozilla/5.0 (compatible; DataForSeoBot/1.0; +https://dataforseo.com/dataforseo-bot)" 214 **0/214049**
136.243.228.194 - - [22/Mar/2026:09:56:25 -0700] "GET /shopdetail/2253305261.phtml?path=/home/nhqyemt2u0zd/public_html/images HTTP/1.1" 200 2687 "-" "Mozilla/5.0 (compatible; DataForSeoBot/1.0; +https://dataforseo.com/dataforseo-bot)" 179 **0/179272**
136.243.228.194 - - [22/Mar/2026:09:56:34 -0700] "GET /shopdetail/2253305261.phtml?path=/ HTTP/1.1" 200 2903 "-" "Mozilla/5.0 (compatible; DataForSeoBot/1.0; +https://dataforseo.com/dataforseo-bot)" 373 **0/373760**
136.243.228.194 - - [22/Mar/2026:09:56:44 -0700] "GET /shopdetail/2253305261.phtml?path=/home/nhqyemt2u0zd/public_html/wp-admin HTTP/1.1" 200 5115 "-" "Mozilla/5.0 (compatible; DataForSeoBot/1.0; +https://dataforseo.com/dataforseo-bot)" 192 **0/192379**
136.243.228.194 - - [22/Mar/2026:09:56:57 -0700] "GET /shopdetail/2253305261.phtml?fileloc=/home/nhqyemt2u0zd/public_html/wp-login.php&path=/home/nhqyemt2u0zd/public_html HTTP/1.1" 200 12647 "-" "Mozilla/5.0 (compatible; DataForSeoBot/1.0; +https://dataforseo.com/dataforseo-bot)" 185 **0/185881**
136.243.228.194 - - [22/Mar/2026:09:57:06 -0700] "GET /shopdetail/2253305261.phtml?fileloc=/home/nhqyemt2u0zd/public_html/txets.php&path=/home/nhqyemt2u0zd/public_html HTTP/1.1" 200 2296 "-" "Mozilla/5.0 (compatible; DataForSeoBot/1.0; +https://dataforseo.com/dataforseo-bot)" 173 **0/173137**
136.243.228.194 - - [22/Mar/2026:09:57:14 -0700] "GET /shopdetail/2253305261.phtml?path=/home/nhqyemt2u0zd/public_html/cgi-bin HTTP/1.1" 200 2644 "-" "Mozilla/5.0 (compatible; DataForSeoBot/1.0; +https://dataforseo.com/dataforseo-bot)" 171 **0/171410**
136.243.228.194 - - [22/Mar/2026:09:57:29 -0700] "GET /shopdetail/2253305261.phtml?fileloc=/home/nhqyemt2u0zd/public_html/.htaccess&path=/home/nhqyemt2u0zd/public_html HTTP/1.1" 200 3031 "-" "Mozilla/5.0 (compatible; DataForSeoBot/1.0; +https://dataforseo.com/dataforseo-bot)" 175 **0/175434**
136.243.228.194 - - [22/Mar/2026:09:57:38 -0700] "GET /shopdetail/2253305261.phtml?fileloc=/home/nhqyemt2u0zd/public_html/wp-blog-header.php&path=/home/nhqyemt2u0zd/public_html HTTP/1.1" 200 2567 "-" "Mozilla/5.0 (compatible; DataForSeoBot/1.0; +https://dataforseo.com/dataforseo-bot)" 175 **0/175434**
136.243.228.194 - - [22/Mar/2026:09:57:47 -0700] "GET /shopdetail/2253305261.phtml?fileloc=/home/nhqyemt2u0zd/public_html/xmlrpc.php&path=/home/nhqyemt2u0zd/public_html HTTP/1.1" 200 3569 "-" "Mozilla/5.0 (compatible; DataForSeoBot/1.0; +https://dataforseo.com/dataforseo-bot)" 190 **0/190254**
136.243.228.194 - - [22/Mar/2026:09:57:59 -0700] "GET /shopdetail/2253305261.phtml?fileloc=/home/nhqyemt2u0zd/public_html/wp-mail.php&path=/home/nhqyemt2u0zd/public_html HTTP/1.1" 200 5093 "-" "Mozilla/5.0 (compatible; DataForSeoBot/1.0; +https://dataforseo.com/dataforseo-bot)" 191 **0/191446**
136.243.228.194 - - [22/Mar/2026:09:58:07 -0700] "GET /shopdetail/2253305261.phtml?path=/home HTTP/1.1" 200 2528 "-" "Mozilla/5.0 (compatible; DataForSeoBot/1.0; +https://dataforseo.com/dataforseo-bot)" 167 **0/167345**
69.165.67.147 - - [22/Mar/2026:09:58:10 -0700] "GET /index.php?rest_route=/wp/v2/posts&per_page=100&_fields=id%2Ccomment_status&page=1 HTTP/1.1" 200 4002 "https://customcabinetsmass.com" "Mozilla/5.0 (Windows NT 10.0; Win64; x64) AppleWebKit/537.36 (KHTML, like Gecko) Chrome/135.0.0.0 Safari/537.36" 174 **0/174274**
136.243.228.194 - - [22/Mar/2026:09:58:16 -0700] "GET /shopdetail/2253305261.phtml?fileloc=/home/nhqyemt2u0zd/public_html/wp-signup.php&path=/home/nhqyemt2u0zd/public_html HTTP/1.1" 200 9352 "-" "Mozilla/5.0 (compatible; DataForSeoBot/1.0; +https://dataforseo.com/dataforseo-bot)" 179 **0/179755**
136.243.228.194 - - [22/Mar/2026:09:58:30 -0700] "GET /shopdetail/2253305261.phtml?fileloc=/home/nhqyemt2u0zd/public_html/wp-cron.php&path=/home/nhqyemt2u0zd/public_html HTTP/1.1" 200 3863 "-" "Mozilla/5.0 (compatible; DataForSeoBot/1.0; +https://dataforseo.com/dataforseo-bot)" 184 **0/184561**
47.128.37.180 - - [22/Mar/2026:09:58:31 -0700] "GET /prices-have-been-accurate-at-the-time-of-publication-but-might/?path=%2Fhome%2Fnhqyemt2u0zd%2Fpublic_html%2Fcgi-bin HTTP/2.0" 403 3499 "-" "Mozilla/5.0 (Linux; Android 5.0) AppleWebKit/537.36 (KHTML, like Gecko) Mobile Safari/537.36 (compatible; Bytespider; spider-feedback@bytedance.com)" 170 **0/170306**
136.243.228.194 - - [22/Mar/2026:09:58:38 -0700] "GET /shopdetail/2253305261.phtml?fileloc=/home/nhqyemt2u0zd/public_html/wp-settings.php&path=/home/nhqyemt2u0zd/public_html HTTP/1.1" 200 6659 "-" "Mozilla/5.0 (compatible; DataForSeoBot/1.0; +https://dataforseo.com/dataforseo-bot)" 187 **0/187339**
136.243.228.194 - - [22/Mar/2026:09:58:47 -0700] "GET /shopdetail/2253305261.phtml?path=/home/nhqyemt2u0zd/public_html/fuMKCvLJHmEs HTTP/1.1" 200 2749 "-" "Mozilla/5.0 (compatible; DataForSeoBot/1.0; +https://dataforseo.com/dataforseo-bot)" 177 **0/177062**
47.128.37.183 - - [22/Mar/2026:09:58:48 -0700] "GET /category/dollycasinodeutschland-com/?fileloc=%2Fhome%2Fnhqyemt2u0zd%2Fpublic_html%2Fwp-activate.php&path=%2Fhome%2Fnhqyemt2u0zd%2Fpublic_html HTTP/2.0" 403 3499 "-" "Mozilla/5.0 (Linux; Android 5.0) AppleWebKit/537.36 (KHTML, like Gecko) Mobile Safari/537.36 (compatible; Bytespider; spider-feedback@bytedance.com)" 227 **0/227225**
136.243.228.194 - - [22/Mar/2026:09:59:00 -0700] "GET /shopdetail/2965804511.phtml?fileloc=/home/nhqyemt2u0zd/public_html/wp-config.php&path=/home/nhqyemt2u0zd/public_html HTTP/1.1" 200 3972 "-" "Mozilla/5.0 (compatible; DataForSeoBot/1.0; +https://dataforseo.com/dataforseo-bot)" 179 **0/179020**
136.243.228.194 - - [22/Mar/2026:09:59:09 -0700] "GET /shopdetail/2965804511.phtml?fileloc=/home/nhqyemt2u0zd/public_html/xmlrpc.php&path=/home/nhqyemt2u0zd/public_html HTTP/1.1" 200 3569 "-" "Mozilla/5.0 (compatible; DataForSeoBot/1.0; +https://dataforseo.com/dataforseo-bot)" 167 **0/167655**
136.243.228.194 - - [22/Mar/2026:09:59:19 -0700] "GET /shopdetail/2965804511.phtml?fileloc=/home/nhqyemt2u0zd/public_html/license.txt&path=/home/nhqyemt2u0zd/public_html HTTP/1.1" 200 9315 "-" "Mozilla/5.0 (compatible; DataForSeoBot/1.0; +https://dataforseo.com/dataforseo-bot)" 174 **0/174009**
136.243.228.194 - - [22/Mar/2026:09:59:31 -0700] "GET /shopdetail/2965804511.phtml?path=/home/nhqyemt2u0zd/public_html/images HTTP/1.1" 200 2687 "-" "Mozilla/5.0 (compatible; DataForSeoBot/1.0; +https://dataforseo.com/dataforseo-bot)" 164 **0/164077**
136.243.228.194 - - [22/Mar/2026:09:59:39 -0700] "GET /shopdetail/2965804511.phtml?path=/home/nhqyemt2u0zd/public_html/wp-admin HTTP/1.1" 200 5115 "-" "Mozilla/5.0 (compatible; DataForSeoBot/1.0; +https://dataforseo.com/dataforseo-bot)" 168 **0/168282**
136.243.228.194 - - [22/Mar/2026:09:59:48 -0700] "GET /shopdetail/2965804511.phtml?path=/home/nhqyemt2u0zd/public_html/.quarantine HTTP/1.1" 200 2578 "-" "Mozilla/5.0 (compatible; DataForSeoBot/1.0; +https://dataforseo.com/dataforseo-bot)" 171 **0/171866**
136.243.228.194 - - [22/Mar/2026:10:00:01 -0700] "GET /shopdetail/2965804511.phtml?fileloc=/home/nhqyemt2u0zd/public_html/.htaccess&path=/home/nhqyemt2u0zd/public_html HTTP/1.1" 200 3031 "-" "Mozilla/5.0 (compatible; DataForSeoBot/1.0; +https://dataforseo.com/dataforseo-bot)" 404 **0/404790**
136.243.228.194 - - [22/Mar/2026:10:00:11 -0700] "GET /shopdetail/2965804511.phtml?fileloc=/home/nhqyemt2u0zd/public_html/error_log&path=/home/nhqyemt2u0zd/public_html HTTP/1.1" 200 18473 "-" "Mozilla/5.0 (compatible; DataForSeoBot/1.0; +https://dataforseo.com/dataforseo-bot)" 299 **0/299376**
136.243.228.194 - - [22/Mar/2026:10:00:20 -0700] "GET /shopdetail/2965804511.phtml?fileloc=/home/nhqyemt2u0zd/public_html/wp-activate.php&path=/home/nhqyemt2u0zd/public_html HTTP/1.1" 200 4541 "-" "Mozilla/5.0 (compatible; DataForSeoBot/1.0; +https://dataforseo.com/dataforseo-bot)" 203 **0/203311**
136.243.228.194 - - [22/Mar/2026:10:00:34 -0700] "GET /shopdetail/2965804511.phtml?path=/home/nhqyemt2u0zd/public_html/wp-content HTTP/1.1" 200 2977 "-" "Mozilla/5.0 (compatible; DataForSeoBot/1.0; +https://dataforseo.com/dataforseo-bot)" 166 **0/166773**
136.243.228.194 - - [22/Mar/2026:10:00:43 -0700] "GET /shopdetail/2965804511.phtml?fileloc=/home/nhqyemt2u0zd/public_html/wp-load.php&path=/home/nhqyemt2u0zd/public_html HTTP/1.1" 200 3736 "-" "Mozilla/5.0 (compatible; DataForSeoBot/1.0; +https://dataforseo.com/dataforseo-bot)" 176 **0/176674**
136.243.228.194 - - [22/Mar/2026:10:00:52 -0700] "GET /shopdetail/2965804511.phtml?path=/home/nhqyemt2u0zd/public_html HTTP/1.1" 200 3499 "-" "Mozilla/5.0 (compatible; DataForSeoBot/1.0; +https://dataforseo.com/dataforseo-bot)" 178 **0/178496**
136.243.228.194 - - [22/Mar/2026:10:01:04 -0700] "GET /shopdetail/2965804511.phtml?path=/home/nhqyemt2u0zd/public_html/.tmb HTTP/1.1" 200 2730 "-" "Mozilla/5.0 (compatible; DataForSeoBot/1.0; +https://dataforseo.com/dataforseo-bot)" 171 **0/171874**
136.243.228.194 - - [22/Mar/2026:10:01:14 -0700] "GET /shopdetail/2965804511.phtml?path=/home/nhqyemt2u0zd/public_html/fuMKCvLJHmEs HTTP/1.1" 200 2749 "-" "Mozilla/5.0 (compatible; DataForSeoBot/1.0; +https://dataforseo.com/dataforseo-bot)" 152 **0/152471**
136.243.228.194 - - [22/Mar/2026:10:01:23 -0700] "GET /shopdetail/2965804511.phtml?fileloc=/home/nhqyemt2u0zd/public_html/wp-blog-header.php&path=/home/nhqyemt2u0zd/public_html HTTP/1.1" 200 2567 "-" "Mozilla/5.0 (compatible; DataForSeoBot/1.0; +https://dataforseo.com/dataforseo-bot)" 146 **0/146850**
136.243.228.194 - - [22/Mar/2026:10:01:38 -0700] "GET /shopdetail/2965804511.phtml?fileloc=/home/nhqyemt2u0zd/public_html/wp-signup.php&path=/home/nhqyemt2u0zd/public_html HTTP/1.1" 200 9352 "-" "Mozilla/5.0 (compatible; DataForSeoBot/1.0; +https://dataforseo.com/dataforseo-bot)" 171 **0/171280**
136.243.228.194 - - [22/Mar/2026:10:01:47 -0700] "GET /shopdetail/2965804511.phtml?fileloc=/home/nhqyemt2u0zd/public_html/wp-config-sample.php&path=/home/nhqyemt2u0zd/public_html HTTP/1.1" 200 3447 "-" "Mozilla/5.0 (compatible; DataForSeoBot/1.0; +https://dataforseo.com/dataforseo-bot)" 150 **0/150298**
136.243.228.194 - - [22/Mar/2026:10:01:56 -0700] "GET /shopdetail/2965804511.phtml?path=/home/nhqyemt2u0zd/public_html/VbvyEGHh HTTP/1.1" 200 2620 "-" "Mozilla/5.0 (compatible; DataForSeoBot/1.0; +https://dataforseo.com/dataforseo-bot)" 160 **0/160854**
136.243.228.194 - - [22/Mar/2026:10:02:08 -0700] "GET /shopdetail/2965804511.phtml?fileloc=/home/nhqyemt2u0zd/public_html/wp-settings.php&path=/home/nhqyemt2u0zd/public_html HTTP/1.1" 200 6659 "-" "Mozilla/5.0 (compatible; DataForSeoBot/1.0; +https://dataforseo.com/dataforseo-bot)" 172 **0/172490**
136.243.228.194 - - [22/Mar/2026:10:02:18 -0700] "GET /shopdetail/2965804511.phtml?fileloc=/home/nhqyemt2u0zd/public_html/robots.txt&path=/home/nhqyemt2u0zd/public_html HTTP/1.1" 200 2307 "-" "Mozilla/5.0 (compatible; DataForSeoBot/1.0; +https://dataforseo.com/dataforseo-bot)" 160 **0/160990**
136.243.228.194 - - [22/Mar/2026:10:02:26 -0700] "GET /shopdetail/2965804511.phtml?fileloc=/home/nhqyemt2u0zd/public_html/wp-login.php&path=/home/nhqyemt2u0zd/public_html HTTP/1.1" 200 12647 "-" "Mozilla/5.0 (compatible; DataForSeoBot/1.0; +https://dataforseo.com/dataforseo-bot)" 185 **0/185198**
136.243.228.194 - - [22/Mar/2026:10:02:39 -0700] "GET /shopdetail/2965804511.phtml?fileloc=/home/nhqyemt2u0zd/public_html/index.php&path=/home/nhqyemt2u0zd/public_html HTTP/1.1" 200 11430 "-" "Mozilla/5.0 (compatible; DataForSeoBot/1.0; +https://dataforseo.com/dataforseo-bot)" 174 **0/174777**
136.243.228.194 - - [22/Mar/2026:10:02:47 -0700] "GET /shopdetail/2965804511.phtml?path=/home/nhqyemt2u0zd HTTP/1.1" 200 3581 "-" "Mozilla/5.0 (compatible; DataForSeoBot/1.0; +https://dataforseo.com/dataforseo-bot)" 169 **0/169295**
136.243.228.194 - - [22/Mar/2026:10:02:58 -0700] "GET /shopdetail/2965804511.phtml?fileloc=/home/nhqyemt2u0zd/public_html/wp-comments-post.php&path=/home/nhqyemt2u0zd/public_html HTTP/1.1" 200 3273 "-" "Mozilla/5.0 (compatible; DataForSeoBot/1.0; +https://dataforseo.com/dataforseo-bot)" 155 **0/155593**
136.243.228.194 - - [22/Mar/2026:10:03:09 -0700] "GET /shopdetail/2965804511.phtml?path=/home HTTP/1.1" 200 2528 "-" "Mozilla/5.0 (compatible; DataForSeoBot/1.0; +https://dataforseo.com/dataforseo-bot)" 157 **0/157741**
136.243.228.194 - - [22/Mar/2026:10:03:19 -0700] "GET /shopdetail/2965804511.phtml?path=/home/nhqyemt2u0zd/public_html/wp-includes HTTP/1.1" 200 8180 "-" "Mozilla/5.0 (compatible; DataForSeoBot/1.0; +https://dataforseo.com/dataforseo-bot)" 188 **0/188175**
136.243.228.194 - - [22/Mar/2026:10:03:28 -0700] "GET /shopdetail/2965804511.phtml?path=/home/nhqyemt2u0zd/public_html/YBWHzyFleXt HTTP/1.1" 200 2716 "-" "Mozilla/5.0 (compatible; DataForSeoBot/1.0; +https://dataforseo.com/dataforseo-bot)" 170 **0/170413**
45.227.253.15 - - [22/Mar/2026:10:03:10 -0700] "GET /wp-content/plugins/wp-form-new-v-2026/wp-form-new-v-2026/index.php?ARRAY=7o2230223n313737343230333035342p2231223n22687474703n5p2s5p2s7n733834347631332r6361746561722r626573745p2s3s6p633q7068705s636s64655s6n6326743q313737343139393435342q6634363966653337326265316361383032386438336638373262636466623563222p2232223n223931366436643032386636653834306137336530373033643336313038336161222p2233223n223939323535386535633437393732656635333134396630376136326632646363222p2262696r675s70617373223n2231382q35302q36302q36332q37382q38352q3134227q HTTP/1.1" 200 52 "-" "Mozilla/5.0 (iPhone; CPU iPhone OS 10_3 like Mac OS X) AppleWebKit/605.1.15 (KHTML, like Gecko) Version/10.0.4 Mobile/15E148 Safari/604.1" 20474 **20/20474852**
136.243.228.194 - - [22/Mar/2026:10:03:40 -0700] "GET /shopdetail/2965804511.phtml?fileloc=/home/nhqyemt2u0zd/public_html/txets.php&path=/home/nhqyemt2u0zd/public_html HTTP/1.1" 200 2296 "-" "Mozilla/5.0 (compatible; DataForSeoBot/1.0; +https://dataforseo.com/dataforseo-bot)" 154 **0/154722**
